298
CXUS51 KBUF 300905
CF6ROC
PRELIMINARY LOCAL CLIMATOLOGICAL DATA (WS FORM: F-6)

                                          STATION:   ROCHESTER NY
                                          MONTH:     NOVEMBER
                                          YEAR:      2020
                                          LATITUDE:   43  7 N
                                          LONGITUDE:  77 40 W

  TEMPERATURE IN F:       :PCPN:    SNOW:  WIND      :SUNSHINE: SKY     :PK WND
================================================================================
1   2   3   4   5  6A  6B    7    8   9   10  11  12  13   14  15   16   17  18
                                     12Z  AVG MX 2MIN
DY MAX MIN AVG DEP HDD CDD  WTR  SNW DPTH SPD SPD DIR MIN PSBL S-S WX    SPD DR
================================================================================

 1  51  33  42  -4  23   0 0.13    T    0 15.7 30 300   M    M   7 158    39 280
 2  46  30  38  -7  27   0 0.02  0.2    T 19.2 37 270   M    M   9 15     54 270
 3  45  33  39  -6  26   0    T    T    0 10.0 29 270   M    M   9        37 280
 4  71  30  51   7  14   0 0.00  0.0    0 12.4 21 220   M    M   1        26 220
 5  68  55  62  18   3   0 0.00  0.0    0 11.6 18 220   M    M   5        25 220
 6  70  50  60  16   5   0 0.00  0.0    0 11.2 25 260   M    M   3 8      33 280
 7  71  46  59  15   6   0 0.00  0.0    0  9.3 21 260   M    M   2        26 260
 8  73  42  58  15   7   0 0.00  0.0    0  4.5 10 220   M    M   1        12 250
 9  77  44  61  18   4   0 0.00  0.0    0  5.3 10 190   M    M   1 8      13 190
10  78  48  63  21   2   0 0.00  0.0    0  7.9 18 220   M    M   1        24 220
11  67  43  55  13  10   0 0.28  0.0    0 12.8 24 270   M    M   9 1      31 270
12  48  31  40  -2  25   0 0.00  0.0    0  4.3 12  40   M    M   6        15  40
13  50  28  39  -3  26   0 0.01  0.0    0  7.9 21 290   M    M   8        27 290
14  45  34  40  -1  25   0 0.00  0.0    0  8.1 15 280   M    M   8        20 310
15  55  35  45   4  20   0 0.32  0.0    0 20.2 43 250   M    M  10 1      57 250
16  42  33  38  -2  27   0 0.07    T    0 13.8 31 250   M    M   9        39 240
17  38  27  33  -7  32   0 0.12  0.5    0 12.5 28 300   M    M   9 1      37 310
18  31  24  28 -12  37   0    T  0.1    T  7.4 23 350   M    M  10        29 350
19  61  29  45   6  20   0 0.00  0.0    0 13.4 25 250   M    M   7        37 250
20  64  48  56  17   9   0 0.00  0.0    0 13.8 29 260   M    M   6        38 280
21  48  38  43   4  22   0 0.00  0.0    0  7.9 16 330   M    M  10        22 340
22  48  31  40   2  25   0 0.07    T    0  7.0 20 190   M    M  10 1      26 170
23  44  35  40   2  25   0 0.01    T    0 13.3 25 280   M    M   9 1      32 300
24  38  31  35  -3  30   0 0.01  0.1    0  8.9 16 300   M    M   9 1      21 290
25  51  32  42   5  23   0 0.20  0.3    0  8.0 15 190   M    M  10 1      21 200
26  55  46  51  14  14   0 0.05  0.0    0 11.6 24 260   M    M   8 1      30 260
27  49  43  46  10  19   0    T  0.0    0  6.0 14 270   M    M  10        17 280
28  45  34  40   4  25   0    T  0.0    0 10.6 20 250   M    M   8        25 270
29  54  34  44   8  21   0 0.00  0.0    0  8.4 20 250   M    M   4        25 260
================================================================================
SM 1583 1067       552   0  1.29     1.2 303.0          M      199
================================================================================
AV 54.6 36.8                              10.4 FASTST   M    M   7    MAX(MPH)
                                 MISC ---->  # 43 250               # 57  250
================================================================================
NOTES:
# LAST OF SEVERAL OCCURRENCES

COLUMN 17 PEAK WIND IN M.P.H.

PRELIMINARY LOCAL CLIMATOLOGICAL DATA (WS FORM: F-6) , PAGE 2

                                          STATION:  ROCHESTER NY
                                          MONTH:    NOVEMBER
                                          YEAR:     2020
                                          LATITUDE:   43  7 N
                                          LONGITUDE:  77 40 W

[TEMPERATURE DATA]      [PRECIPITATION DATA]       SYMBOLS USED IN COLUMN 16

AVERAGE MONTHLY: 45.7   TOTAL FOR MONTH:   1.29    1 = FOG OR MIST
DPTR FM NORMAL:   5.0   DPTR FM NORMAL:   -1.55    2 = FOG REDUCING VISIBILITY
HIGHEST:    78 ON 10    GRTST 24HR  0.32 ON 15-15      TO 1/4 MILE OR LESS
LOWEST:     24 ON 18                               3 = THUNDER
                        SNOW, ICE PELLETS, HAIL    4 = ICE PELLETS
                        TOTAL MONTH:   1.2 INCHES  5 = HAIL
                        GRTST 24HR   0.5 ON 17-17  6 = FREEZING RAIN OR DRIZZLE
                        GRTST DEPTH:   0           7 = DUSTSTORM OR SANDSTORM:
                                                       VSBY 1/2 MILE OR LESS
                                                   8 = SMOKE OR HAZE
[NO. OF DAYS WITH]      [WEATHER - DAYS WITH]      9 = BLOWING SNOW
                                                   X = TORNADO
MAX 32 OR BELOW:   1    0.01 INCH OR MORE:  12
MAX 90 OR ABOVE:   0    0.10 INCH OR MORE:   5
MIN 32 OR BELOW:  10    0.50 INCH OR MORE:   0
MIN  0 OR BELOW:   0    1.00 INCH OR MORE:   0

[HDD (BASE 65) ]
TOTAL THIS MO.   552    CLEAR  (SCALE 0-3)   6
DPTR FM NORMAL  -153    PTCLDY (SCALE 4-7)  10
TOTAL FM JUL 1  1126    CLOUDY (SCALE 8-10) 13
DPTR FM NORMAL  -212

[CDD (BASE 65) ]
TOTAL THIS MO.     0
DPTR FM NORMAL     0    [PRESSURE DATA]
TOTAL FM JAN 1   797    HIGHEST SLP M ON M
DPTR FM NORMAL   258    LOWEST  SLP 29.35 ON 15

[REMARKS]
