000
CXUS54 KLZK 301510
CF6RUE
PRELIMINARY LOCAL CLIMATOLOGICAL DATA (WS FORM: F-6)

                                          STATION:   RUSSELLVILLE
                                          MONTH:     NOVEMBER
                                          YEAR:      2020
                                          LATITUDE:   35 15 N
                                          LONGITUDE:  93  6 W

  TEMPERATURE IN F:       :PCPN:    SNOW:  WIND      :SUNSHINE: SKY     :PK WND
================================================================================
1   2   3   4   5  6A  6B    7    8   9   10  11  12  13   14  15   16   17  18
                                     12Z  AVG MX 2MIN
DY MAX MIN AVG DEP HDD CDD  WTR  SNW DPTH SPD SPD DIR MIN PSBL S-S WX    SPD DR
================================================================================

 1  69  37  53  -4  12   0 0.00    M    M  3.9 16 330   M    M   0 1      21 320
 2  61  31  46 -11  19   0 0.00    M    M  1.2  8 180   M    M   0        11 180
 3  74  34  54  -2  11   0 0.00    M    M  0.6  6 170   M    M   0        10 220
 4  74  39  57   1   8   0 0.00    M    M  1.8  9 190   M    M   0 1      13 180
 5  75  44  60   4   5   0 0.00    M    M  1.6  9 200   M    M   0        12 190
 6  74  44  59   4   6   0 0.00    M    M  1.5  8  90   M    M   0 128    14  60
 7  76  45  61   6   4   0 0.00    M    M  1.3  8 100   M    M   2        13 110
 8  69  56  63   9   2   0 0.00    M    M  2.1  8  80   M    M   7        13 100
 9  76  65  71  17   0   6 0.01    M    M  3.2 10 150   M    M   9        17 150
10  79  51  65  11   0   0 0.00    M    M  7.3 23 280   M    M   8        28 290
11  66  39  53   0  12   0 0.00    M    M  2.4  9  10   M    M   0        11  20
12  64  34  49  -4  16   0 0.00    M    M  1.2  9 110   M    M   3        13 110
13  66  42  54   2  11   0 0.00    M    M  3.4  8 110   M    M   5        12 140
14  71  48  60   8   5   0 0.01    M    M  5.3 14 270   M    M   5        22 170
15  71  34  53   1  12   0 0.08    M    M  8.1 32 270   M    M   0        44 270
16  69  30  50  -1  15   0 0.00    M    M  1.5 12 240   M    M   0        16 260
17  68  32  50  -1  15   0 0.00    M    M  1.8  9 100   M    M   0        14  60
18  69  33  51   1  14   0 0.00    M    M  2.7 10 150   M    M   0        14 150
19  73  34  54   4  11   0 0.00    M    M  4.2 16 180   M    M   0        21 180
20  72  47  60  10   5   0 0.00    M    M  3.6 14 190   M    M   8        20 200
21  72  54  63  14   2   0 0.00    M    M  2.3  8 210   M    M   9        12 240
22  66  35  51   2  14   0 0.72    M    M  5.8 16 340   M    M   8        21 300
23  56  31  44  -4  21   0 0.00    M    M  2.6 12 100   M    M   2        16 100
24  58  42  50   2  15   0 0.43    M    M  3.5 10 120   M    M   6 3      16 110
25  59  34  47   0  18   0 0.42    M    M  9.0 28 280   M    M   6 3      36 280
26  60  31  46  -1  19   0    M    M    M  2.5  8  90   M    M   3         M   M
27  63  39  51   5  14   0 0.00    M    M  2.1  9  10   M    M   2        12 360
28  58  29  44  -2  21   0 0.00    M    M  1.6 12  70   M    M   0        16  70
29  48  33  41  -5  24   0 0.31    M    M  6.6 20 320   M    M   7        28 320
================================================================================
SM 1956 1147       331   6  1.98    M     94.7          M       90
================================================================================
AV 67.4 39.6                               3.3 FASTST   M    M   3    MAX(MPH)
                                 MISC ---->    32 270                 44 270
================================================================================
NOTES:
# LAST OF SEVERAL OCCURRENCES

COLUMN 17 PEAK WIND IN M.P.H.

PRELIMINARY LOCAL CLIMATOLOGICAL DATA (WS FORM: F-6) , PAGE 2

                                          STATION:   RUSSELLVILLE
                                          MONTH:     NOVEMBER
                                          YEAR:      2020
                                          LATITUDE:   35 15 N
                                          LONGITUDE:  93  6 W

[TEMPERATURE DATA]      [PRECIPITATION DATA]       SYMBOLS USED IN COLUMN 16

AVERAGE MONTHLY: 53.5   TOTAL FOR MONTH:   1.98    1 = FOG OR MIST
DPTR FM NORMAL:   2.0   DPTR FM NORMAL:   -2.64    2 = FOG REDUCING VISIBILITY
HIGHEST:    79 ON 10    GRTST 24HR  0.85 ON 24-25      TO 1/4 MILE OR LESS
LOWEST:     29 ON 28                               3 = THUNDER
                        SNOW, ICE PELLETS, HAIL    4 = ICE PELLETS
                        TOTAL MONTH:  M            5 = HAIL
                        GRTST 24HR    M  ON   M    6 = FREEZING RAIN OR DRIZZLE
                        GRTST DEPTH:  M  ON   M    7 = DUSTSTORM OR SANDSTORM:
                                                       VSBY 1/2 MILE OR LESS
                                                   8 = SMOKE OR HAZE
[NO. OF DAYS WITH]      [WEATHER - DAYS WITH]      9 = BLOWING SNOW
                                                   X = TORNADO
MAX 32 OR BELOW:   0    0.01 INCH OR MORE:   7
MAX 90 OR ABOVE:   0    0.10 INCH OR MORE:   4
MIN 32 OR BELOW:   6    0.50 INCH OR MORE:   1
MIN  0 OR BELOW:   0    1.00 INCH OR MORE:   0

[HDD (BASE 65) ]
TOTAL THIS MO.   331    CLEAR  (SCALE 0-3)  17
DPTR FM NORMAL   -65    PTCLDY (SCALE 4-7)   9
TOTAL FM JUL 1   539    CLOUDY (SCALE 8-10)  3
DPTR FM NORMAL   -26

[CDD (BASE 65) ]
TOTAL THIS MO.     6
DPTR FM NORMAL     3    [PRESSURE DATA]
TOTAL FM JAN 1  1769    HIGHEST SLP M ON M
DPTR FM NORMAL  -192    LOWEST  SLP 29.64 ON 14

[REMARKS]
