000
CXUS52 KFFC 301110
CF6RYY
PRELIMINARY LOCAL CLIMATOLOGICAL DATA (WS FORM: F-6)

                                          STATION:   MARIETTA
                                          MONTH:     NOVEMBER
                                          YEAR:      2020
                                          LATITUDE:   34  0 N
                                          LONGITUDE:  84 36 W

  TEMPERATURE IN F:       :PCPN:    SNOW:  WIND      :SUNSHINE: SKY     :PK WND
================================================================================
1   2   3   4   5  6A  6B    7    8   9   10  11  12  13   14  15   16   17  18
                                     12Z  AVG MX 2MIN
DY MAX MIN AVG DEP HDD CDD  WTR  SNW DPTH SPD SPD DIR MIN PSBL S-S WX    SPD DR
================================================================================

 1  69  50  60   M   5   0    T    M    M  8.6 16 280   M    M   6 1      31 330
 2  55  37  46   M  19   0 0.00    M    M  7.4 17 340   M    M   0        31 340
 3  63  33  48   M  17   0 0.00    M    M  3.1  9 330   M    M   0         M   M
 4  70  38  54   M  11   0 0.00    M    M  2.7 13 100   M    M   0        17 100
 5  69  41  55   M  10   0 0.00    M    M  2.5  8 130   M    M   0         M   M
 6  76  48  62   M   3   0 0.00    M    M  2.6  8  90   M    M   2         M   M
 7  73  58  66   M   0   1 0.00    M    M  7.8 15 100   M    M   6        23  90
 8  74  63  69   M   0   4 0.00    M    M 10.9 17 100   M    M   6        28 100
 9  77  65  71   M   0   6 0.00    M    M 10.5 14 130   M    M   6        24 120
10  70  65  68   M   0   3 0.04    M    M  9.7 15 100   M    M  10 1      21 110
11  77  68  73   M   0   8 0.03    M    M  2.3  7 270   M    M   9 12      M   M
12  73  59  66   M   0   1 0.00    M    M  6.4  9 310   M    M   7 1      17 310
13  71  54  63   M   2   0 0.00    M    M  4.2  9 310   M    M   4         M   M
14  72  40  56   M   9   0 0.00    M    M  3.8 10 100   M    M   0         M   M
15  71  48  60   M   5   0 0.00    M    M  7.7 18 250   M    M   4        20 300
16  60  40  50   M  15   0 0.00    M    M  5.5 10 300   M    M   0        20 300
17  62  35  49   M  16   0 0.00    M    M  7.3 15 330   M    M   0        28 330
18  62  32  47   M  18   0 0.00    M    M  3.4  8 280   M    M   0         M   M
19  62  36  49   M  16   0 0.00    M    M  5.7 13 110   M    M   0        21  90
20  70  39  55   M  10   0 0.00    M    M  1.3  5  99   M    M   0 8       M   M
21  70  41  56   M   9   0 0.00    M    M  1.7  9 290   M    M   0 1       M   M
22  69  46  58   M   7   0 0.00    M    M  3.1  7 270   M    M   4 1       M   M
23  59  38  49   M  16   0 0.00    M    M  7.4 13 330   M    M   2        22 330
24  61  36  49   M  16   0 0.00    M    M  8.5 14 110   M    M   0        21 110
25  70  48  59   M   6   0 0.00    M    M  7.8 16 100   M    M   8 1      21 100
26  72  48  60   M   5   0 0.00    M    M  3.5  9 210   M    M   5 1      16 210
27  68  40  54   M  11   0 0.00    M    M  1.2  5 290   M    M   1 8       M   M
28  65  48  57   M   8   0 0.00    M    M  3.5  8 260   M    M   3         M   M
29  55  47  51   M  14   0 0.00    M    M  6.8 16 100   M    M   8 1      23 100
================================================================================
SM 1965 1341       248  23  0.07    M    156.9          M       91
================================================================================
AV 67.8 46.2                               5.4 FASTST   M    M   3    MAX(MPH)
                                 MISC ---->    18 250               # 31 330
================================================================================
NOTES:
# LAST OF SEVERAL OCCURRENCES

COLUMN 17 PEAK WIND IN M.P.H.

PRELIMINARY LOCAL CLIMATOLOGICAL DATA (WS FORM: F-6) , PAGE 2

                                          STATION:   MARIETTA
                                          MONTH:     NOVEMBER
                                          YEAR:      2020
                                          LATITUDE:   34  0 N
                                          LONGITUDE:  84 36 W

[TEMPERATURE DATA]      [PRECIPITATION DATA]       SYMBOLS USED IN COLUMN 16

AVERAGE MONTHLY: 57.0   TOTAL FOR MONTH:   0.07    1 = FOG OR MIST
DPTR FM NORMAL:   0.0   DPTR FM NORMAL:    0.07    2 = FOG REDUCING VISIBILITY
HIGHEST:    77 ON 11, 9  GRTST 24HR  0.04 ON 10-10      TO 1/4 MILE OR LESS
LOWEST:     32 ON 18                               3 = THUNDER
                        SNOW, ICE PELLETS, HAIL    4 = ICE PELLETS
                        TOTAL MONTH:  M            5 = HAIL
                        GRTST 24HR    M  ON   M    6 = FREEZING RAIN OR DRIZZLE
                        GRTST DEPTH:  M  ON   M    7 = DUSTSTORM OR SANDSTORM:
                                                       VSBY 1/2 MILE OR LESS
                                                   8 = SMOKE OR HAZE
[NO. OF DAYS WITH]      [WEATHER - DAYS WITH]      9 = BLOWING SNOW
                                                   X = TORNADO
MAX 32 OR BELOW:   0    0.01 INCH OR MORE:   2
MAX 90 OR ABOVE:   0    0.10 INCH OR MORE:   0
MIN 32 OR BELOW:   1    0.50 INCH OR MORE:   0
MIN  0 OR BELOW:   0    1.00 INCH OR MORE:   0

[HDD (BASE 65) ]
TOTAL THIS MO.   248    CLEAR  (SCALE 0-3)  16
DPTR FM NORMAL     M    PTCLDY (SCALE 4-7)  11
TOTAL FM JUL 1   332    CLOUDY (SCALE 8-10)  2
DPTR FM NORMAL     M

[CDD (BASE 65) ]
TOTAL THIS MO.    23
DPTR FM NORMAL     M    [PRESSURE DATA]
TOTAL FM JAN 1  1846    HIGHEST SLP M ON M
DPTR FM NORMAL     M    LOWEST  SLP M ON M

[REMARKS]
