000
CXUS55 KTWC 300855
CF6SAD
PRELIMINARY LOCAL CLIMATOLOGICAL DATA (WS FORM: F-6)

                                          STATION:   SAFFORD AZ AIRPORT
                                          MONTH:     NOVEMBER
                                          YEAR:      2020
                                          LATITUDE:   32 50 N
                                          LONGITUDE: 109 38 W

  TEMPERATURE IN F:       :PCPN:    SNOW:  WIND      :SUNSHINE: SKY     :PK WND
================================================================================
1   2   3   4   5  6A  6B    7    8   9   10  11  12  13   14  15   16   17  18
                                     12Z  AVG MX 2MIN
DY MAX MIN AVG DEP HDD CDD  WTR  SNW DPTH SPD SPD DIR MIN PSBL S-S WX    SPD DR
================================================================================

 1  83  60  72  11   0   7 0.00    M    M 11.1 22 140   M    M   0        29 140
 2  84  57  71  11   0   6 0.00    M    M  9.7 17 160   M    M   0        25 130
 3  83  57  70  10   0   5 0.00    M    M  7.0 16 120   M    M   0        21 130
 4  86  48  67   8   0   2 0.00    M    M  4.2 15 110   M    M   0        21 120
 5  90  53  72  13   0   7 0.00    M    M 10.6 24 130   M    M   0        32 120
 6  86  62  74  15   0   9 0.00  0.0    0  9.6 17  90   M    M   M        26  70
 7  79  57  68  10   0   3    T    M    M 14.2 31 320   M    M   6        44 310
 8  73  43  58   0   7   0 0.00    M    M  9.8 31 310   M    M   1        40 310
 9  57  35  46 -12  19   0 0.00  0.0    0 12.2 25 310   M    M   M        34 310
10  59  27  43 -14  22   0 0.00  0.0    0  3.8 13 290   M    M   M        20 270
11  66  27  47 -10  18   0 0.00  0.0    0  3.8 10 150   M    M   M        14 160
12  67  32  50  -6  15   0 0.00  0.0    0  3.1 10 160   M    M   M        15 160
13  69  38  54  -2  11   0 0.00  0.0    0  4.3  9 350   M    M   M        13 280
14  72  34  53  -3  12   0 0.00  0.0    0  7.8 23 310   M    M   M        30 310
15  75  33  54  -1  11   0 0.00  0.0    0  5.5 15 110   M    M   M        21 120
16  79  47  63   8   2   0 0.00    M    M 10.3 17 110   M    M   0        24 130
17  81  56  69  15   0   4 0.00    M    M  9.0 21 120   M    M   0        27 120
18  84  56  70  16   0   5 0.00    M    M  8.9 17 130   M    M   0        24 130
19  86  48  67  13   0   2 0.00    M    M  5.7 14 130   M    M   0        18 120
20  84  47  66  13   0   1 0.00    M    M  3.2 14 140   M    M   0        17 130
21  78  47  63  10   2   0 0.00    M    M  2.3  9  30   M    M   0        10  30
22  83  45  64  12   1   0 0.00    M    M  7.6 18 110   M    M   0        25 120
23  79  52  66  14   0   1 0.00    M    M  9.8 25 320   M    M   0        36 320
24  67  39  53   1  12   0 0.00    M    M 11.5 22 290   M    M   0        30 270
25  66  29  48  -3  17   0 0.00    M    M  3.8 14 130   M    M   0        18 130
26  70  31  51   0  14   0 0.00    M    M  5.0 10 300   M    M   0         M   M
27  60  33  47  -4  18   0 0.00    M    M  7.2 20 300   M    M   2        27 290
28  60  28  44  -6  21   0 0.00    M    M  3.3 12 150   M    M   0        16 140
29  66  26  46  -4  19   0 0.00    M    M  6.9 16 130   M    M   0        21 120
================================================================================
SM 2172 1247       221  52     T  0.0    211.2          M        9
================================================================================
AV 74.9 43.0                               7.3 FASTST   M    M   0    MAX(MPH)
                                 MISC ---->  # 31 320                 44 310
================================================================================
NOTES:
# LAST OF SEVERAL OCCURRENCES

COLUMN 17 PEAK WIND IN M.P.H.

PRELIMINARY LOCAL CLIMATOLOGICAL DATA (WS FORM: F-6) , PAGE 2

                                          STATION:   SAFFORD AZ AIRPORT
                                          MONTH:     NOVEMBER
                                          YEAR:      2020
                                          LATITUDE:   32 50 N
                                          LONGITUDE: 109 38 W

[TEMPERATURE DATA]      [PRECIPITATION DATA]       SYMBOLS USED IN COLUMN 16

AVERAGE MONTHLY: 58.9   TOTAL FOR MONTH:      T    1 = FOG OR MIST
DPTR FM NORMAL:   3.7   DPTR FM NORMAL:   -0.65    2 = FOG REDUCING VISIBILITY
HIGHEST:    90 ON  5    GRTST 24HR     T ON  7- 7      TO 1/4 MILE OR LESS
LOWEST:     26 ON 29                               3 = THUNDER
                        SNOW, ICE PELLETS, HAIL    4 = ICE PELLETS
                        TOTAL MONTH:   0.0 INCH    5 = HAIL
                        GRTST 24HR  0.0            6 = FREEZING RAIN OR DRIZZLE
                        GRTST DEPTH:  0            7 = DUSTSTORM OR SANDSTORM:
                                                       VSBY 1/2 MILE OR LESS
                                                   8 = SMOKE OR HAZE
[NO. OF DAYS WITH]      [WEATHER - DAYS WITH]      9 = BLOWING SNOW
                                                   X = TORNADO
MAX 32 OR BELOW:   0    0.01 INCH OR MORE:   0
MAX 90 OR ABOVE:   1    0.10 INCH OR MORE:   0
MIN 32 OR BELOW:   7    0.50 INCH OR MORE:   0
MIN  0 OR BELOW:   0    1.00 INCH OR MORE:   0

[HDD (BASE 65) ]
TOTAL THIS MO.   221    CLEAR  (SCALE 0-3)  20
DPTR FM NORMAL   -71    PTCLDY (SCALE 4-7)   1
TOTAL FM JUL 1   283    CLOUDY (SCALE 8-10)  8
DPTR FM NORMAL   -67

[CDD (BASE 65) ]
TOTAL THIS MO.    52
DPTR FM NORMAL    46    [PRESSURE DATA]
TOTAL FM JAN 1  3401    HIGHEST SLP M ON M
DPTR FM NORMAL   790    LOWEST  SLP 29.49 ON  7

[REMARKS]
