000
CXUS53 KIWX 302148
CF6SBN
PRELIMINARY LOCAL CLIMATOLOGICAL DATA (WS FORM: F-6)

                                          STATION:   SOUTH BEND
                                          MONTH:     NOVEMBER
                                          YEAR:      2020
                                          LATITUDE:   41 42 N
                                          LONGITUDE:  86 19 W

  TEMPERATURE IN F:       :PCPN:    SNOW:  WIND      :SUNSHINE: SKY     :PK WND
================================================================================
1   2   3   4   5  6A  6B    7    8   9   10  11  12  13   14  15   16   17  18
                                     12Z  AVG MX 2MIN
DY MAX MIN AVG DEP HDD CDD  WTR  SNW DPTH SPD SPD DIR MIN PSBL S-S WX    SPD DR
================================================================================

 1  53  34  44  -3  21   0 0.02    T    0 18.1 32 320   M    M   9        46 290
 2  49  25  37  -9  28   0    T  0.0    0 12.1 23 220   M    M   1        32 220
 3  68  34  51   5  14   0 0.00  0.0    0  9.8 18 220   M    M   0        25 210
 4  74  49  62  16   3   0    T  0.0    0 14.0 25 210   M    M   0        33 190
 5  68  54  61  16   4   0    T  0.0    0 11.6 18 210   M    M   0        25 210
 6  73  48  61  16   4   0 0.00  0.0    0  9.4 16 230   M    M   0        22 220
 7  72  50  61  16   4   0 0.00  0.0    0  8.3 18 200   M    M   0        24 200
 8  77  45  61  17   4   0 0.00  0.0    0  7.1 17 180   M    M   2        24 190
 9  77  58  68  24   0   3    T  0.0    0  9.9 23 200   M    M   2        33 210
10  75  55  65  22   0   0 0.27  0.0    0 15.8 38 260   M    M   7 13     51 260
11  55  30  43   0  22   0 0.03  0.0    0  8.2 23 290   M    M   6 8      32 290
12  51  29  40  -2  25   0 0.00  0.0    0  4.1 14 120   M    M   1 18     17 120
13  43  23  33  -9  32   0 0.06  0.0    0  7.5 22 310   M    M   7 1      30 320
14  47  22  35  -7  30   0 0.19  0.0    0 12.2 24 160   M    M   4 1      34 150
15  56  37  47   6  18   0 0.26  0.0    0 20.1 35 250   M    M  10 18     49 270
16  45  30  38  -3  27   0 0.00  0.0    0 10.1 21 260   M    M   3        30 250
17  41  25  33  -7  32   0    T    T    0 12.7 25 340   M    M   5        34 320
18  49  27  38  -2  27   0 0.00  0.0    0 10.4 23 180   M    M   4        29 200
19  66  43  55  16  10   0 0.00  0.0    0 20.0 37 220   M    M   0        53 210
20  62  38  50  11  15   0 0.00  0.0    0 12.2 24 220   M    M   2        34 220
21  47  35  41   3  24   0 0.00  0.0    0  3.3  9  20   M    M   0        12  30
22  41  32  37  -1  28   0 0.30  0.0    0  7.3 16 130   M    M   9 1      23 130
23  46  26  36  -1  29   0 0.00  0.0    0  6.6 13 310   M    M   6 1      18 300
24  45  27  36  -1  29   0 0.33  1.3    0  8.5 16 120   M    M   8 1      23 130
25  50  43  47  11  18   0 0.38  0.0    0  7.2 17 290   M    M  10 12     25 220
26  48  36  42   6  23   0    T  0.0    0  9.1 18 280   M    M   9 1      24 290
27  46  33  40   4  25   0 0.00  0.0    0  8.3 15 290   M    M   8 8      21 200
28  47  25  36   1  29   0 0.00  0.0    0  8.9 18 220   M    M   0        28 220
29  50  35  43   8  22   0    T  0.0    0 11.5 18 350   M    M   1        25 350
================================================================================
SM 1621 1048       547   3  1.84  1.3    304.3          M      114
================================================================================
AV 55.9 36.1                              10.5 FASTST   M    M   4    MAX(MPH)
                                 MISC ---->    38 260                 53 210
================================================================================
NOTES:
# LAST OF SEVERAL OCCURRENCES

COLUMN 17 PEAK WIND IN M.P.H.

PRELIMINARY LOCAL CLIMATOLOGICAL DATA (WS FORM: F-6) , PAGE 2

                                          STATION:   SOUTH BEND
                                          MONTH:     NOVEMBER
                                          YEAR:      2020
                                          LATITUDE:   41 42 N
                                          LONGITUDE:  86 19 W

[TEMPERATURE DATA]      [PRECIPITATION DATA]       SYMBOLS USED IN COLUMN 16

AVERAGE MONTHLY: 46.0   TOTAL FOR MONTH:   1.84    1 = FOG OR MIST
DPTR FM NORMAL:   5.1   DPTR FM NORMAL:   -1.32    2 = FOG REDUCING VISIBILITY
HIGHEST:    77 ON  9, 8  GRTST 24HR  0.45 ON 14-15      TO 1/4 MILE OR LESS
LOWEST:     22 ON 14                               3 = THUNDER
                        SNOW, ICE PELLETS, HAIL    4 = ICE PELLETS
                        TOTAL MONTH:   1.3 INCHES  5 = HAIL
                        GRTST 24HR   1.3 ON 24-24  6 = FREEZING RAIN OR DRIZZLE
                        GRTST DEPTH:  0            7 = DUSTSTORM OR SANDSTORM:
                                                       VSBY 1/2 MILE OR LESS
                                                   8 = SMOKE OR HAZE
[NO. OF DAYS WITH]      [WEATHER - DAYS WITH]      9 = BLOWING SNOW
                                                   X = TORNADO
MAX 32 OR BELOW:   0    0.01 INCH OR MORE:   9
MAX 90 OR ABOVE:   0    0.10 INCH OR MORE:   6
MIN 32 OR BELOW:  12    0.50 INCH OR MORE:   0
MIN  0 OR BELOW:   0    1.00 INCH OR MORE:   0

[HDD (BASE 65) ]
TOTAL THIS MO.   547    CLEAR  (SCALE 0-3)  14
DPTR FM NORMAL  -150    PTCLDY (SCALE 4-7)   9
TOTAL FM JUL 1  1047    CLOUDY (SCALE 8-10)  6
DPTR FM NORMAL  -191

[CDD (BASE 65) ]
TOTAL THIS MO.     3
DPTR FM NORMAL     3    [PRESSURE DATA]
TOTAL FM JAN 1   978    HIGHEST SLP M ON M
DPTR FM NORMAL   205    LOWEST  SLP 29.31 ON 15

[REMARKS]
