000
CXUS54 KMAF 301210
CF6SNK
PRELIMINARY LOCAL CLIMATOLOGICAL DATA (WS FORM: F-6)

                                          STATION:   SNYDER WINSTON FIELD
                                          MONTH:     NOVEMBER
                                          YEAR:      2020
                                          LATITUDE:   32 41 N
                                          LONGITUDE: 100 57 W

  TEMPERATURE IN F:       :PCPN:    SNOW:  WIND      :SUNSHINE: SKY     :PK WND
================================================================================
1   2   3   4   5  6A  6B    7    8   9   10  11  12  13   14  15   16   17  18
                                     12Z  AVG MX 2MIN
DY MAX MIN AVG DEP HDD CDD  WTR  SNW DPTH SPD SPD DIR MIN PSBL S-S WX    SPD DR
================================================================================

 1  67  49  58   M   7   0    M    M    M  8.9 15  40   M    M   0        16  40
 2  71  42  57   M   8   0    M    M    M  6.3 10 150   M    M   0         M   M
 3  75  44  60   M   5   0    M    M    M  8.7 16 180   M    M   0        20 210
 4  82  51  67   M   0   2    M    M    M 10.8 17 210   M    M   0        25 190
 5  83  49  66   M   0   1    M    M    M  5.7 12  30   M    M   0        16 360
 6  76  49  63   M   2   0    M    M    M  5.2  9 150   M    M   0 8       M   M
 7  74  51  63   M   2   0    M    M    M 10.8 18 140   M    M   1        25 140
 8  78  58  68   M   0   3    M    M    M 15.8 21 160   M    M   3        26 160
 9  80  59  70   M   0   5    M    M    M 14.0 21 190   M    M   2        28 190
10  66  50  58   M   7   0    M    M    M 10.1 21 290   M    M   2        26 290
11  72  37  55   M  10   0    M    M    M  5.0  9 110   M    M   0         M   M
12  75  48  62   M   3   0    M    M    M  6.9 16  30   M    M   0        22  30
13  55  44  50   M  15   0    M    M    M  8.4 20  40   M    M   9        26  40
14  81  50  66   M   0   1    M    M    M 12.3 28 230   M    M   6 8      37 230
15  63  40  52   M  13   0    M    M    M  7.0 16  20   M    M   0        22  20
16  76  37  57   M   8   0    M    M    M  7.9 14 210   M    M   0        17 190
17  71  44  58   M   7   0    M    M    M  6.4 13 150   M    M   0        23 170
18  74  42  58   M   7   0    M    M    M 12.7 21 190   M    M   0        26 180
19  78  51  65   M   0   0    M    M    M 13.5 20 200   M    M   0        26 200
20  76  52  64   M   1   0    M    M    M  7.7 12 190   M    M   0         M   M
21  71  49  60   M   5   0    M    M    M  6.4  9 160   M    M   3         M   M
22  60  46  53   M  12   0    M    M    M 12.3 18  50   M    M  10 1      23  30
23  68  44  56   M   9   0    M    M    M 12.0 18 150   M    M   9 1      28 170
24  78  44  61   M   4   0    M    M    M 19.1 29 240   M    M   5 8      38 260
25  62  34  48   M  17   0    M    M    M  7.7 13 340   M    M   0        22 340
26  77  40  59   M   6   0    M    M    M  7.5 12  30   M    M   0         M   M
27  56  42  49   M  16   0    M    M    M 15.0 21  30   M    M   4        29  40
28  48  38  43   M  22   0 0.32    M    M  9.2 17  50   M    M   9 13     21  50
29  48  37  43   M  22   0    M    M    M 10.2 17 360   M    M   8 1      28 360
================================================================================
SM 2041 1321       208  12  0.32    M    283.4          M       71
================================================================================
AV 70.4 45.6                               9.8 FASTST   M    M   2    MAX(MPH)
                                 MISC ---->    29 240                 38 260
================================================================================
NOTES:
# LAST OF SEVERAL OCCURRENCES

COLUMN 17 PEAK WIND IN M.P.H.

PRELIMINARY LOCAL CLIMATOLOGICAL DATA (WS FORM: F-6) , PAGE 2

                                          STATION:   SNYDER WINSTON FIELD
                                          MONTH:     NOVEMBER
                                          YEAR:      2020
                                          LATITUDE:   32 41 N
                                          LONGITUDE: 100 57 W

[TEMPERATURE DATA]      [PRECIPITATION DATA]       SYMBOLS USED IN COLUMN 16

AVERAGE MONTHLY: 58.0   TOTAL FOR MONTH:   0.32    1 = FOG OR MIST
DPTR FM NORMAL:   0.0   DPTR FM NORMAL:    0.32    2 = FOG REDUCING VISIBILITY
HIGHEST:    83 ON  5    GRTST 24HR  0.32 ON 28-28      TO 1/4 MILE OR LESS
LOWEST:     34 ON 25                               3 = THUNDER
                        SNOW, ICE PELLETS, HAIL    4 = ICE PELLETS
                        TOTAL MONTH:  M            5 = HAIL
                        GRTST 24HR    M  ON   M    6 = FREEZING RAIN OR DRIZZLE
                        GRTST DEPTH:  M  ON   M    7 = DUSTSTORM OR SANDSTORM:
                                                       VSBY 1/2 MILE OR LESS
                                                   8 = SMOKE OR HAZE
[NO. OF DAYS WITH]      [WEATHER - DAYS WITH]      9 = BLOWING SNOW
                                                   X = TORNADO
MAX 32 OR BELOW:   0    0.01 INCH OR MORE:   1
MAX 90 OR ABOVE:   0    0.10 INCH OR MORE:   1
MIN 32 OR BELOW:   0    0.50 INCH OR MORE:   0
MIN  0 OR BELOW:   0    1.00 INCH OR MORE:   0

[HDD (BASE 65) ]
TOTAL THIS MO.   208    CLEAR  (SCALE 0-3)  20
DPTR FM NORMAL     M    PTCLDY (SCALE 4-7)   5
TOTAL FM JUL 1   428    CLOUDY (SCALE 8-10)  4
DPTR FM NORMAL     M

[CDD (BASE 65) ]
TOTAL THIS MO.    12
DPTR FM NORMAL     M    [PRESSURE DATA]
TOTAL FM JAN 1  2514    HIGHEST SLP M ON M
DPTR FM NORMAL     M    LOWEST  SLP M ON M

[REMARKS]
