000
CXUS54 KEWX 301011
CF6SSF
PRELIMINARY LOCAL CLIMATOLOGICAL DATA (WS FORM: F-6)

                                          STATION:   SAN ANTONIO STINSON FIELD
                                          MONTH:     NOVEMBER
                                          YEAR:      2020
                                          LATITUDE:   29 19 N
                                          LONGITUDE:  98 29 W

  TEMPERATURE IN F:       :PCPN:    SNOW:  WIND      :SUNSHINE: SKY     :PK WND
================================================================================
1   2   3   4   5  6A  6B    7    8   9   10  11  12  13   14  15   16   17  18
                                     12Z  AVG MX 2MIN
DY MAX MIN AVG DEP HDD CDD  WTR  SNW DPTH SPD SPD DIR MIN PSBL S-S WX    SPD DR
================================================================================

 1  81  46  64  -3   1   0 0.00    M    M  5.3 16  60   M    M   0 1      23  60
 2  76  46  61  -6   4   0 0.00    M    M  3.6 10  60   M    M   0        16  60
 3  78  40  59  -7   6   0 0.00    M    M  2.4 13 160   M    M   0        17 210
 4  79  44  62  -4   3   0 0.00    M    M  3.9 14 150   M    M   0        23 170
 5  81  51  66   0   0   1 0.00    M    M  2.1 10 170   M    M   2 12     17 110
 6  78  55  67   2   0   2 0.00    M    M  2.6  9 130   M    M   3 12     15 120
 7  80  54  67   2   0   2 0.00    M    M  3.5 12 130   M    M   4 1      17  90
 8  83  61  72   8   0   7 0.00    M    M  6.2 16 150   M    M   6        24 160
 9  83  65  74  10   0   9 0.00    M    M  7.7 18 160   M    M   6        25 160
10  72  62  67   3   0   2 0.01    M    M  4.8 17 360   M    M   8 1      25 360
11  83  56  70   7   0   5 0.00    M    M  3.5 12  40   M    M   2        16  30
12  83  60  72   9   0   7 0.00    M    M  2.1 10 130   M    M   5 1      13 130
13  82  59  71   9   0   6 0.00    M    M  5.1 13 150   M    M   8 12     20 150
14  87  65  76  14   0  11 0.00    M    M  7.6 17 180   M    M   6        27 170
15  75  55  65   3   0   0 0.00    M    M  9.8 25  10   M    M   2        39 360
16  76  46  61   0   4   0 0.00    M    M  4.4 12 110   M    M   0        17 110
17  76  43  60  -1   5   0 0.00    M    M  4.3 15  70   M    M   0        19  60
18  78  40  59  -1   6   0 0.00    M    M  3.8 14 180   M    M   1        20 200
19  80  52  66   6   0   1 0.00    M    M  4.3 14 160   M    M   3 12     22 170
20  81  51  66   6   0   1    T    M    M  3.5 13 130   M    M   3 12     22 170
21  79  57  68   9   0   3 0.00    M    M  4.6 12 140   M    M   7 12     15 120
22  80  62  71  12   0   6 0.00    M    M  4.9 17  50   M    M   7 1      26  40
23  72  53  63   5   2   0 0.00    M    M  9.2 15 130   M    M   7        23  50
24  84  63  74  16   0   9 0.03    M    M  8.8 17 160   M    M   7 1      24 180
25  77  54  66   8   0   1 0.00    M    M  7.3 17  10   M    M   1        28  30
26  74  49  62   5   3   0 0.00    M    M  2.2  8 130   M    M   4        10 120
27  76  60  68  11   0   3    T    M    M  6.5 20  40   M    M   7 1      26  40
28  60  52  56  -1   9   0 1.77    M    M  8.4 16 340   M    M  10 13     24  10
29  64  43  54  -2  11   0    T    M    M  8.2 20  10   M    M   2        27  10
================================================================================
SM 2258 1544        54  76  1.81    M    150.6          M      111
================================================================================
AV 77.9 53.2                               5.2 FASTST   M    M   4    MAX(MPH)
                                 MISC ---->  # 25  10               # 39  360
================================================================================
NOTES:
# LAST OF SEVERAL OCCURRENCES

COLUMN 17 PEAK WIND IN M.P.H.

PRELIMINARY LOCAL CLIMATOLOGICAL DATA (WS FORM: F-6) , PAGE 2

                                          STATION:  SAN ANTONIO STINSON FIELD
                                          MONTH:    NOVEMBER
                                          YEAR:     2020
                                          LATITUDE:   29 19 N
                                          LONGITUDE:  98 29 W

[TEMPERATURE DATA]      [PRECIPITATION DATA]       SYMBOLS USED IN COLUMN 16

AVERAGE MONTHLY: 65.6   TOTAL FOR MONTH:   1.81    1 = FOG OR MIST
DPTR FM NORMAL:   3.9   DPTR FM NORMAL:   -0.41    2 = FOG REDUCING VISIBILITY
HIGHEST:    87 ON 14    GRTST 24HR  1.77 ON 28-28      TO 1/4 MILE OR LESS
LOWEST:     40 ON 18, 3                            3 = THUNDER
                        SNOW, ICE PELLETS, HAIL    4 = ICE PELLETS
                        TOTAL MONTH:    M          5 = HAIL
                        GRTST 24HR    M  ON   M    6 = FREEZING RAIN OR DRIZZLE
                        GRTST DEPTH:  M  ON   M    7 = DUSTSTORM OR SANDSTORM:
                                                       VSBY 1/2 MILE OR LESS
                                                   8 = SMOKE OR HAZE
[NO. OF DAYS WITH]      [WEATHER - DAYS WITH]      9 = BLOWING SNOW
                                                   X = TORNADO
MAX 32 OR BELOW:   0    0.01 INCH OR MORE:   3
MAX 90 OR ABOVE:   0    0.10 INCH OR MORE:   1
MIN 32 OR BELOW:   0    0.50 INCH OR MORE:   1
MIN  0 OR BELOW:   0    1.00 INCH OR MORE:   1

[HDD (BASE 65) ]
TOTAL THIS MO.    54    CLEAR  (SCALE 0-3)  15
DPTR FM NORMAL  -101    PTCLDY (SCALE 4-7)  12
TOTAL FM JUL 1   114    CLOUDY (SCALE 8-10)  2
DPTR FM NORMAL   -67

[CDD (BASE 65) ]
TOTAL THIS MO.    76
DPTR FM NORMAL    21    [PRESSURE DATA]
TOTAL FM JAN 1  3277    HIGHEST SLP M ON M
DPTR FM NORMAL   104    LOWEST  SLP 29.72 ON 24

[REMARKS]
