000
CXUS54 KEWX 241010
CF6T74
PRELIMINARY LOCAL CLIMATOLOGICAL DATA (WS FORM: F-6)
STATION: TAYLOR MUNICIPAL AIRPORT
MONTH: APRIL
YEAR: 2024
LATITUDE: 30 34 N
LONGITUDE: 97 27 W
TEMPERATURE IN F: :PCPN: SNOW: WIND :SUNSHINE: SKY :PK WND
================================================================================
1 2 3 4 5 6A 6B 7 8 9 10 11 12 13 14 15 16 17 18
12Z AVG MX 2MIN
DY MAX MIN AVG DEP HDD CDD WTR SNW DPTH SPD SPD DIR MIN PSBL S-S WX SPD DR
================================================================================
1 82 67 75 M 0 10 0.19 M M 14.4 23 160 M M 7 138 30 170
2 72 51 62 M 3 0 0.05 M M 10.6 20 340 M M 2 29 350
3 81 39 60 M 5 0 0.00 M M 7.6 17 320 M M 0 22 310
4 84 42 63 M 2 0 0.00 M M 5.0 13 170 M M 0 8 M M
5 85 51 68 M 0 3 0.00 M M 11.5 20 160 M M 0 26 160
6 77 59 68 M 0 3 0.00 M M 15.3 24 170 M M 8 31 180
7 79 58 69 M 0 4 0.06 M M 6.1 16 170 M M 3 1 18 170
8 81 57 69 M 0 4 0.18 M M 7.4 13 150 M M 9 13 18 150
9 77 63 70 M 0 5 1.49 M M 9.4 20 150 M M 9 13 24 150
10 70 52 61 M 4 0 0.17 M M 13.2 22 310 M M 6 13 30 300
11 80 51 66 M 0 1 0.00 M M 7.1 14 340 M M 0 20 340
12 80 46 63 M 2 0 0.00 M M 7.0 17 180 M M 0 21 180
13 81 58 70 M 0 5 0.00 M M 11.8 18 160 M M 4 26 160
14 82 63 73 M 0 8 0.00 M M 10.6 16 160 M M 7 24 160
15 83 69 76 M 0 11 0.00 M M 14.1 22 140 M M 9 30 150
16 80 69 75 M 0 10 0.01 M M 7.8 15 160 M M 9 1 21 180
17 82 71 77 M 0 12 0.00 M M 7.3 13 150 M M 8 18 22 180
18 87 70 79 M 0 14 0.00 M M 9.2 15 180 M M 7 1 21 180
19 74 62 68 M 0 3 0.00 M M 9.4 15 20 M M 8 20 20
20 67 52 60 M 5 0 0.79 M M 11.7 22 350 M M 10 1 28 350
21 68 49 59 M 6 0 0.00 M M 13.6 20 10 M M 5 29 360
22 72 44 58 M 7 0 0.00 M M 6.0 13 160 M M 0 17 140
23 74 52 63 M 2 0 0.00 M M 9.1 15 170 M M 8 23 180
================================================================================
SM 1798 1295 36 93 2.94 M 225.1 M 119
================================================================================
AV 78.2 56.3 9.8 FASTST M M 5 MAX(MPH)
MISC ----> 24 170 31 180
================================================================================
NOTES:
# LAST OF SEVERAL OCCURRENCES
COLUMN 17 PEAK WIND IN M.P.H.
PRELIMINARY LOCAL CLIMATOLOGICAL DATA (WS FORM: F-6) , PAGE 2
STATION: TAYLOR MUNICIPAL AIRPORT
MONTH: APRIL
YEAR: 2024
LATITUDE: 30 34 N
LONGITUDE: 97 27 W
[TEMPERATURE DATA] [PRECIPITATION DATA] SYMBOLS USED IN COLUMN 16
AVERAGE MONTHLY: 67.2 TOTAL FOR MONTH: 2.94 1 = FOG OR MIST
DPTR FM NORMAL: 0.0 DPTR FM NORMAL: 2.94 2 = FOG REDUCING VISIBILITY
HIGHEST: 87 ON 18 GRTST 24HR 1.49 ON 9- 9 TO 1/4 MILE OR LESS
LOWEST: 39 ON 3 3 = THUNDER
SNOW, ICE PELLETS, HAIL 4 = ICE PELLETS
TOTAL MONTH: M 5 = HAIL
GRTST 24HR M ON M 6 = FREEZING RAIN OR DRIZZLE
GRTST DEPTH: M ON M 7 = DUSTSTORM OR SANDSTORM:
VSBY 1/2 MILE OR LESS
8 = SMOKE OR HAZE
[NO. OF DAYS WITH] [WEATHER - DAYS WITH] 9 = BLOWING SNOW
X = TORNADO
MAX 32 OR BELOW: 0 0.01 INCH OR MORE: 8
MAX 90 OR ABOVE: 0 0.10 INCH OR MORE: 5
MIN 32 OR BELOW: 0 0.50 INCH OR MORE: 2
MIN 0 OR BELOW: 0 1.00 INCH OR MORE: 1
[HDD (BASE 65) ]
TOTAL THIS MO. 36 CLEAR (SCALE 0-3) 8
DPTR FM NORMAL M PTCLDY (SCALE 4-7) 10
TOTAL FM JUL 1 1638 CLOUDY (SCALE 8-10) 5
DPTR FM NORMAL M
[CDD (BASE 65) ]
TOTAL THIS MO. 93
DPTR FM NORMAL M [PRESSURE DATA]
TOTAL FM JAN 1 191 HIGHEST SLP M ON M
DPTR FM NORMAL M LOWEST SLP M ON M
[REMARKS]