000
CXUS54 KEWX 301011
CF6T74
PRELIMINARY LOCAL CLIMATOLOGICAL DATA (WS FORM: F-6)

                                          STATION:   Taylor Municipal Airport
                                          MONTH:     NOVEMBER
                                          YEAR:      2020
                                          LATITUDE:   30 34 N
                                          LONGITUDE:  97 27 W

  TEMPERATURE IN F:       :PCPN:    SNOW:  WIND      :SUNSHINE: SKY     :PK WND
================================================================================
1   2   3   4   5  6A  6B    7    8   9   10  11  12  13   14  15   16   17  18
                                     12Z  AVG MX 2MIN
DY MAX MIN AVG DEP HDD CDD  WTR  SNW DPTH SPD SPD DIR MIN PSBL S-S WX    SPD DR
================================================================================

 1  76  41  59   M   6   0 0.00  0.0    0  8.1 17  10   M    M   0        22  10
 2  75  37  56   M   9   0 0.00  0.0    0  2.4  7  20   M    M   0         M  M
 3  80  34  57   M   8   0 0.00  0.0    0  4.2 13 200   M    M   0         M  M
 4  80  38  59   M   6   0 0.00  0.0    0  6.8 15 210   M    M   0        23 210
 5  80  48  64   M   1   0 0.00  0.0    0  4.6 12 180   M    M   3 12     16 210
 6  80  52  66   M   0   1 0.00  0.0    0  5.9  9  90   M    M   5         M  M
 7  80  44  62   M   3   0 0.00  0.0    0  3.9  9 120   M    M   1         M  M
 8  82  50  66   M   0   1 0.00  0.0    0  6.9 14 130   M    M   4 1       M  M
 9  84  58  71   M   0   6 0.00  0.0    0 10.0 16 170   M    M   5 1      25 180
10  80  58  69   M   0   4 0.00  0.0    0  7.7 17 320   M    M   8        22 320
11  81  52  67   M   0   2 0.00  0.0    0  5.6 10 360   M    M   1 8       M  M
12  84  55  70   M   0   5 0.00  0.0    0  4.3 14 200   M    M   5        17 200
13  79  58  69   M   0   4 0.00  0.0    0  6.4 14 150   M    M   8 1       M  M
14  87  69  78   M   0  13 0.00  0.0    0 10.8 20 210   M    M   5        31 190
15  71  36  54   M  11   0 0.00  0.0    0 12.6 24 350   M    M   1        30 350
16  73  30  52   M  13   0 0.00  0.0    0  2.1  8 120   M    M   0 8       M  M
17  76  31  54   M  11   0 0.00  0.0    0  3.2  9  80   M    M   0 8       M  M
18  79  33  56   M   9   0 0.00  0.0    0  6.2 14 180   M    M   0        21 180
19  82  47  65   M   0   0 0.00  0.0    0  8.4 17 200   M    M   4        24 170
20  82  55  69   M   0   4 0.00  0.0    0  6.5 12 180   M    M   5 18     21 180
21  80  55  68   M   0   3 0.00  0.0    0  4.4  9 160   M    M   8 12      M  M
22  79  54  67   M   0   2 0.05  0.0    0  8.6 18  20   M    M  10        22  20
23  64  49  57   M   8   0 0.00  0.0    0  7.4 16  20   M    M   9 1      16  40
24  83  59  71   M   0   6    T  0.0    0 14.5 24 170   M    M   7        35 180
25  72  39  56   M   9   0 0.02    M    0  7.6 18 340   M    M   4        22 330
26  78  36  57   M   8   0 0.00  0.0    0  3.1 10 200   M    M   2         M  M
27  67  57  62   M   3   0 0.02  0.0    0  9.9 17 350   M    M  10 13     20 360
28  60  50  55   M  10   0 0.45  0.0    0  9.2 13 330   M    M  10 1      18 330
29  53  46  50   M  15   0 0.00  0.0    0 13.6 21 330   M    M   9 1      29 330
================================================================================
SM 2227 1371       130  51  0.54     0.0 204.9          M      124
================================================================================
AV 76.8 47.3                               7.1 FASTST   M    M   4    MAX(MPH)
                                 MISC ---->  # 24 350               # 35  180
================================================================================
NOTES:
# LAST OF SEVERAL OCCURRENCES

COLUMN 17 PEAK WIND IN M.P.H.

PRELIMINARY LOCAL CLIMATOLOGICAL DATA (WS FORM: F-6) , PAGE 2

                                          STATION:  Taylor Municipal Airport
                                          MONTH:    NOVEMBER
                                          YEAR:     2020
                                          LATITUDE:   30 34 N
                                          LONGITUDE:  97 27 W

[TEMPERATURE DATA]      [PRECIPITATION DATA]       SYMBOLS USED IN COLUMN 16

AVERAGE MONTHLY: 62.0   TOTAL FOR MONTH:   0.54    1 = FOG OR MIST
DPTR FM NORMAL:     M   DPTR FM NORMAL:       M    2 = FOG REDUCING VISIBILITY
HIGHEST:    87 ON 14    GRTST 24HR  0.45 ON 28-28      TO 1/4 MILE OR LESS
LOWEST:     30 ON 16                               3 = THUNDER
                        SNOW, ICE PELLETS, HAIL    4 = ICE PELLETS
                        TOTAL MONTH:   0.0 INCH    5 = HAIL
                        GRTST 24HR     0.0         6 = FREEZING RAIN OR DRIZZLE
                        GRTST DEPTH:   0           7 = DUSTSTORM OR SANDSTORM:
                                                       VSBY 1/2 MILE OR LESS
                                                   8 = SMOKE OR HAZE
[NO. OF DAYS WITH]      [WEATHER - DAYS WITH]      9 = BLOWING SNOW
                                                   X = TORNADO
MAX 32 OR BELOW:   0    0.01 INCH OR MORE:   4
MAX 90 OR ABOVE:   0    0.10 INCH OR MORE:   1
MIN 32 OR BELOW:   2    0.50 INCH OR MORE:   0
MIN  0 OR BELOW:   0    1.00 INCH OR MORE:   0

[HDD (BASE 65) ]
TOTAL THIS MO.   130    CLEAR  (SCALE 0-3)  12
DPTR FM NORMAL     M    PTCLDY (SCALE 4-7)  12
TOTAL FM JUL 1   228    CLOUDY (SCALE 8-10)  5
DPTR FM NORMAL     M

[CDD (BASE 65) ]
TOTAL THIS MO.    51
DPTR FM NORMAL     M    [PRESSURE DATA]
TOTAL FM JAN 1  2888    HIGHEST SLP M ON M
DPTR FM NORMAL     M    LOWEST  SLP M ON M

[REMARKS]
