000
CXUS54 KBMX 301110
CF6TOI
PRELIMINARY LOCAL CLIMATOLOGICAL DATA (WS FORM: F-6)

                                          STATION:   TROY
                                          MONTH:     NOVEMBER
                                          YEAR:      2020
                                          LATITUDE:   31 51 N
                                          LONGITUDE:  86  1 W

  TEMPERATURE IN F:       :PCPN:    SNOW:  WIND      :SUNSHINE: SKY     :PK WND
================================================================================
1   2   3   4   5  6A  6B    7    8   9   10  11  12  13   14  15   16   17  18
                                     12Z  AVG MX 2MIN
DY MAX MIN AVG DEP HDD CDD  WTR  SNW DPTH SPD SPD DIR MIN PSBL S-S WX    SPD DR
================================================================================

 1  76  53  65   5   0   0 0.00  0.0    M  5.3 17 310   M    M   3        21 320
 2  65  39  52  -8  13   0 0.00  0.0    M  6.5 17 360   M    M   0        22 360
 3  71  34  53  -7  12   0 0.00  0.0    M  2.3  9 360   M    M   0        14 320
 4  75   M   M   M   M   M 0.00  0.0    M  2.8  9  40   M    M   0        13  30
 5  76  56  66   7   0   1 0.00  0.0    0  2.3 10  60   M    M   1        13  70
 6  80  57  69  10   0   4 0.00  0.0    0  5.8 14  40   M    M   2        20  40
 7  77  63  70  12   0   5    T  0.0    0  4.9 12  80   M    M   6 18     16  90
 8  80  67  74  16   0   9    T  0.0    0  7.8 15  90   M    M   5        26 100
 9  80  70  75  17   0  10 0.00  0.0    0  7.7 14  60   M    M   8 18     20 110
10  80  71  76  18   0  11    T  0.0    0  7.5 17  90   M    M  10 18     21  80
11  84  71  78  21   0  13    T  0.0    M  3.0  8 330   M    M   9 18     10 320
12  73  59  66   9   0   1 0.00  0.0    M  7.5 14 310   M    M   9 18     19 320
13  79  54  67  10   0   2 0.00  0.0    0  4.3 13 350   M    M   2 1      16  10
14  80  49  65   9   0   0 0.00  0.0    0  2.5 10 140   M    M   0        14 160
15  81  51  66  10   0   1 0.00  0.0    0  5.1 18 330   M    M   4 12     24 310
16  69  39  54  -2  11   0 0.00  0.0    0  5.2 16 330   M    M   0        21  10
17  71  36  54  -1  11   0 0.00  0.0    0  7.5 22 330   M    M   0        27 330
18  68  40  54  -1  11   0 0.00  0.0    M  5.5 13  50   M    M   0        18  80
19  70  35  53  -2  12   0 0.00  0.0    M  4.6 13 120   M    M   0        17  70
20  76  43  60   6   5   0 0.00  0.0    M  2.8 12 130   M    M   2        15  90
21  75  47  61   7   4   0 0.00  0.0    M  2.6 12  50   M    M   2        16  40
22  78  51  65  11   0   0 0.00  0.0    M  1.5 12 340   M    M   6 1      13 340
23  67  38  53  -1  12   0 0.00  0.0    M  5.8 17 340   M    M   2        23 320
24  73  35  54   1  11   0 0.00  0.0    M  4.4 16 140   M    M   0        23 130
25  79  50  65  12   0   0 0.94  0.0    M  7.9 22 330   M    M   6 1      27 190
26  75  61  68  15   0   3 0.69  0.0    M  3.3 15  10   M    M   9 123    21 190
27  74  61  68  16   0   3 1.33  0.0    M  1.6 16 320   M    M   8 13     23 320
28  67  56  62  10   3   0 0.14  0.0    M  4.4 12 320   M    M   3 1      14 310
29  70  56  63  11   2   0 0.71  0.0    0  5.8 22 280   M    M   8 1      33 290
================================================================================
SM 2169 1442       107  63  3.81  0.0    138.2          M      105
================================================================================
AV 74.8 51.5                               4.8 FASTST   M    M   4    MAX(MPH)
                                 MISC ---->  # 22 330                 33 290
================================================================================
NOTES:
# LAST OF SEVERAL OCCURRENCES

COLUMN 17 PEAK WIND IN M.P.H.

PRELIMINARY LOCAL CLIMATOLOGICAL DATA (WS FORM: F-6) , PAGE 2

                                          STATION:   TROY
                                          MONTH:     NOVEMBER
                                          YEAR:      2020
                                          LATITUDE:   31 51 N
                                          LONGITUDE:  86  1 W

[TEMPERATURE DATA]      [PRECIPITATION DATA]       SYMBOLS USED IN COLUMN 16

AVERAGE MONTHLY: 63.1   TOTAL FOR MONTH:   3.81    1 = FOG OR MIST
DPTR FM NORMAL:   7.1   DPTR FM NORMAL:   -0.60    2 = FOG REDUCING VISIBILITY
HIGHEST:    84 ON 11    GRTST 24HR  1.63 ON 25-26      TO 1/4 MILE OR LESS
LOWEST:     34 ON  3                               3 = THUNDER
                        SNOW, ICE PELLETS, HAIL    4 = ICE PELLETS
                        TOTAL MONTH:   0.0 INCH    5 = HAIL
                        GRTST 24HR  0.0            6 = FREEZING RAIN OR DRIZZLE
                        GRTST DEPTH:  0            7 = DUSTSTORM OR SANDSTORM:
                                                       VSBY 1/2 MILE OR LESS
                                                   8 = SMOKE OR HAZE
[NO. OF DAYS WITH]      [WEATHER - DAYS WITH]      9 = BLOWING SNOW
                                                   X = TORNADO
MAX 32 OR BELOW:   0    0.01 INCH OR MORE:   5
MAX 90 OR ABOVE:   0    0.10 INCH OR MORE:   5
MIN 32 OR BELOW:   0    0.50 INCH OR MORE:   4
MIN  0 OR BELOW:   0    1.00 INCH OR MORE:   1

[HDD (BASE 65) ]
TOTAL THIS MO.   107    CLEAR  (SCALE 0-3)  17
DPTR FM NORMAL  -173    PTCLDY (SCALE 4-7)   7
TOTAL FM JUL 1   135    CLOUDY (SCALE 8-10)  5
DPTR FM NORMAL  -243

[CDD (BASE 65) ]
TOTAL THIS MO.    63
DPTR FM NORMAL    46    [PRESSURE DATA]
TOTAL FM JAN 1  2496    HIGHEST SLP M ON M
DPTR FM NORMAL   432    LOWEST  SLP 29.65 ON 29

[REMARKS]
