000
CXUS51 KCLE 290900
CF6TOL
PRELIMINARY LOCAL CLIMATOLOGICAL DATA (WS FORM: F-6)

                                          STATION:   TOLEDO OH
                                          MONTH:     NOVEMBER
                                          YEAR:      2020
                                          LATITUDE:   41 35 N
                                          LONGITUDE:  83 48 W

  TEMPERATURE IN F:       :PCPN:    SNOW:  WIND      :SUNSHINE: SKY     :PK WND
================================================================================
1   2   3   4   5  6A  6B    7    8   9   10  11  12  13   14  15   16   17  18
                                     12Z  AVG MX 2MIN
DY MAX MIN AVG DEP HDD CDD  WTR  SNW DPTH SPD SPD DIR MIN PSBL S-S WX    SPD DR
================================================================================

 1  53  34  44  -3  21   0 0.03    T    0 17.1 33 290   M    M   5        44 300
 2  49  27  38  -9  27   0 0.00  0.0    0 14.2 28 240   M    M   1        32 260
 3  64  37  51   5  14   0 0.00  0.0    0  9.5 16 250   M    M   0        21 240
 4  74  47  61  15   4   0 0.00  0.0    0 10.5 20 210   M    M   0        26 200
 5  68  55  62  16   3   0 0.00  0.0    0  9.7 17 230   M    M   0        23 230
 6  73  50  62  17   3   0 0.00  0.0    0  8.3 16 250   M    M   0        21 240
 7  73  45  59  14   6   0 0.00  0.0    0  4.8 16 240   M    M   0 8      20 250
 8  79  40  60  15   5   0 0.00  0.0    0  2.0  9 130   M    M   1 18     13 140
 9  80  46  63  19   2   0 0.00  0.0    0  5.2 16 210   M    M   0 128    20 210
10  79  63  71  27   0   6 0.42  0.0    0 10.5 22 190   M    M   6 1      35 180
11  68  37  53   9  12   0 0.05  0.0    0 11.4 30 250   M    M   5 1      40 250
12  52  28  40  -3  25   0 0.00  0.0    0  2.0 10  80   M    M   0 18     14  50
13  50  30  40  -3  25   0 0.00  0.0    0  8.1 23 280   M    M   5 18     27 280
14  47  21  34  -8  31   0 0.10  0.0    0  4.2 10 130   M    M   3 18     17 120
15  58  40  49   7  16   0 0.77  0.0    0 20.6 48 250   M    M  10 13     64 250
16  46  34  40  -1  25   0    T  0.0    0 13.8 26 250   M    M   7        31 250
17  42  31  37  -4  28   0    T    T    0 12.5 23 310   M    M   7 8      34 290
18  46  21  34  -6  31   0 0.00  0.0    0  6.4 16 180   M    M   2        22 180
19  68  40  54  14  11   0 0.00  0.0    0 15.9 30 220   M    M   0        39 200
20  67  48  58  18   7   0 0.00  0.0    0 13.3 28 250   M    M   2        35 260
21  48  36  42   3  23   0 0.00  0.0    0  5.0 14 360   M    M   3        18 350
22  41  34  38  -1  27   0 0.90  0.3    0  8.7 14 340   M    M   9 1      19  10
23  48  30  39   1  26   0 0.00  0.0    0  6.8 16 300   M    M   6 18     22 300
24  43  28  36  -2  29   0 0.06  0.0    0  4.5 13 160   M    M   7        19 170
25  53  42  48  11  17   0 0.51  0.0    0  5.3 13 180   M    M  10 18     20 180
26  54  45  50  13  15   0    T  0.0    0 11.3 18 250   M    M  10 1      23 250
27  47  39  43   7  22   0    T  0.0    0  8.4 16 310   M    M  10        23 320
28  48  29  39   3  26   0 0.00  0.0    0  8.1 17 240   M    M   0 18     22 230
================================================================================
SM 1618 1057       481   6  2.84  0.3    258.1          M      109
================================================================================
AV 57.8 37.8                               9.2 FASTST   M    M   4    MAX(MPH)
                                 MISC ---->    48 250                 64 250
================================================================================
NOTES:
# LAST OF SEVERAL OCCURRENCES

COLUMN 17 PEAK WIND IN M.P.H.

PRELIMINARY LOCAL CLIMATOLOGICAL DATA (WS FORM: F-6) , PAGE 2

                                          STATION:   TOLEDO OH
                                          MONTH:     NOVEMBER
                                          YEAR:      2020
                                          LATITUDE:   41 35 N
                                          LONGITUDE:  83 48 W

[TEMPERATURE DATA]      [PRECIPITATION DATA]       SYMBOLS USED IN COLUMN 16

AVERAGE MONTHLY: 47.8   TOTAL FOR MONTH:   2.84    1 = FOG OR MIST
DPTR FM NORMAL:   5.9   DPTR FM NORMAL:    0.18    2 = FOG REDUCING VISIBILITY
HIGHEST:    80 ON  9    GRTST 24HR  0.90 ON 22-22      TO 1/4 MILE OR LESS
LOWEST:     21 ON 18,14                             3 = THUNDER
                        SNOW, ICE PELLETS, HAIL    4 = ICE PELLETS
                        TOTAL MONTH:   0.3 INCH    5 = HAIL
                        GRTST 24HR   0.3 ON 22-22  6 = FREEZING RAIN OR DRIZZLE
                        GRTST DEPTH:  0            7 = DUSTSTORM OR SANDSTORM:
                                                       VSBY 1/2 MILE OR LESS
                                                   8 = SMOKE OR HAZE
[NO. OF DAYS WITH]      [WEATHER - DAYS WITH]      9 = BLOWING SNOW
                                                   X = TORNADO
MAX 32 OR BELOW:   0    0.01 INCH OR MORE:   8
MAX 90 OR ABOVE:   0    0.10 INCH OR MORE:   5
MIN 32 OR BELOW:   9    0.50 INCH OR MORE:   3
MIN  0 OR BELOW:   0    1.00 INCH OR MORE:   0

[HDD (BASE 65) ]
TOTAL THIS MO.   481    CLEAR  (SCALE 0-3)  14
DPTR FM NORMAL  -168    PTCLDY (SCALE 4-7)   9
TOTAL FM JUL 1   936    CLOUDY (SCALE 8-10)  5
DPTR FM NORMAL  -239

[CDD (BASE 65) ]
TOTAL THIS MO.     6
DPTR FM NORMAL     6    [PRESSURE DATA]
TOTAL FM JAN 1  1121    HIGHEST SLP M ON M
DPTR FM NORMAL   328    LOWEST  SLP 29.35 ON 15

[REMARKS]
