000
CXUS56 KLKN 301009
CF6TPH
PRELIMINARY LOCAL CLIMATOLOGICAL DATA (WS FORM: F-6)

                                          STATION:   TONOPAH AIRPORT NV
                                          MONTH:     NOVEMBER
                                          YEAR:      2020
                                          LATITUDE:   38  3 N
                                          LONGITUDE: 117  5 W

  TEMPERATURE IN F:       :PCPN:    SNOW:  WIND      :SUNSHINE: SKY     :PK WND
================================================================================
1   2   3   4   5  6A  6B    7    8   9   10  11  12  13   14  15   16   17  18
                                     12Z  AVG MX 2MIN
DY MAX MIN AVG DEP HDD CDD  WTR  SNW DPTH SPD SPD DIR MIN PSBL S-S WX    SPD DR
================================================================================

 1  73  32  53   7  12   0 0.00    M    M  6.8 15  10   M    M   0        16 360
 2  75  37  56  10   9   0 0.00    M    M  6.2 16  10   M    M   1        20 220
 3  72  42  57  11   8   0 0.00    M    M  7.3 15 360   M    M   1        17 360
 4  74  36  55  10  10   0 0.00    M    M  7.4 16 360   M    M   0        19 360
 5  74  35  55  10  10   0 0.00    M    M  6.9 14  10   M    M   0        17 190
 6  71  39  55  11  10   0    T    M    M 16.4 36 180   M    M   1 8      43 180
 7  51  31  41  -3  24   0    T    M    M 12.0 35 320   M    M   6 1      45 320
 8  34  18  26 -17  39   0 0.13    M    M 11.4 21 320   M    M   6 1      26 320
 9  36  14  25 -18  40   0 0.00    M    M  8.9 16 350   M    M   M        20  10
10  46  18  32 -10  33   0 0.00    M    M  8.0 17 320   M    M   0        22 330
11  51  17  34  -8  31   0 0.00    M    M  8.0 16  10   M    M   0        19  10
12  51  21  36  -6  29   0 0.00    M    M  7.2 14 350   M    M   0        16  10
13  55  21  38  -3  27   0 0.00    M    M  8.2 21 190   M    M   1        26 220
14  54  27  41   0  24   0 0.00    M    M 11.1 28 330   M    M   1        35 340
15  62  25  44   4  21   0 0.00    M    M  6.7 15  10   M    M   0        17  10
16  68  27  48   8  17   0 0.00    M    M  6.7 15 170   M    M   0        19 180
17  65  30  48   9  17   0 0.00    M    M 12.9 31 180   M    M   0        37 190
18  64  37  51  12  14   0 0.00    M    M  9.2 24 200   M    M   1        33 140
19  57  26  42   4  23   0 0.00    M    M  8.4 17 320   M    M   1 8      23 310
20  54  27  41   3  24   0 0.00    M    M  8.1 15  10   M    M   1        18 300
21  56  24  40   2  25   0 0.00    M    M  8.0 14 300   M    M   0        16 310
22  56  21  39   2  26   0 0.00    M    M  5.8 13 360   M    M   0        14 360
23  49  26  38   1  27   0 0.00    M    M 15.0 30 320   M    M   2        37 340
24  49  22  36   0  29   0 0.00    M    M  9.0 17  20   M    M   0        20  20
25  52  18  35  -1  30   0 0.00    M    M 10.2 30 330   M    M   0        37 330
26  42  19  31  -5  34   0 0.00    M    M 13.1 22  20   M    M   0        27  20
27  50  19  35   0  30   0 0.00    M    M  8.1 16 300   M    M   0        22 330
28  52  16  34  -1  31   0 0.00    M    M  6.7 13 350   M    M   0        15 340
29  54  22  38   3  27   0 0.00    M    M  7.4 15 360   M    M   0        16 360
================================================================================
SM 1647  747       681   0  0.13    M    261.1          M       22
================================================================================
AV 56.8 25.8                               9.0 FASTST   M    M   1    MAX(MPH)
                                 MISC ---->  # 36 180               # 45  320
================================================================================
NOTES:
# LAST OF SEVERAL OCCURRENCES

COLUMN 17 PEAK WIND IN M.P.H.

PRELIMINARY LOCAL CLIMATOLOGICAL DATA (WS FORM: F-6) , PAGE 2

                                          STATION:  TONOPAH AIRPORT NV
                                          MONTH:    NOVEMBER
                                          YEAR:     2020
                                          LATITUDE:   38  3 N
                                          LONGITUDE: 117  5 W

[TEMPERATURE DATA]      [PRECIPITATION DATA]       SYMBOLS USED IN COLUMN 16

AVERAGE MONTHLY: 41.3   TOTAL FOR MONTH:   0.13    1 = FOG OR MIST
DPTR FM NORMAL:   1.0   DPTR FM NORMAL:   -0.30    2 = FOG REDUCING VISIBILITY
HIGHEST:    75 ON  2    GRTST 24HR  0.13 ON  8- 8      TO 1/4 MILE OR LESS
LOWEST:     14 ON  9                               3 = THUNDER
                        SNOW, ICE PELLETS, HAIL    4 = ICE PELLETS
                        TOTAL MONTH:    M          5 = HAIL
                        GRTST 24HR    M  ON   M    6 = FREEZING RAIN OR DRIZZLE
                        GRTST DEPTH:  M  ON   M    7 = DUSTSTORM OR SANDSTORM:
                                                       VSBY 1/2 MILE OR LESS
                                                   8 = SMOKE OR HAZE
[NO. OF DAYS WITH]      [WEATHER - DAYS WITH]      9 = BLOWING SNOW
                                                   X = TORNADO
MAX 32 OR BELOW:   0    0.01 INCH OR MORE:   1
MAX 90 OR ABOVE:   0    0.10 INCH OR MORE:   1
MIN 32 OR BELOW:  23    0.50 INCH OR MORE:   0
MIN  0 OR BELOW:   0    1.00 INCH OR MORE:   0

[HDD (BASE 65) ]
TOTAL THIS MO.   681    CLEAR  (SCALE 0-3)  26
DPTR FM NORMAL   -34    PTCLDY (SCALE 4-7)   2
TOTAL FM JUL 1   940    CLOUDY (SCALE 8-10)  0
DPTR FM NORMAL  -247

[CDD (BASE 65) ]
TOTAL THIS MO.     0
DPTR FM NORMAL     0    [PRESSURE DATA]
TOTAL FM JAN 1  1111    HIGHEST SLP M ON M
DPTR FM NORMAL   328    LOWEST  SLP 29.28 ON  7

[REMARKS]
