000
CXUS54 KFWD 300831
CF6TRL
PRELIMINARY LOCAL CLIMATOLOGICAL DATA (WS FORM: F-6)

                                          STATION:   TERRELL
                                          MONTH:     NOVEMBER
                                          YEAR:      2020
                                          LATITUDE:   32 42 N
                                          LONGITUDE:  96 16 W

  TEMPERATURE IN F:       :PCPN:    SNOW:  WIND      :SUNSHINE: SKY     :PK WND
================================================================================
1   2   3   4   5  6A  6B    7    8   9   10  11  12  13   14  15   16   17  18
                                     12Z  AVG MX 2MIN
DY MAX MIN AVG DEP HDD CDD  WTR  SNW DPTH SPD SPD DIR MIN PSBL S-S WX    SPD DR
================================================================================

 1  73  43  58  -4   7   0 0.00    M    M  8.0 18  40   M    M   0 1      26  40
 2  69  37  53  -9  12   0 0.00    M    M  3.5 12 150   M    M   0        17 160
 3  75  38  57  -4   8   0 0.00    M    M  4.9 14 150   M    M   0        19 160
 4  73  42  58  -3   7   0 0.00    M    M  7.1 18 160   M    M   0        24 180
 5  75  57  66   6   0   1 0.00    M    M  8.5 18 170   M    M   6 1      25 170
 6  76  57  67   7   0   2 0.00    M    M  6.4 14 180   M    M   4        19 180
 7  76  47  62   2   3   0 0.00    M    M  4.6 14 150   M    M   0 1      18 120
 8  75  57  66   7   0   1 0.00    M    M  7.9 17 160   M    M   4 12     23 140
 9  80  62  71  12   0   6 0.00    M    M 10.4 21 170   M    M   5 1      29 160
10  77  51  64   6   1   0    T    M    M  8.7 21 170   M    M   6 1      30 180
11  75  42  59   1   6   0 0.00    M    M  4.6 15  20   M    M   0        20  10
12  78  47  63   5   2   0 0.00    M    M  6.2 14 170   M    M   1        20 180
13  75  55  65   8   0   0 0.00  0.0    0  5.0 14  30   M    M   5        19  50
14  83  64  74  17   0   9    T  0.0    0 10.9 29 200   M    M   6        40 200
15  72  38  55  -1  10   0 0.00  0.0    0  7.6 24 350   M    M   0        44 360
16  69  34  52  -4  13   0 0.00  0.0    0  2.3 14 170   M    M   0        17 170
17  72  35  54  -2  11   0 0.00  0.0    0  4.2 14 120   M    M   0        19 110
18  73  39  56   1   9   0 0.00  0.0    0  7.1 20 180   M    M   0        26 170
19  77  49  63   8   2   0 0.00    M    M 11.3 21 170   M    M   2        30 210
20  76  59  68  14   0   3 0.00    M    M  7.9 15 180   M    M   5 1      24 190
21  77  59  68  14   0   3 0.00    M    M  4.7 14 170   M    M   7 1      20 210
22  64  49  57   3   8   0    T    M    M  9.1 18  10   M    M   7        26 360
23  62  48  55   2  10   0 0.00    M    M  5.8 12 190   M    M   7 1      24 110
24  70  50  60   7   5   0 0.18    M    M 11.0 29 260   M    M   7 13     42 320
25  64  39  52   0  13   0 0.00    M    M  5.5 15 310   M    M   1 8      24 310
26  71  36  54   2  11   0 0.00    M    M  5.8 15 160   M    M   0        22 190
27  63  52  58   6   7   0 0.00    M    M  7.2 16  30   M    M   6 12     23  40
28  60  46  53   2  12   0 0.09    M    M  9.2 17  60   M    M   8 18     27  50
29  51  43  47  -4  18   0 0.07    M    M  9.0 20 350   M    M   8 1      32 350
================================================================================
SM 2081 1375       175  25  0.34  0.0    204.4          M       95
================================================================================
AV 71.8 47.4                               7.0 FASTST   M    M   3    MAX(MPH)
                                 MISC ---->  # 29 200                 44 360
================================================================================
NOTES:
# LAST OF SEVERAL OCCURRENCES

COLUMN 17 PEAK WIND IN M.P.H.

PRELIMINARY LOCAL CLIMATOLOGICAL DATA (WS FORM: F-6) , PAGE 2

                                          STATION:   TERRELL
                                          MONTH:     NOVEMBER
                                          YEAR:      2020
                                          LATITUDE:   32 42 N
                                          LONGITUDE:  96 16 W

[TEMPERATURE DATA]      [PRECIPITATION DATA]       SYMBOLS USED IN COLUMN 16

AVERAGE MONTHLY: 59.6   TOTAL FOR MONTH:   0.34    1 = FOG OR MIST
DPTR FM NORMAL:   3.2   DPTR FM NORMAL:   -2.90    2 = FOG REDUCING VISIBILITY
HIGHEST:    83 ON 14    GRTST 24HR  0.18 ON 24-24      TO 1/4 MILE OR LESS
LOWEST:     34 ON 16                               3 = THUNDER
                        SNOW, ICE PELLETS, HAIL    4 = ICE PELLETS
                        TOTAL MONTH:   0.0 INCH    5 = HAIL
                        GRTST 24HR  0.0            6 = FREEZING RAIN OR DRIZZLE
                        GRTST DEPTH:  0            7 = DUSTSTORM OR SANDSTORM:
                                                       VSBY 1/2 MILE OR LESS
                                                   8 = SMOKE OR HAZE
[NO. OF DAYS WITH]      [WEATHER - DAYS WITH]      9 = BLOWING SNOW
                                                   X = TORNADO
MAX 32 OR BELOW:   0    0.01 INCH OR MORE:   3
MAX 90 OR ABOVE:   0    0.10 INCH OR MORE:   1
MIN 32 OR BELOW:   0    0.50 INCH OR MORE:   0
MIN  0 OR BELOW:   0    1.00 INCH OR MORE:   0

[HDD (BASE 65) ]
TOTAL THIS MO.   175    CLEAR  (SCALE 0-3)  14
DPTR FM NORMAL   -99    PTCLDY (SCALE 4-7)  15
TOTAL FM JUL 1   327    CLOUDY (SCALE 8-10)  0
DPTR FM NORMAL   -25

[CDD (BASE 65) ]
TOTAL THIS MO.    25
DPTR FM NORMAL     5    [PRESSURE DATA]
TOTAL FM JAN 1  2542    HIGHEST SLP M ON M
DPTR FM NORMAL    -3    LOWEST  SLP 29.70 ON 14

[REMARKS]
