181
CXUS52 KTAE 300900
CF6VLD
PRELIMINARY LOCAL CLIMATOLOGICAL DATA (WS FORM: F-6)

                                          STATION:   VALDOSTA
                                          MONTH:     NOVEMBER
                                          YEAR:      2020
                                          LATITUDE:   30 46 N
                                          LONGITUDE:  83 17 W

  TEMPERATURE IN F:       :PCPN:    SNOW:  WIND      :SUNSHINE: SKY     :PK WND
================================================================================
1   2   3   4   5  6A  6B    7    8   9   10  11  12  13   14  15   16   17  18
                                     12Z  AVG MX 2MIN
DY MAX MIN AVG DEP HDD CDD  WTR  SNW DPTH SPD SPD DIR MIN PSBL S-S WX    SPD DR
================================================================================

 1  78  57  68   4   0   3 0.21  0.0    M  3.4 15 360   M    M   6 1      19  10
 2  66  41  54 -10  11   0 0.00  0.0    M  8.0 20  20   M    M   0        26  40
 3  70  36  53 -10  12   0 0.00  0.0    M  1.0  8  30   M    M   0 1      10 360
 4  76  39  58  -5   7   0 0.00  0.0    M  3.6 10  50   M    M   1        16  30
 5  78  60  69   6   0   4 0.00  0.0    M  6.7 14  40   M    M   6        22  90
 6  82  63  73  11   0   8 0.00  0.0    M  6.9 15  50   M    M   5 1      21  50
 7  79  69  74  12   0   9 0.25  0.0    M  7.2 15  70   M    M   6 18     22 110
 8  83  69  76  14   0  11 0.01  0.0    M  9.3 18  70   M    M   8 1      26 110
 9  83  72  78  16   0  13 0.02  0.0    M 10.8 21  60   M    M   9 1      28  50
10  86  74  80  19   0  15 0.10  0.0    0  6.6 14  90   M    M   8 18     19 120
11  86  75  81  20   0  16 0.02  0.0    0  5.1 12 140   M    M   8 1      15 150
12  84  65  75  14   0  10 0.17  0.0    0  4.2 16  10   M    M   6 1      22 360
13  80  55  68   8   0   3 0.00  0.0    M  1.7  9 360   M    M   3 1      12 360
14  80  52  66   6   0   1 0.00  0.0    M  1.9  8  70   M    M   0 1      11 120
15  85  59  72  12   0   7 0.00  0.0    M  2.1 15 180   M    M   4 128    20 160
16  74  44  59  -1   6   0 0.00  0.0    M  3.7 22  10   M    M   1 12     26  10
17  73  38  56  -3   9   0 0.00  0.0    M  4.1 16  10   M    M   0        21  20
18  64  43  54  -5  11   0 0.00  0.0    M  7.3 16  30   M    M   0        21  20
19  71  40  56  -3   9   0 0.00  0.0    M  7.7 16  50   M    M   3        20  50
20  77  54  66   7   0   1 0.00  0.0    0  5.9 13 120   M    M   6        18 120
21  76  55  66   8   0   1 0.00  0.0    M  4.5 14  80   M    M   5        18  60
22  81  53  67   9   0   2 0.00  0.0    M  3.2 12  10   M    M   1        14  40
23  75  46  61   3   4   0 0.00  0.0    M  3.5 16 360   M    M   1        21  10
24  76  45  61   3   4   0 0.00  0.0    0  5.3 13 170   M    M   2        17 130
25  80  54  67  10   0   2 0.00  0.0    0  4.3 16 170   M    M   4 1      22 180
26  83  56  70  13   0   5 0.19  0.0    0  2.2 12 170   M    M   3 123    15 220
27  77  64  71  14   0   6 0.00  0.0    M  0.3  6 170   M    M   6 12      8  60
28  73  61  67  10   0   2 0.55  0.0    M  4.0 15  10   M    M   8 1      20  10
29  70  59  65   9   0   0 0.04  0.0    0  6.4 18 180   M    M  10 1      26 180
================================================================================
SM 2246 1598        73 119  1.56  0.0    140.9          M      120
================================================================================
AV 77.4 55.1                               4.9 FASTST   M    M   4    MAX(MPH)
                                 MISC ---->    22  10                 28  50
================================================================================
NOTES:
# LAST OF SEVERAL OCCURRENCES

COLUMN 17 PEAK WIND IN M.P.H.

PRELIMINARY LOCAL CLIMATOLOGICAL DATA (WS FORM: F-6) , PAGE 2

                                          STATION:   VALDOSTA
                                          MONTH:     NOVEMBER
                                          YEAR:      2020
                                          LATITUDE:   30 46 N
                                          LONGITUDE:  83 17 W

[TEMPERATURE DATA]      [PRECIPITATION DATA]       SYMBOLS USED IN COLUMN 16

AVERAGE MONTHLY: 66.3   TOTAL FOR MONTH:   1.56    1 = FOG OR MIST
DPTR FM NORMAL:   6.3   DPTR FM NORMAL:   -0.89    2 = FOG REDUCING VISIBILITY
HIGHEST:    86 ON 11,10  GRTST 24HR  0.55 ON 28-28      TO 1/4 MILE OR LESS
LOWEST:     36 ON  3                               3 = THUNDER
                        SNOW, ICE PELLETS, HAIL    4 = ICE PELLETS
                        TOTAL MONTH:   0.0 INCH    5 = HAIL
                        GRTST 24HR  0.0            6 = FREEZING RAIN OR DRIZZLE
                        GRTST DEPTH:  0            7 = DUSTSTORM OR SANDSTORM:
                                                       VSBY 1/2 MILE OR LESS
                                                   8 = SMOKE OR HAZE
[NO. OF DAYS WITH]      [WEATHER - DAYS WITH]      9 = BLOWING SNOW
                                                   X = TORNADO
MAX 32 OR BELOW:   0    0.01 INCH OR MORE:  10
MAX 90 OR ABOVE:   0    0.10 INCH OR MORE:   6
MIN 32 OR BELOW:   0    0.50 INCH OR MORE:   1
MIN  0 OR BELOW:   0    1.00 INCH OR MORE:   0

[HDD (BASE 65) ]
TOTAL THIS MO.    73    CLEAR  (SCALE 0-3)  13
DPTR FM NORMAL  -105    PTCLDY (SCALE 4-7)  13
TOTAL FM JUL 1    79    CLOUDY (SCALE 8-10)  3
DPTR FM NORMAL  -142

[CDD (BASE 65) ]
TOTAL THIS MO.   119
DPTR FM NORMAL    81    [PRESSURE DATA]
TOTAL FM JAN 1  3108    HIGHEST SLP M ON M
DPTR FM NORMAL   689    LOWEST  SLP 29.76 ON 12

[REMARKS]
