000
CXUS54 KTSA 300950
CF6XNA
PRELIMINARY LOCAL CLIMATOLOGICAL DATA (WS FORM: F-6)

                                          STATION:   HIGHFILL ARKANSAS
                                          MONTH:     NOVEMBER
                                          YEAR:      2020
                                          LATITUDE:   36 16 N
                                          LONGITUDE:  94 19 W

  TEMPERATURE IN F:       :PCPN:    SNOW:  WIND      :SUNSHINE: SKY     :PK WND
================================================================================
1   2   3   4   5  6A  6B    7    8   9   10  11  12  13   14  15   16   17  18
                                     12Z  AVG MX 2MIN
DY MAX MIN AVG DEP HDD CDD  WTR  SNW DPTH SPD SPD DIR MIN PSBL S-S WX    SPD DR
================================================================================

 1  60  35  48  -5  17   0 0.00  0.0    M  8.2 21 360   M    M   0        26 360
 2  64  31  48  -4  17   0 0.00  0.0    M  5.6 15 210   M    M   0        21 200
 3  74  37  56   4   9   0 0.00  0.0    M  7.4 17 220   M    M   0        28 230
 4  73  46  60   8   5   0 0.00  0.0    M 10.1 21 210   M    M   0        30 210
 5  74  49  62  11   3   0 0.00  0.0    M  6.5 17 190   M    M   0        22 180
 6  73  45  59   8   6   0 0.00  0.0    M  4.6 15 170   M    M   2 12     22 170
 7  73  42  58   8   7   0 0.00  0.0    M  7.5 18 180   M    M   1 1      25 170
 8  75  55  65  15   0   0    T  0.0    M 12.0 28 180   M    M   5        35 180
 9  78  63  71  22   0   6 0.00  0.0    M 13.7 24 170   M    M   7        31 160
10  71  36  54   5  11   0 0.11  0.0    M 11.1 28 200   M    M   5 1      38 190
11  60  32  46  -2  19   0 0.00  0.0    M  5.8 13  60   M    M   0        22  80
12  67  39  53   5  12   0 0.01  0.0    M  6.8 17 210   M    M   2        25 210
13  58  32  45  -3  20   0 0.00  0.0    M  7.2 17  10   M    M   2        23  10
14  69  52  61  14   4   0 0.57  0.0    M 14.0 35 320   M    M   8 13     55 340
15  57  35  46   0  19   0 0.00  0.0    M  9.7 26 310   M    M   0        39 270
16  67  31  49   3  16   0 0.00    M    M  6.4 21 220   M    M   0        29 240
17  68  34  51   5  14   0 0.00  0.0    M  5.2 14 110   M    M   0        19  90
18  66  42  54   9  11   0 0.00  0.0    M 13.8 25 190   M    M   0        39 180
19  71  55  63  18   2   0 0.00  0.0    M 17.4 30 190   M    M   0        43 200
20  69  50  60  16   5   0 0.00  0.0    M  8.4 18 220   M    M   5        26 190
21  62  49  56  12   9   0 0.71  0.0    M  4.3 20 300   M    M  10 13     27 300
22  49  33  41  -2  24   0 0.12  0.0    M  7.9 17  10   M    M   8 1      24  10
23  56  28  42  -1  23   0 0.00  0.0    M  6.7 16 150   M    M   4 12     21 160
24  57  45  51   9  14   0 0.88  0.0    M 14.4 22 170   M    M  10 138    31 170
25  55  31  43   1  22   0 0.01    M    M  9.5 26 250   M    M   8 12     39 250
26  64  28  46   4  19   0 0.00  0.0    M  4.1 16 180   M    M   1 12     19 180
27  59  36  48   7  17   0 0.00  0.0    M  7.7 21 360   M    M   2        25 340
28  53   1  27 -14  38   0 0.00  0.0    M  4.0 13 110   M    M   0        18 110
29  47  34  41   1  24   0 0.03    M    M  9.8 29 350   M    M   7        40 350
================================================================================
SM 1869 1126       387   6  2.44  0.0    249.8          M       87
================================================================================
AV 64.4 38.8                               8.6 FASTST   M    M   3    MAX(MPH)
                                 MISC ---->    35 320                 55 340
================================================================================
NOTES:
# LAST OF SEVERAL OCCURRENCES

COLUMN 17 PEAK WIND IN M.P.H.

PRELIMINARY LOCAL CLIMATOLOGICAL DATA (WS FORM: F-6) , PAGE 2

                                          STATION:   HIGHFILL ARKANSAS
                                          MONTH:     NOVEMBER
                                          YEAR:      2020
                                          LATITUDE:   36 16 N
                                          LONGITUDE:  94 19 W

[TEMPERATURE DATA]      [PRECIPITATION DATA]       SYMBOLS USED IN COLUMN 16

AVERAGE MONTHLY: 51.6   TOTAL FOR MONTH:   2.44    1 = FOG OR MIST
DPTR FM NORMAL:   5.1   DPTR FM NORMAL:   -1.69    2 = FOG REDUCING VISIBILITY
HIGHEST:    78 ON  9    GRTST 24HR  0.89 ON 24-25      TO 1/4 MILE OR LESS
LOWEST:      1 ON 28                               3 = THUNDER
                        SNOW, ICE PELLETS, HAIL    4 = ICE PELLETS
                        TOTAL MONTH:   0.0 INCH    5 = HAIL
                        GRTST 24HR  0.0            6 = FREEZING RAIN OR DRIZZLE
                        GRTST DEPTH:  M  ON   M    7 = DUSTSTORM OR SANDSTORM:
                                                       VSBY 1/2 MILE OR LESS
                                                   8 = SMOKE OR HAZE
[NO. OF DAYS WITH]      [WEATHER - DAYS WITH]      9 = BLOWING SNOW
                                                   X = TORNADO
MAX 32 OR BELOW:   0    0.01 INCH OR MORE:   8
MAX 90 OR ABOVE:   0    0.10 INCH OR MORE:   5
MIN 32 OR BELOW:   8    0.50 INCH OR MORE:   3
MIN  0 OR BELOW:   0    1.00 INCH OR MORE:   0

[HDD (BASE 65) ]
TOTAL THIS MO.   387    CLEAR  (SCALE 0-3)  18
DPTR FM NORMAL  -150    PTCLDY (SCALE 4-7)   9
TOTAL FM JUL 1   687    CLOUDY (SCALE 8-10)  2
DPTR FM NORMAL  -158

[CDD (BASE 65) ]
TOTAL THIS MO.     6
DPTR FM NORMAL     6    [PRESSURE DATA]
TOTAL FM JAN 1  1505    HIGHEST SLP M ON M
DPTR FM NORMAL   265    LOWEST  SLP 29.57 ON 14

[REMARKS]
