000
CDUS41 KBTV 130523
CLI1V4

CLIMATE REPORT
NATIONAL WEATHER SERVICE BURLINGTON VT
123 AM EDT SUN JUN 13 2021

...................................

...THE SAINT JOHNSBURY VT ASOS CLIMATE SUMMARY FOR JUNE 12 2021...

CLIMATE NORMAL PERIOD: 1991 TO 2020
CLIMATE RECORD PERIOD: 1998 TO 2021


WEATHER ITEM   OBSERVED TIME   RECORD YEAR NORMAL DEPARTURE LAST
                VALUE   (LST)  VALUE       VALUE  FROM      YEAR
                                                  NORMAL
...................................................................
TEMPERATURE (F)
 YESTERDAY
  MAXIMUM         78        MM  91    2017  74      4       77
  MINIMUM         44        MM  37    2004  52     -8       47
  AVERAGE         61                        63     -2       62

PRECIPITATION (IN)
  YESTERDAY        0.00          1.84 2002   0.12  -0.12     0.00
  MONTH TO DATE    0.64                      1.49  -0.85     0.31
  SINCE JUN 1      0.64                      1.49  -0.85     0.31
  SINCE JAN 1     10.81                     15.59  -4.78    14.58

DEGREE DAYS
 HEATING
  YESTERDAY        4                         4      0        3
  MONTH TO DATE   25                        58    -33       69
  SINCE JUN 1     25                        58    -33       69
  SINCE JUL 1   7345                      7946   -601     7767

 COOLING
  YESTERDAY        0                         2     -2        0
  MONTH TO DATE   33                        18     15       14
  SINCE JUN 1     33                        18     15       14
  SINCE JAN 1     67                        31     36       58
...................................................................


RELATIVE HUMIDITY (PERCENT)
 HIGHEST    96           5:00 AM
 LOWEST     30           6:00 PM
 AVERAGE    63

..........................................................


THE SAINT JOHNSBURY VT ASOS CLIMATE NORMALS FOR TODAY
                         NORMAL    RECORD    YEAR
 MAXIMUM TEMPERATURE (F)   75        87      2005
 MINIMUM TEMPERATURE (F)   52        40      2004


SUNRISE AND SUNSET
JUNE 13 2021..........SUNRISE   5:03 AM EDT   SUNSET   8:34 PM EDT
JUNE 14 2021..........SUNRISE   5:03 AM EDT   SUNSET   8:34 PM EDT


-  INDICATES NEGATIVE NUMBERS.
R  INDICATES RECORD WAS SET OR TIED.
MM INDICATES DATA IS MISSING.
T  INDICATES TRACE AMOUNT.




$$
