412
CDUS41 KBTV 280532
CLI1V4

CLIMATE REPORT
NATIONAL WEATHER SERVICE BURLINGTON VT
1232 AM EST SAT NOV 28 2020

...................................

...THE SAINT JOHNSBURY VT ASOS CLIMATE SUMMARY FOR NOVEMBER 27 2020...

CLIMATE NORMAL PERIOD: 1981 TO 2010
CLIMATE RECORD PERIOD: 1998 TO 2020


WEATHER ITEM   OBSERVED TIME   RECORD YEAR NORMAL DEPARTURE LAST
                VALUE   (LST)  VALUE       VALUE  FROM      YEAR
                                                  NORMAL
...................................................................
TEMPERATURE (F)
 YESTERDAY
  MAXIMUM         44        MM  59    2015  39      5       37
  MINIMUM         36        MM  13    2004  24     12       29
  AVERAGE         40                        31      9       33

PRECIPITATION (IN)
  YESTERDAY        0.02          1.19 2013   0.11  -0.09     0.54
  MONTH TO DATE    2.29                      3.07  -0.78     2.45
  SINCE SEP 1      8.43                     10.33  -1.90    12.02
  SINCE JAN 1     30.12                     36.09  -5.97    44.88

DEGREE DAYS
 HEATING
  YESTERDAY       25                        34     -9       32
  MONTH TO DATE  709                       765    -56      926
  SINCE SEP 1   1487                      1502    -15     1653
  SINCE JUL 1   1530                      1552    -22     1695

 COOLING
  YESTERDAY        0                         0      0        0
  MONTH TO DATE    0                         0      0        0
  SINCE SEP 1     40                        35      5       11
  SINCE JAN 1    546                       433    113      306
...................................................................


RELATIVE HUMIDITY (PERCENT)
 HIGHEST   100           5:00 AM
 LOWEST     85           2:00 PM
 AVERAGE    93

..........................................................


THE SAINT JOHNSBURY VT ASOS CLIMATE NORMALS FOR TODAY
                         NORMAL    RECORD    YEAR
 MAXIMUM TEMPERATURE (F)   38        50      2015
 MINIMUM TEMPERATURE (F)   23         8      2002


SUNRISE AND SUNSET
NOVEMBER 28 2020......SUNRISE   7:01 AM EST   SUNSET   4:11 PM EST
NOVEMBER 29 2020......SUNRISE   7:02 AM EST   SUNSET   4:11 PM EST


-  INDICATES NEGATIVE NUMBERS.
R  INDICATES RECORD WAS SET OR TIED.
MM INDICATES DATA IS MISSING.
T  INDICATES TRACE AMOUNT.




$$
