000
CDUS43 KUNR 260836
CLI2WX

CLIMATE REPORT
NATIONAL WEATHER SERVICE RAPID CITY SD
136 AM MST THU NOV 26 2020

...................................

...THE BUFFALO SD CLIMATE SUMMARY FOR NOVEMBER 25 2020...

CLIMATE NORMAL PERIOD 1981 TO 2010
CLIMATE RECORD PERIOD 9999 TO 9999


WEATHER ITEM   OBSERVED TIME   NORMAL DEPARTURE LAST
                VALUE   (LST)  VALUE  FROM      YEAR
                                      NORMAL
.......................................................
TEMPERATURE (F)
 YESTERDAY
  MAXIMUM         52    204 PM  37     15       39
  MINIMUM         20    724 AM  17      3       27
  AVERAGE         36            27      9       33

PRECIPITATION (IN)
  YESTERDAY        0.01          0.00   0.01     0.00
  MONTH TO DATE    0.08          0.30  -0.22     0.35
  SINCE SEP 1      1.86          2.08  -0.22     4.73
  SINCE JAN 1      9.45         14.22  -4.77    20.11

DEGREE DAYS
 HEATING
  YESTERDAY       29            38     -9       32
  MONTH TO DATE  634           799   -165      789
  SINCE SEP 1   1534          1648   -114     1735
  SINCE JUL 1   1546          1700   -154     1761

 COOLING
  YESTERDAY        0             0      0        0
  MONTH TO DATE    0             0      0        0
  SINCE SEP 1     49            42      7       82
  SINCE JAN 1    738           513    225      516
.......................................................


WIND (MPH)
  HIGHEST WIND SPEED    29   HIGHEST WIND DIRECTION    NW (320)
  HIGHEST GUST SPEED    36   HIGHEST GUST DIRECTION    NW (320)
  AVERAGE WIND SPEED     8.6


SKY COVER
  AVERAGE SKY COVER 0.0


RELATIVE HUMIDITY (PERCENT)
 HIGHEST    85          1100 PM
 LOWEST     26           200 PM
 AVERAGE    56

..........................................................



SUNRISE AND SUNSET
NOVEMBER 26 2020......SUNRISE   709 AM MST   SUNSET   414 PM MST
NOVEMBER 27 2020......SUNRISE   710 AM MST   SUNSET   414 PM MST


-  INDICATES NEGATIVE NUMBERS.
R  INDICATES RECORD WAS SET OR TIED.
MM INDICATES DATA IS MISSING.
T  INDICATES TRACE AMOUNT.




$$
