000
CDUS41 KPHI 130553
CLI55N

CLIMATE REPORT
NATIONAL WEATHER SERVICE MOUNT HOLLY NJ
153 AM EDT SUN JUN 13 2021

...................................

...THE ATLANTIC CITY MARINA CLIMATE SUMMARY FOR JUNE 12 2021...

CLIMATE NORMAL PERIOD: 1991 TO 2020
CLIMATE RECORD PERIOD: 1873 TO 2021


WEATHER ITEM   OBSERVED TIME   RECORD YEAR NORMAL DEPARTURE LAST
                VALUE   (LST)  VALUE       VALUE  FROM      YEAR
                                                  NORMAL
...................................................................
TEMPERATURE (F)
 YESTERDAY
  MAXIMUM         67  11:33 AM  93    1880  74     -7       81
                                      1914
  MINIMUM         63   6:51 PM  50    1878  64     -1       66
  AVERAGE         65                        69     -4       74

PRECIPITATION (IN)
  YESTERDAY        0.00          3.65 1968   0.11  -0.11     0.00
  MONTH TO DATE    0.72                      1.28  -0.56     1.58
  SINCE JUN 1      0.72                      1.28  -0.56     1.58
  SINCE JAN 1     20.97                     18.37   2.60    13.87

DEGREE DAYS
 HEATING
  YESTERDAY        0                         1     -1        0
  MONTH TO DATE    3                        17    -14        4
  SINCE JUN 1      3                        17    -14        4
  SINCE JUL 1   3924                      4434   -510     4025

 COOLING
  YESTERDAY        0                         5     -5        9
  MONTH TO DATE   53                        40     13       68
  SINCE JUN 1     53                        40     13       68
  SINCE JAN 1    106                        72     34       76
...................................................................


WIND (MPH)
  HIGHEST WIND SPEED    16   HIGHEST WIND DIRECTION     E (80)
  HIGHEST GUST SPEED    24   HIGHEST GUST DIRECTION     E (80)
  AVERAGE WIND SPEED     9.4

..........................................................


THE ATLANTIC CITY MARINA CLIMATE NORMALS FOR TODAY
                         NORMAL    RECORD    YEAR
 MAXIMUM TEMPERATURE (F)   74        95      1956
 MINIMUM TEMPERATURE (F)   64        50      1878
                                             1907


SUNRISE AND SUNSET
JUNE 13 2021..........SUNRISE   5:30 AM EDT   SUNSET   8:26 PM EDT
JUNE 14 2021..........SUNRISE   5:30 AM EDT   SUNSET   8:26 PM EDT


-  INDICATES NEGATIVE NUMBERS.
R  INDICATES RECORD WAS SET OR TIED.
MM INDICATES DATA IS MISSING.
T  INDICATES TRACE AMOUNT.




$$
