000
CDUS41 KPHI 280551
CLI55N

CLIMATE REPORT
NATIONAL WEATHER SERVICE MOUNT HOLLY NJ
1251 AM EST SAT NOV 28 2020

...................................

...THE ATLANTIC CITY MARINA CLIMATE SUMMARY FOR NOVEMBER 27 2020...

CLIMATE NORMAL PERIOD: 1981 TO 2010
CLIMATE RECORD PERIOD: 1873 TO 2020


WEATHER ITEM   OBSERVED TIME   RECORD YEAR NORMAL DEPARTURE LAST
                VALUE   (LST)  VALUE       VALUE  FROM      YEAR
                                                  NORMAL
...................................................................
TEMPERATURE (F)
 YESTERDAY
  MAXIMUM         60   1:36 PM  67    1981  52      8       56
  MINIMUM         52  11:36 PM  16    1903  39     13       54
  AVERAGE         56                        46     10       55

PRECIPITATION (IN)
  YESTERDAY        0.00          3.48 1944   0.12  -0.12     0.00
  MONTH TO DATE    4.13                      3.01   1.12     1.64
  SINCE SEP 1     17.09                      9.56   7.53     7.26
  SINCE JAN 1     42.11                     36.05   6.06    33.32

DEGREE DAYS
 HEATING
  YESTERDAY        9                        19    -10       10
  MONTH TO DATE  278                       408   -130      496
  SINCE SEP 1    441                       650   -209      631
  SINCE JUL 1    441                       651   -210      631

 COOLING
  YESTERDAY        0                         0      0        0
  MONTH TO DATE    1                         0      1        0
  SINCE SEP 1    189                       173     16      229
  SINCE JAN 1   1145                      1020    125     1207
...................................................................


WIND (MPH)
  HIGHEST WIND SPEED     8   HIGHEST WIND DIRECTION     N (340)
  HIGHEST GUST SPEED    MM   HIGHEST GUST DIRECTION    MM
  AVERAGE WIND SPEED     3.4

..........................................................


THE ATLANTIC CITY MARINA CLIMATE NORMALS FOR TODAY
                         NORMAL    RECORD    YEAR
 MAXIMUM TEMPERATURE (F)   52        68      1995
 MINIMUM TEMPERATURE (F)   39        16      1903


SUNRISE AND SUNSET
NOVEMBER 28 2020......SUNRISE   6:56 AM EST   SUNSET   4:35 PM EST
NOVEMBER 29 2020......SUNRISE   6:57 AM EST   SUNSET   4:35 PM EST


-  INDICATES NEGATIVE NUMBERS.
R  INDICATES RECORD WAS SET OR TIED.
MM INDICATES DATA IS MISSING.
T  INDICATES TRACE AMOUNT.




$$
