000
CDUS43 KABR 260736
CLI8D3

CLIMATE REPORT
NATIONAL WEATHER SERVICE ABERDEEN SD
136 AM CST THU NOV 26 2020

...................................

...THE SISSETON SD CLIMATE SUMMARY FOR NOVEMBER 25 2020...

CLIMATE NORMAL PERIOD 1981 TO 2010
CLIMATE RECORD PERIOD 1900 TO 2020


WEATHER ITEM   OBSERVED TIME   RECORD YEAR NORMAL DEPARTURE LAST
                VALUE   (LST)  VALUE       VALUE  FROM      YEAR
                                                  NORMAL
...................................................................
TEMPERATURE (F)
 YESTERDAY
  MAXIMUM         38    302 PM  68    1960  35      3       46
  MINIMUM         26   1159 PM -16    1977  16     10       27
  AVERAGE         32                        25      7       37

PRECIPITATION (IN)
  YESTERDAY        0.00          0.68 1934   0.01  -0.01      T
  MONTH TO DATE    0.49                      0.54  -0.05     0.06
  SINCE SEP 1      2.74                      5.16  -2.42     9.98
  SINCE JAN 1     13.14                     21.90  -8.76    33.55

SNOWFALL (IN)
  YESTERDAY        0.0           5.0  1993                   0.0
  MONTH TO DATE    0.1                                       0.3
  SINCE OCT 1      8.3                                       1.5
  SINCE JUL 1      8.3                                       1.5
  SNOW DEPTH       0

DEGREE DAYS
 HEATING
  YESTERDAY       33                        40     -7       28
  MONTH TO DATE  658                       819   -161      878
  SINCE SEP 1   1589                      1603    -14     1742
  SINCE JUL 1   1599                      1646    -47     1787

 COOLING
  YESTERDAY        0                         0      0        0
  MONTH TO DATE    0                         0      0        0
  SINCE SEP 1     29                        48    -19       56
  SINCE JAN 1    691                       527    164      494
...................................................................


WIND (MPH)
  HIGHEST WIND SPEED    14   HIGHEST WIND DIRECTION     S (160)
  HIGHEST GUST SPEED    18   HIGHEST GUST DIRECTION     S (180)
  AVERAGE WIND SPEED     8.3


RELATIVE HUMIDITY (PERCENT)
 HIGHEST    89           300 AM
 LOWEST     70           200 PM
 AVERAGE    80

..........................................................


THE SISSETON SD CLIMATE NORMALS FOR TODAY
                         NORMAL    RECORD    YEAR
 MAXIMUM TEMPERATURE (F)   34        60      1998
 MINIMUM TEMPERATURE (F)   16       -14      1996


SUNRISE AND SUNSET
NOVEMBER 26 2020......SUNRISE   743 AM CST   SUNSET   448 PM CST
NOVEMBER 27 2020......SUNRISE   744 AM CST   SUNSET   447 PM CST


-  INDICATES NEGATIVE NUMBERS.
R  INDICATES RECORD WAS SET OR TIED.
MM INDICATES DATA IS MISSING.
T  INDICATES TRACE AMOUNT.




$$
