000
CDUS42 KTAE 130631
CLIAAF

CLIMATE REPORT
NATIONAL WEATHER SERVICE TALLAHASSEE FL
231 AM EDT SUN JUN 13 2021

...................................

...THE APALACHICOLA CLIMATE SUMMARY FOR JUNE 12 2021...

CLIMATE NORMAL PERIOD 1991 TO 2020
CLIMATE RECORD PERIOD 1931 TO 2021


WEATHER ITEM   OBSERVED TIME   RECORD YEAR NORMAL DEPARTURE LAST
                VALUE   (LST)  VALUE       VALUE  FROM      YEAR
                                                  NORMAL
...................................................................
TEMPERATURE (F)
 YESTERDAY
  MAXIMUM         89   1004 AM  97    1952  88      1       89
  MINIMUM         76    520 PM  65    1979  73      3       71
                                      2000
  AVERAGE         83                        80      3       80

PRECIPITATION (IN)
  YESTERDAY        0.01          4.30 1954   0.21  -0.20     0.30
  MONTH TO DATE    0.03                      2.08  -2.05     2.31
  SINCE JUN 1      0.03                      2.08  -2.05     2.31
  SINCE JAN 1     25.73                     19.43   6.30     7.17

SNOWFALL (IN)
  YESTERDAY        0.0                      MM     MM

DEGREE DAYS
 HEATING
  YESTERDAY        0                                0
  MONTH TO DATE    0                                0
  SINCE JUN 1      0                                0
  SINCE JUL 1   1098                             -126

 COOLING
  YESTERDAY       18                                2
  MONTH TO DATE  179                                3
  SINCE JUN 1    179                                3
  SINCE JAN 1    682                               27
...................................................................


WIND (MPH)
  HIGHEST WIND SPEED    18   HIGHEST WIND DIRECTION     W (260)
  HIGHEST GUST SPEED    23   HIGHEST GUST DIRECTION     W (250)
  AVERAGE WIND SPEED    10.7

..........................................................


THE APALACHICOLA CLIMATE NORMALS FOR TODAY
                         NORMAL    RECORD    YEAR
 MAXIMUM TEMPERATURE (F)   89        96      2010
 MINIMUM TEMPERATURE (F)   73        63      1979


SUNRISE AND SUNSET
JUNE 13 2021..........SUNRISE   639 AM EDT   SUNSET   842 PM EDT
JUNE 14 2021..........SUNRISE   639 AM EDT   SUNSET   842 PM EDT


-  INDICATES NEGATIVE NUMBERS.
R  INDICATES RECORD WAS SET OR TIED.
MM INDICATES DATA IS MISSING.
T  INDICATES TRACE AMOUNT.




$$
