000
CDUS42 KTAE 280733
CLIAAF

CLIMATE REPORT
NATIONAL WEATHER SERVICE TALLAHASSEE FL
233 AM EST SAT NOV 28 2020

...................................

...THE APALACHICOLA CLIMATE SUMMARY FOR NOVEMBER 27 2020...

CLIMATE NORMAL PERIOD 1981 TO 2010
CLIMATE RECORD PERIOD 1931 TO 2020


WEATHER ITEM   OBSERVED TIME   RECORD YEAR NORMAL DEPARTURE LAST
                VALUE   (LST)  VALUE       VALUE  FROM      YEAR
                                                  NORMAL
...................................................................
TEMPERATURE (F)
 YESTERDAY
  MAXIMUM         79    148 PM  80    1948  70      9       80
                                      2019
  MINIMUM         65    703 AM  34    1956  48     17       61
  AVERAGE         72                        59     13       71

PRECIPITATION (IN)
  YESTERDAY        0.00          2.29 1944   0.12  -0.12     0.00
  MONTH TO DATE    0.24                      3.14  -2.90     1.26
  SINCE SEP 1     20.58                     14.07   6.51     5.67
  SINCE JAN 1     49.81                     54.01  -4.20    41.24

SNOWFALL (IN)
  YESTERDAY        0.0                       0.0    0.0

DEGREE DAYS
 HEATING
  YESTERDAY        0                               -7
  MONTH TO DATE   38                              -85
  SINCE SEP 1     42                             -108
  SINCE JUL 1     42                             -108

 COOLING
  YESTERDAY        7                                6
  MONTH TO DATE  135                               83
  SINCE SEP 1    904                              229
  SINCE JAN 1   2873                              272
...................................................................


WIND (MPH)
  HIGHEST WIND SPEED    10   HIGHEST WIND DIRECTION     S (170)
  HIGHEST GUST SPEED    14   HIGHEST GUST DIRECTION    SE (150)
  AVERAGE WIND SPEED     2.9

..........................................................


THE APALACHICOLA CLIMATE NORMALS FOR TODAY
                         NORMAL    RECORD    YEAR
 MAXIMUM TEMPERATURE (F)   70        83      1981
 MINIMUM TEMPERATURE (F)   48        29      1938


SUNRISE AND SUNSET
NOVEMBER 28 2020......SUNRISE   716 AM EST   SUNSET   541 PM EST
NOVEMBER 29 2020......SUNRISE   717 AM EST   SUNSET   541 PM EST


-  INDICATES NEGATIVE NUMBERS.
R  INDICATES RECORD WAS SET OR TIED.
MM INDICATES DATA IS MISSING.
T  INDICATES TRACE AMOUNT.




$$
