000
CDUS46 KMFR 280831
CLIAAT

CLIMATE REPORT
NATIONAL WEATHER SERVICE MEDFORD, OR
1231 AM PST SAT NOV 28 2020

...................................

...THE ALTURAS CA CLIMATE SUMMARY FOR NOVEMBER 27 2020...

CLIMATE NORMAL PERIOD 1981 TO 2010
CLIMATE RECORD PERIOD 1905 TO 2020


WEATHER ITEM   OBSERVED TIME   RECORD YEAR NORMAL DEPARTURE LAST
                VALUE   (LST)  VALUE       VALUE  FROM      YEAR
                                                  NORMAL
...................................................................
TEMPERATURE (F)
 YESTERDAY
  MAXIMUM         51    336 PM  65    1954  44      7       33
                                      1963
  MINIMUM         10    648 AM  -4    2015  21    -11       20
  AVERAGE         31                        32     -1       27

PRECIPITATION (IN)
  YESTERDAY        0.00          0.52 1962   0.06  -0.06     0.01
  MONTH TO DATE    0.43                      1.62  -1.19     0.09
  SINCE OCT 1      0.57                      2.63  -2.06     0.40
  SINCE JAN 1      7.56                     12.29  -4.73    12.62

SNOWFALL (IN)
  YESTERDAY       MM                        MM     MM       MM
  MONTH TO DATE   MM                         0.0   MM       MM
  SINCE JUL 1     MM                        MM     MM        0.0
  SNOW DEPTH      MM

DEGREE DAYS
 HEATING
  YESTERDAY       34                        33      1       38
  MONTH TO DATE  748                       768    -20      652
  SINCE SEP 1   1351                      1600   -249     1611
  SINCE JUL 1   1390                      1711   -321     1660

 COOLING
  YESTERDAY        0                         0      0        0
  MONTH TO DATE    0                         0      0        0
  SINCE SEP 1     43                         5     38       15
  SINCE JAN 1    318                       156    162      217
...................................................................


WIND (MPH)
  HIGHEST WIND SPEED     8   HIGHEST WIND DIRECTION    NE (50)
  HIGHEST GUST SPEED    10   HIGHEST GUST DIRECTION     E (110)
  AVERAGE WIND SPEED     1.6


SKY COVER
  POSSIBLE SUNSHINE  MM
  AVERAGE SKY COVER 0.0


WEATHER CONDITIONS
THE FOLLOWING WEATHER WAS RECORDED YESTERDAY.
  FOG
  HAZE


RELATIVE HUMIDITY (PERCENT)
 HIGHEST    96           100 AM
 LOWEST     27           300 PM
 AVERAGE    62

..........................................................


THE ALTURAS CA CLIMATE NORMALS FOR TODAY
                         NORMAL    RECORD    YEAR
 MAXIMUM TEMPERATURE (F)   43        68      1980
 MINIMUM TEMPERATURE (F)   21        -6      2015


SUNRISE AND SUNSET
NOVEMBER 28 2020......SUNRISE   707 AM PST   SUNSET   434 PM PST
NOVEMBER 29 2020......SUNRISE   708 AM PST   SUNSET   434 PM PST


-  INDICATES NEGATIVE NUMBERS.
R  INDICATES RECORD WAS SET OR TIED.
MM INDICATES DATA IS MISSING.
T  INDICATES TRACE AMOUNT.




$$
