000
CDUS46 KMFR 130838
CLIAAT

CLIMATE REPORT
NATIONAL WEATHER SERVICE MEDFORD, OR
138 AM PDT SUN JUN 13 2021

...................................

...THE ALTURAS CA CLIMATE SUMMARY FOR JUNE 12 2021...

CLIMATE NORMAL PERIOD 1991 TO 2020
CLIMATE RECORD PERIOD 1905 TO 2021


WEATHER ITEM   OBSERVED TIME   RECORD YEAR NORMAL DEPARTURE LAST
                VALUE   (LST)  VALUE       VALUE  FROM      YEAR
                                                  NORMAL
...................................................................
TEMPERATURE (F)
 YESTERDAY
  MAXIMUM         82    245 PM  94    1974  76      6       75
  MINIMUM         40    453 AM  27    1993  42     -2       47
  AVERAGE         61                        59      2       61

PRECIPITATION (IN)
  YESTERDAY        0.00          0.67 1981   0.02  -0.02      T
  MONTH TO DATE    0.24                      0.40  -0.16     0.44
  SINCE OCT 1      5.59                     10.47  -4.88     8.57
  SINCE JAN 1      4.18                      6.91  -2.73     6.83

SNOWFALL (IN)
  YESTERDAY       MM                        MM     MM       MM
  MONTH TO DATE   MM                         0.0   MM       MM
  SINCE JUL 1     MM                        MM     MM        0.0
  SNOW DEPTH      MM

DEGREE DAYS
 HEATING
  YESTERDAY        4                         7     -3        4
  MONTH TO DATE   73                        95    -22       84
  SINCE JUN 1     73                        95    -22       84
  SINCE JUL 1   6273                      6483   -210     6448

 COOLING
  YESTERDAY        0                         0      0        0
  MONTH TO DATE   23                         0     23        2
  SINCE JUN 1     23                         0     23        2
  SINCE JAN 1     23                         1     22       14
...................................................................


WIND (MPH)
  HIGHEST WIND SPEED    22   HIGHEST WIND DIRECTION     W (280)
  HIGHEST GUST SPEED    33   HIGHEST GUST DIRECTION     W (250)
  AVERAGE WIND SPEED     4.5


SKY COVER
  POSSIBLE SUNSHINE  MM
  AVERAGE SKY COVER 0.3


WEATHER CONDITIONS
THE FOLLOWING WEATHER WAS RECORDED YESTERDAY.
  FOG


RELATIVE HUMIDITY (PERCENT)
 HIGHEST    97           400 AM
 LOWEST     26           300 PM
 AVERAGE    62

..........................................................


THE ALTURAS CA CLIMATE NORMALS FOR TODAY
                         NORMAL    RECORD    YEAR
 MAXIMUM TEMPERATURE (F)   77        93      2002
 MINIMUM TEMPERATURE (F)   42        27      1952


SUNRISE AND SUNSET
JUNE 13 2021..........SUNRISE   528 AM PDT   SUNSET   837 PM PDT
JUNE 14 2021..........SUNRISE   528 AM PDT   SUNSET   838 PM PDT


-  INDICATES NEGATIVE NUMBERS.
R  INDICATES RECORD WAS SET OR TIED.
MM INDICATES DATA IS MISSING.
T  INDICATES TRACE AMOUNT.




$$
