000
CDUS41 KPHI 290552
CLIABE

CLIMATE REPORT
NATIONAL WEATHER SERVICE MOUNT HOLLY NJ
1252 AM EST SUN NOV 29 2020

...................................

...THE ALLENTOWN PA CLIMATE SUMMARY FOR NOVEMBER 28 2020...

CLIMATE NORMAL PERIOD: 1981 TO 2010
CLIMATE RECORD PERIOD: 1922 TO 2020


WEATHER ITEM   OBSERVED TIME   RECORD YEAR NORMAL DEPARTURE LAST
                VALUE   (LST)  VALUE       VALUE  FROM      YEAR
                                                  NORMAL
...................................................................
TEMPERATURE (F)
 YESTERDAY
  MAXIMUM         54   2:23 PM  70    1990  47      7       51
  MINIMUM         33  11:22 PM  12    1930  29      4       37
  AVERAGE         44                        38      6       44

PRECIPITATION (IN)
  YESTERDAY        0.00          2.57 2004   0.13  -0.13     0.00
  MONTH TO DATE    2.19                      3.23  -1.04     1.65
  SINCE SEP 1      9.48                     11.73  -2.25    10.95
  SINCE JAN 1     42.62                     41.50   1.12    57.24

SNOWFALL (IN)
  YESTERDAY        0.0           1.8  1950   0.1   -0.1      0.0
  MONTH TO DATE    T                         0.6   -0.6       T
  SINCE SEP 1      T                         0.6   -0.6       T
  SINCE JUL 1      T                         0.6   -0.6       T
  SNOW DEPTH       0

DEGREE DAYS
 HEATING
  YESTERDAY       21                        27     -6       21
  MONTH TO DATE  503                       614   -111      673
  SINCE SEP 1    922                      1114   -192      922
  SINCE JUL 1    922                      1125   -203      922

 COOLING
  YESTERDAY        0                         0      0        0
  MONTH TO DATE    0                         0      0        0
  SINCE SEP 1     97                        78     19      167
  SINCE JAN 1   1043                       757    286     1176
...................................................................


WIND (MPH)
  HIGHEST WIND SPEED    20   HIGHEST WIND DIRECTION     W (280)
  HIGHEST GUST SPEED    27   HIGHEST GUST DIRECTION     W (290)
  AVERAGE WIND SPEED     5.6


SKY COVER
  POSSIBLE SUNSHINE  MM
  AVERAGE SKY COVER 0.5


WEATHER CONDITIONS
THE FOLLOWING WEATHER WAS RECORDED YESTERDAY.
  NO SIGNIFICANT WEATHER WAS OBSERVED.


RELATIVE HUMIDITY (PERCENT)
 HIGHEST    86           5:00 AM
 LOWEST     40           2:00 PM
 AVERAGE    63

..........................................................


THE ALLENTOWN PA CLIMATE NORMALS FOR TODAY
                         NORMAL    RECORD    YEAR
 MAXIMUM TEMPERATURE (F)   47        69      2005
 MINIMUM TEMPERATURE (F)   29        11      1930
                                             1955


SUNRISE AND SUNSET
NOVEMBER 29 2020......SUNRISE   7:05 AM EST   SUNSET   4:36 PM EST
NOVEMBER 30 2020......SUNRISE   7:06 AM EST   SUNSET   4:35 PM EST


-  INDICATES NEGATIVE NUMBERS.
R  INDICATES RECORD WAS SET OR TIED.
MM INDICATES DATA IS MISSING.
T  INDICATES TRACE AMOUNT.




$$
