000
CDUS44 KSJT 282326
CLIABI

CLIMATE REPORT
NATIONAL WEATHER SERVICE SAN ANGELO TX
526 PM CST SAT NOV 28 2020

...................................

...THE ABILENE CLIMATE SUMMARY FOR NOVEMBER 28 2020...
VALID TODAY AS OF 0525 PM LOCAL TIME.

CLIMATE NORMAL PERIOD: 1981 TO 2010
CLIMATE RECORD PERIOD: 1886 TO 2020


WEATHER ITEM   OBSERVED TIME   RECORD YEAR NORMAL DEPARTURE LAST
                VALUE   (LST)  VALUE       VALUE  FROM      YEAR
                                                  NORMAL
...................................................................
TEMPERATURE (F)
 TODAY
  MAXIMUM         48  12:07 AM  83    1949  61    -13       44
  MINIMUM         41  11:33 AM  16    1887  38      3       39
  AVERAGE         45                        49     -4       42

PRECIPITATION (IN)
  TODAY            0.71          0.83 2015   0.04   0.67     0.19
  MONTH TO DATE    0.71                      1.34  -0.63     2.01
  SINCE SEP 1      7.02                      6.56   0.46     3.19
  SINCE JAN 1     24.58                     23.52   1.06    22.17

SNOWFALL (IN)
  TODAY            0.0           5.0  2001   0.0    0.0      0.0
  MONTH TO DATE    0.0                       0.6   -0.6       T
  SINCE SEP 1      0.8                       0.6    0.2       T
  SINCE JUL 1      0.8                       0.6    0.2       T

DEGREE DAYS
 HEATING
  TODAY           20                        16      4       23
  MONTH TO DATE  134                       297   -163      355
  SINCE SEP 1    319                       401    -82      548
  SINCE JUL 1    319                       401    -82      548

 COOLING
  TODAY            0                         0      0        0
  MONTH TO DATE   29                        15     14        7
  SINCE SEP 1    448                       459    -11      753
  SINCE JAN 1   2763                      2404    359     2910
...................................................................


WIND (MPH)
  HIGHEST WIND SPEED    17   HIGHEST WIND DIRECTION     N (340)
  HIGHEST GUST SPEED    21   HIGHEST GUST DIRECTION     N (340)
  AVERAGE WIND SPEED     9.3


SKY COVER
  POSSIBLE SUNSHINE  MM
  AVERAGE SKY COVER 0.8


WEATHER CONDITIONS
THE FOLLOWING WEATHER WAS RECORDED TODAY.
  THUNDERSTORM
  HEAVY RAIN
  RAIN
  LIGHT RAIN
  FOG
  HAZE


RELATIVE HUMIDITY (PERCENT)
 HIGHEST   100           8:00 AM
 LOWEST     68           4:00 AM
 AVERAGE    84

..........................................................


THE ABILENE CLIMATE NORMALS FOR TOMORROW
                         NORMAL    RECORD    YEAR
 MAXIMUM TEMPERATURE (F)   61        83      1927
 MINIMUM TEMPERATURE (F)   37        14      1911


SUNRISE AND SUNSET
NOVEMBER 28 2020......SUNRISE   7:20 AM CST   SUNSET   5:33 PM CST
NOVEMBER 29 2020......SUNRISE   7:21 AM CST   SUNSET   5:33 PM CST


-  INDICATES NEGATIVE NUMBERS.
R  INDICATES RECORD WAS SET OR TIED.
MM INDICATES DATA IS MISSING.
T  INDICATES TRACE AMOUNT.




$$
