802
CDUS45 KABQ 130835
CLIABQ

CLIMATE REPORT
NATIONAL WEATHER SERVICE ALBUQUERQUE NM
235 AM MDT SUN JUN 13 2021

...................................

...THE ALBUQUERQUE  NM CLIMATE SUMMARY FOR JUNE 12 2021...

CLIMATE NORMAL PERIOD 1991 TO 2020
CLIMATE RECORD PERIOD 1891 TO 2021


WEATHER ITEM   OBSERVED TIME   RECORD YEAR NORMAL DEPARTURE LAST
                VALUE   (LST)  VALUE       VALUE  FROM      YEAR
                                                  NORMAL
...................................................................
TEMPERATURE (F)
 YESTERDAY
  MAXIMUM         97    536 PM 100    1981  90      7       91
  MINIMUM         71    543 AM  45    1915  61     10       61
  AVERAGE         84                        76      8       76

PRECIPITATION (IN)
  YESTERDAY        0.00          0.50 1927   0.01  -0.01
  MONTH TO DATE    0.13                      0.16  -0.03
  SINCE JUN 1      0.13                      0.16  -0.03
  SINCE JAN 1      1.67                      2.36  -0.69

SNOWFALL (IN)
  YESTERDAY        0.0
  MONTH TO DATE    0.0
  SINCE JUN 1      0.0
  SINCE JUL 1     14.2
  SNOW DEPTH       0

DEGREE DAYS
 HEATING
  YESTERDAY        0                         0      0        0
  MONTH TO DATE    0                         0      0        3
  SINCE JUN 1      0                         0      0        3
  SINCE JUL 1   3933                      3996    -63     3934

 COOLING
  YESTERDAY       19                        11      8       11
  MONTH TO DATE  130                       110     20      122
  SINCE JUN 1    130                       110     20      122
  SINCE JAN 1    244                       222     22      301
...................................................................


WIND (MPH)
  HIGHEST WIND SPEED    33   HIGHEST WIND DIRECTION     E (100)
  HIGHEST GUST SPEED    50   HIGHEST GUST DIRECTION     E (80)
  AVERAGE WIND SPEED    15.0


SKY COVER
  POSSIBLE SUNSHINE  MM
  AVERAGE SKY COVER 0.2


WEATHER CONDITIONS
THE FOLLOWING WEATHER WAS RECORDED YESTERDAY.
  NO SIGNIFICANT WEATHER WAS OBSERVED.


RELATIVE HUMIDITY (PERCENT)
 HIGHEST    37          1000 PM
 LOWEST      6           300 PM
 AVERAGE    22

..........................................................


THE ALBUQUERQUE  NM CLIMATE NORMALS FOR TODAY
                         NORMAL    RECORD    YEAR
 MAXIMUM TEMPERATURE (F)   90       100      1956
 MINIMUM TEMPERATURE (F)   61        37      1912


SUNRISE AND SUNSET
JUNE 13 2021..........SUNRISE   552 AM MDT   SUNSET   822 PM MDT
JUNE 14 2021..........SUNRISE   552 AM MDT   SUNSET   822 PM MDT


-  INDICATES NEGATIVE NUMBERS.
R  INDICATES RECORD WAS SET OR TIED.
MM INDICATES DATA IS MISSING.
T  INDICATES TRACE AMOUNT.




$$
