000
CDUS45 KABQ 280831
CLIABQ


CLIMATE REPORT
NATIONAL WEATHER SERVICE ALBUQUERQUE NM
130 AM MST SAT NOV 28 2020


...................................

...THE ALBUQUERQUE  NM CLIMATE SUMMARY FOR NOVEMBER 27 2020...

CLIMATE NORMAL PERIOD 1981 TO 2010
CLIMATE RECORD PERIOD 1891 TO 2020


WEATHER ITEM   OBSERVED TIME   RECORD YEAR NORMAL DEPARTURE LAST
                VALUE   (LST)  VALUE       VALUE  FROM      YEAR
                                                  NORMAL
..................................................................
TEMPERATURE (F)
 YESTERDAY
  MAXIMUM         46    219 PM  69    1954  51     -5       41
                                      1949
  MINIMUM         33    422 AM   1    1976  30      3       20
  AVERAGE         40                        40      0       31

PRECIPITATION (IN)
  YESTERDAY        T             0.24 1976   0.02  -0.02
  MONTH TO DATE    0.12                      0.52  -0.40
  SINCE SEP 1      0.98                      2.62  -1.64
  SINCE JAN 1      5.66                      8.90  -3.24

SNOWFALL (IN)
  YESTERDAY        0.0
  MONTH TO DATE    0.0
  SINCE SEP 1      4.4
  SINCE JUL 1      4.4
  SNOW DEPTH       0

DEGREE DAYS
 HEATING
  YESTERDAY       25                        25      0       34
  MONTH TO DATE  392                       526   -134      529
  SINCE SEP 1    637                       792   -155      830
  SINCE JUL 1    637                       792   -155      830

 COOLING
  YESTERDAY        0                         0      0        0
  MONTH TO DATE    0                         0      0        0
  SINCE SEP 1    212                       165     47      265
  SINCE JAN 1   1738                      1322    416     1529
..................................................................


WIND (MPH)
  HIGHEST WIND SPEED    37   HIGHEST WIND DIRECTION     E (90)
  HIGHEST GUST SPEED    52   HIGHEST GUST DIRECTION     E (90)
  AVERAGE WIND SPEED    20.3


SKY COVER
  POSSIBLE SUNSHINE  MM
  AVERAGE SKY COVER 0.8


WEATHER CONDITIONS
 THE FOLLOWING WEATHER WAS RECORDED YESTERDAY.
  LIGHT RAIN


RELATIVE HUMIDITY (PERCENT)
 HIGHEST    59           700 PM
 LOWEST     34           600 AM
 AVERAGE    47

..........................................................


THE ALBUQUERQUE  NM CLIMATE NORMALS FOR TODAY
                         NORMAL    RECORD    YEAR
 MAXIMUM TEMPERATURE (F)   50        72      1949
 MINIMUM TEMPERATURE (F)   30        -6      1976


SUNRISE AND SUNSET
NOVEMBER 28 2020......SUNRISE   654 AM MST   SUNSET   455 PM MST
NOVEMBER 29 2020......SUNRISE   655 AM MST   SUNSET   455 PM MST


-  INDICATES NEGATIVE NUMBERS.
R  INDICATES RECORD WAS SET OR TIED.
MM INDICATES DATA IS MISSING.
T  INDICATES TRACE AMOUNT.




$$
