000
CDUS43 KABR 040644
CLIABR

CLIMATE REPORT
NATIONAL WEATHER SERVICE ABERDEEN SD
1244 AM CST FRI DEC 04 2020

...................................

...THE ABERDEEN SD CLIMATE SUMMARY FOR DECEMBER 3 2020...

CLIMATE NORMAL PERIOD 1981 TO 2010
CLIMATE RECORD PERIOD 1893 TO 2020


WEATHER ITEM   OBSERVED TIME   RECORD YEAR NORMAL DEPARTURE LAST
                VALUE   (LST)  VALUE       VALUE  FROM      YEAR
                                                  NORMAL
...................................................................
TEMPERATURE (F)
 YESTERDAY
  MAXIMUM         51    303 PM  63    1941  30     21       40
  MINIMUM         15    254 AM -18    1897  10      5       16
                                      1905
  AVERAGE         33                        20     13       28

PRECIPITATION (IN)
  YESTERDAY        0.00          0.58 1933   0.01  -0.01     0.00
  MONTH TO DATE    0.00                      0.05  -0.05     0.02
  SINCE DEC 1      0.00                      0.05  -0.05     0.02
  SINCE JAN 1     14.83                     21.25  -6.42    29.50

SNOWFALL (IN)
  YESTERDAY        0.0           4.8  1955   0.3   -0.3      0.0
  MONTH TO DATE    0.0                       0.7   -0.7      0.3
  SINCE OCT 1     13.5                       8.4    5.1     23.0
  SINCE JUL 1     13.5                       8.4    5.1     23.0
  SNOW DEPTH       0

DEGREE DAYS
 HEATING
  YESTERDAY       32                        45    -13       37
  MONTH TO DATE  105                       134    -29      142
  SINCE DEC 1    105                       134    -29      142
  SINCE JUL 1   1860                      2097   -237     2077

 COOLING
  YESTERDAY        0                         0      0        0
  MONTH TO DATE    0                         0      0        0
  SINCE DEC 1      0                         0      0        0
  SINCE JAN 1    871                       525    346      601
...................................................................


WIND (MPH)
  HIGHEST WIND SPEED    15   HIGHEST WIND DIRECTION     W (280)
  HIGHEST GUST SPEED    20   HIGHEST GUST DIRECTION     W (290)
  AVERAGE WIND SPEED     7.1


SKY COVER
  AVERAGE SKY COVER 0.0


WEATHER CONDITIONS
THE FOLLOWING WEATHER WAS RECORDED YESTERDAY.
  HAZE


RELATIVE HUMIDITY (PERCENT)
 HIGHEST    84           200 AM
 LOWEST     34           300 PM
 AVERAGE    59

..........................................................


THE ABERDEEN SD CLIMATE NORMALS FOR TODAY
                         NORMAL    RECORD    YEAR
 MAXIMUM TEMPERATURE (F)   29        56      1979
 MINIMUM TEMPERATURE (F)   10       -18      1927


SUNRISE AND SUNSET
DECEMBER  4 2020......SUNRISE   757 AM CST   SUNSET   451 PM CST
DECEMBER  5 2020......SUNRISE   758 AM CST   SUNSET   451 PM CST


-  INDICATES NEGATIVE NUMBERS.
R  INDICATES RECORD WAS SET OR TIED.
MM INDICATES DATA IS MISSING.
T  INDICATES TRACE AMOUNT.




$$
