386
CDUS42 KTAE 282235
CLIABY

CLIMATE REPORT
NATIONAL WEATHER SERVICE TALLAHASSEE FL
535 PM EST SAT NOV 28 2020

...................................

...THE ALBANY CLIMATE SUMMARY FOR NOVEMBER 28 2020...
VALID TODAY AS OF 0500 PM LOCAL TIME.

CLIMATE NORMAL PERIOD 1981 TO 2010
CLIMATE RECORD PERIOD 1930 TO 2020


WEATHER ITEM   OBSERVED TIME   RECORD YEAR NORMAL DEPARTURE LAST
                VALUE   (LST)  VALUE       VALUE  FROM      YEAR
                                                  NORMAL
...................................................................
TEMPERATURE (F)
 TODAY
  MAXIMUM         69    301 PM  84    1973  67      2       74
  MINIMUM         63    937 AM  24    1936  43     20       48
  AVERAGE         66                        55     11       61

PRECIPITATION (IN)
  TODAY            0.40                      0.16   0.24     0.00
  MONTH TO DATE    1.24                      2.86  -1.62     1.47
  SINCE SEP 1     11.03                      8.89   2.14     7.38
  SINCE JAN 1     49.54                     44.49   5.05    40.09

SNOWFALL (IN)
  TODAY            0.0

DEGREE DAYS
 HEATING
  TODAY            0                              -11
  MONTH TO DATE   80                             -117
  SINCE SEP 1     87                             -160
  SINCE JUL 1     87                             -160

 COOLING
  TODAY            1                                1
  MONTH TO DATE  108                               77
  SINCE SEP 1    781                              220
  SINCE JAN 1   3103                              569
...................................................................


WIND (MPH)
  HIGHEST WIND SPEED    15   HIGHEST WIND DIRECTION    NW (330)
  HIGHEST GUST SPEED    20   HIGHEST GUST DIRECTION    NW (320)
  AVERAGE WIND SPEED     5.1


RELATIVE HUMIDITY (PERCENT)
 HIGHEST   100
 LOWEST     73
 AVERAGE    87

..........................................................


THE ALBANY CLIMATE NORMALS FOR TOMORROW
                         NORMAL    RECORD    YEAR
 MAXIMUM TEMPERATURE (F)   67        83      1990
 MINIMUM TEMPERATURE (F)   43        22      1955


SUNRISE AND SUNSET
NOVEMBER 28 2020......SUNRISE   716 AM EST   SUNSET   533 PM EST
NOVEMBER 29 2020......SUNRISE   717 AM EST   SUNSET   533 PM EST


-  INDICATES NEGATIVE NUMBERS.
R  INDICATES RECORD WAS SET OR TIED.
MM INDICATES DATA IS MISSING.
T  INDICATES TRACE AMOUNT.




$$
