000
CDUS44 KFWD 260701
CLIACT

CLIMATE REPORT
NATIONAL WEATHER SERVICE
101 AM CST THU NOV 26 2020

...................................

...THE WACO CLIMATE SUMMARY FOR NOVEMBER 25 2020...

CLIMATE NORMAL PERIOD 1981 TO 2010
CLIMATE RECORD PERIOD 1901 TO 2020


WEATHER ITEM   OBSERVED TIME   RECORD YEAR NORMAL DEPARTURE LAST
                VALUE   (LST)  VALUE       VALUE  FROM      YEAR
                                                  NORMAL
...................................................................
TEMPERATURE (F)
 YESTERDAY
  MAXIMUM         68    401 PM  85    1905  65      3       85
                                      2019
  MINIMUM         42   1153 PM  23    1916  43     -1       49
  AVERAGE         55                        54      1       67

PRECIPITATION (IN)
  YESTERDAY        0.00          1.07 2016   0.08  -0.08     0.00
  MONTH TO DATE    0.82                      2.38  -1.56     0.15
  SINCE SEP 1     10.00                      9.34   0.66     4.62
  SINCE JAN 1     40.65                     31.50   9.15    32.11

SNOWFALL (IN)
  YESTERDAY        0.0           2.4  1993   0.0    0.0      0.0
  MONTH TO DATE    0.0                       0.1   -0.1      0.0
  SINCE SEP 1      0.0                       0.1   -0.1      0.0
  SINCE JUL 1      0.0                       0.1   -0.1      0.0
  SNOW DEPTH       0

DEGREE DAYS
 HEATING
  YESTERDAY       10                        12     -2        0
  MONTH TO DATE   94                       197   -103      300
  SINCE SEP 1    207                       264    -57      431
  SINCE JUL 1    207                       264    -57      431

 COOLING
  YESTERDAY        0                         0      0        2
  MONTH TO DATE   40                        35      5       28
  SINCE SEP 1    519                       596    -77      854
  SINCE JAN 1   2903                      2791    112     3095
...................................................................


WIND (MPH)
  HIGHEST WIND SPEED    20   HIGHEST WIND DIRECTION     N (340)
  HIGHEST GUST SPEED    27   HIGHEST GUST DIRECTION    NW (330)
  AVERAGE WIND SPEED     5.6


SKY COVER
  POSSIBLE SUNSHINE  MM
  AVERAGE SKY COVER 0.1


WEATHER CONDITIONS
THE FOLLOWING WEATHER WAS RECORDED YESTERDAY.
  FOG
  HAZE


RELATIVE HUMIDITY (PERCENT)
 HIGHEST    93          1100 PM
 LOWEST     26           400 PM
 AVERAGE    60

..........................................................


THE WACO CLIMATE NORMALS FOR TODAY
                         NORMAL    RECORD    YEAR
 MAXIMUM TEMPERATURE (F)   64        87      1965
 MINIMUM TEMPERATURE (F)   42        24      1993


SUNRISE AND SUNSET
NOVEMBER 26 2020......SUNRISE   707 AM CST   SUNSET   526 PM CST
NOVEMBER 27 2020......SUNRISE   708 AM CST   SUNSET   525 PM CST


-  INDICATES NEGATIVE NUMBERS.
R  INDICATES RECORD WAS SET OR TIED.
MM INDICATES DATA IS MISSING.
T  INDICATES TRACE AMOUNT.




$$
