000
CDUS41 KPHI 290552
CLIACY

CLIMATE REPORT
NATIONAL WEATHER SERVICE MOUNT HOLLY NJ
1252 AM EST SUN NOV 29 2020

...................................

...THE ATLANTIC CITY NJ CLIMATE SUMMARY FOR NOVEMBER 28 2020...

CLIMATE NORMAL PERIOD: 1981 TO 2010
CLIMATE RECORD PERIOD: 1943 TO 2020


WEATHER ITEM   OBSERVED TIME   RECORD YEAR NORMAL DEPARTURE LAST
                VALUE   (LST)  VALUE       VALUE  FROM      YEAR
                                                  NORMAL
...................................................................
TEMPERATURE (F)
 YESTERDAY
  MAXIMUM         59   1:35 PM  69    2001  52      7       55
                                      2011
                                      2015
  MINIMUM         34  11:55 PM  15    1996  34      0       38
  AVERAGE         47                        43      4       47

PRECIPITATION (IN)
  YESTERDAY        0.00          1.20 1948   0.12  -0.12     0.00
  MONTH TO DATE    4.17                      3.04   1.13     1.55
  SINCE SEP 1     16.88                      9.61   7.27     8.45
  SINCE JAN 1     51.65                     37.83  13.82    38.52

SNOWFALL (IN)
  YESTERDAY        0.0           T    1950   0.1   -0.1      0.0
                                      1996
                                      2014
  MONTH TO DATE    0.0                       0.2   -0.2       T
  SINCE SEP 1      0.0                       0.2   -0.2       T
  SINCE JUL 1      0.0                       0.2   -0.2       T
  SNOW DEPTH       0

DEGREE DAYS
 HEATING
  YESTERDAY       18                        22     -4       18
  MONTH TO DATE  382                       502   -120      592
  SINCE SEP 1    622                       857   -235      768
  SINCE JUL 1    622                       860   -238      768

 COOLING
  YESTERDAY        0                         0      0        0
  MONTH TO DATE    4                         0      4        0
  SINCE SEP 1    162                       145     17      233
  SINCE JAN 1   1349                      1054    295     1410
...................................................................


WIND (MPH)
  HIGHEST WIND SPEED    17   HIGHEST WIND DIRECTION    NW (310)
  HIGHEST GUST SPEED    27   HIGHEST GUST DIRECTION    NW (320)
  AVERAGE WIND SPEED     5.0


SKY COVER
  POSSIBLE SUNSHINE  MM
  AVERAGE SKY COVER 0.5


WEATHER CONDITIONS
THE FOLLOWING WEATHER WAS RECORDED YESTERDAY.
  NO SIGNIFICANT WEATHER WAS OBSERVED.


RELATIVE HUMIDITY (PERCENT)
 HIGHEST    93           5:00 AM
 LOWEST     45           4:00 PM
 AVERAGE    69

..........................................................


THE ATLANTIC CITY NJ CLIMATE NORMALS FOR TODAY
                         NORMAL    RECORD    YEAR
 MAXIMUM TEMPERATURE (F)   51        71      1998
 MINIMUM TEMPERATURE (F)   33        16      1955


SUNRISE AND SUNSET
NOVEMBER 29 2020......SUNRISE   6:58 AM EST   SUNSET   4:35 PM EST
NOVEMBER 30 2020......SUNRISE   6:59 AM EST   SUNSET   4:35 PM EST


-  INDICATES NEGATIVE NUMBERS.
R  INDICATES RECORD WAS SET OR TIED.
MM INDICATES DATA IS MISSING.
T  INDICATES TRACE AMOUNT.




$$
