937
CDAK48 PAFC 281315
CLIADQ


CLIMATE REPORT
NATIONAL WEATHER SERVICE ANCHORAGE, AK
412 AM AKST SAT NOV 28 2020


...................................

...THE KODIAK CLIMATE SUMMARY FOR NOVEMBER 27 2020...

CLIMATE NORMAL PERIOD 1981 TO 2010
CLIMATE RECORD PERIOD 1913 TO 2020


WEATHER ITEM   OBSERVED TIME   RECORD YEAR NORMAL DEPARTURE LAST
                VALUE   (LST)  VALUE       VALUE  FROM      YEAR
                                                  NORMAL
..................................................................
TEMPERATURE (F)
 YESTERDAY
  MAXIMUM         40    903 PM  54    1970  37      3       53
  MINIMUM         24    944 AM   7    2011  27     -3       42
  AVERAGE         32                        32      0       48

PRECIPITATION (IN)
  YESTERDAY        0.24          2.49 1934   0.25  -0.01     0.69
  MONTH TO DATE    5.01                      6.10  -1.09     9.74
  SINCE SEP 1     23.60                     21.71   1.89    25.46
  SINCE JAN 1     48.30                     68.50 -20.20    60.84

DEGREE DAYS
 HEATING
  YESTERDAY       33                        33      0       17
  MONTH TO DATE  778                       835    -57      599
  SINCE SEP 1   1892                      2064   -172     1579
  SINCE JUL 1   2268                      2697   -429     1861

 COOLING
  YESTERDAY        0                         0      0        0
  MONTH TO DATE    0                         0      0        0
  SINCE SEP 1      0                         0      0        0
  SINCE JAN 1     11                         1     10       56
..................................................................


WIND (MPH)
  RESULTANT WIND SPEED   3   RESULTANT WIND DIRECTION  SE (130)
  HIGHEST WIND SPEED    32   HIGHEST WIND DIRECTION     E (90)
  HIGHEST GUST SPEED    38   HIGHEST GUST DIRECTION     E (110)
  AVERAGE WIND SPEED     9.2



WEATHER CONDITIONS
 THE FOLLOWING WEATHER WAS RECORDED YESTERDAY.
  RAIN
  LIGHT RAIN
  FOG


RELATIVE HUMIDITY (PERCENT)
 HIGHEST    92
 LOWEST     56
 AVERAGE    74

..........................................................


THE KODIAK CLIMATE NORMALS FOR TODAY
                         NORMAL    RECORD    YEAR
 MAXIMUM TEMPERATURE (F)   37        52      2019
 MINIMUM TEMPERATURE (F)   27         3      1971


SUNRISE AND SUNSET
NOVEMBER 28 2020......SUNRISE   924 AM AKST  SUNSET   432 PM AKST
NOVEMBER 29 2020......SUNRISE   926 AM AKST  SUNSET   431 PM AKST


-  INDICATES NEGATIVE NUMBERS.
R  INDICATES RECORD WAS SET OR TIED.
MM INDICATES DATA IS MISSING.
T  INDICATES TRACE AMOUNT.




$$
