247
CDAK48 PAFC 131014
CLIADQ

CLIMATE REPORT
NATIONAL WEATHER SERVICE ANCHORAGE, AK
214 AM AKDT SUN JUN 13 2021

...................................

...THE KODIAK CLIMATE SUMMARY FOR JUNE 12 2021...

CLIMATE NORMAL PERIOD: 1991 TO 2020
CLIMATE RECORD PERIOD: 1913 TO 2021


WEATHER ITEM   OBSERVED TIME   RECORD YEAR NORMAL DEPARTURE LAST
                VALUE   (LST)  VALUE       VALUE  FROM      YEAR
                                                  NORMAL
...................................................................
TEMPERATURE (F)
 YESTERDAY
  MAXIMUM         60  10:26 AM  68    1915  56      4       61
  MINIMUM         44  12:34 AM  35    1939  45     -1       47
                                      1985
  AVERAGE         52                        51      1       54

PRECIPITATION (IN)
  YESTERDAY        T             1.89 1999   0.17  -0.17     0.00
  MONTH TO DATE    1.69                      2.29  -0.60     1.53
  SINCE JUN 1      1.69                      2.29  -0.60     1.53
  SINCE JAN 1     35.71                     33.76   1.95    15.78

DEGREE DAYS
 HEATING
  YESTERDAY       13                        14     -1       11
  MONTH TO DATE  156                       186    -30      172
  SINCE JUN 1    156                       186    -30      172
  SINCE JUL 1   7863                      8092   -229     7555

 COOLING
  YESTERDAY        0                         0      0        0
  MONTH TO DATE    0                         0      0        0
  SINCE JUN 1      0                         0      0        0
  SINCE JAN 1      0                         0      0        0
...................................................................


WIND (MPH)
  RESULTANT WIND SPEED   5   RESULTANT WIND DIRECTION  NW (310)
  HIGHEST WIND SPEED    15   HIGHEST WIND DIRECTION     W (290)
  HIGHEST GUST SPEED    22   HIGHEST GUST DIRECTION    NW (320)
  AVERAGE WIND SPEED     7.7


SKY COVER
  AVERAGE SKY COVER 0.5


WEATHER CONDITIONS
THE FOLLOWING WEATHER WAS RECORDED YESTERDAY.
  LIGHT RAIN


RELATIVE HUMIDITY (PERCENT)
 HIGHEST    82
 LOWEST     49
 AVERAGE    66

..........................................................


THE KODIAK CLIMATE NORMALS FOR TODAY
                         NORMAL    RECORD    YEAR
 MAXIMUM TEMPERATURE (F)   57        71      1924
 MINIMUM TEMPERATURE (F)   45        35      1968
                                             1973


SUNRISE AND SUNSET
JUNE 13 2021..........SUNRISE   5:09 AM AKDT  SUNSET  11:12 PM AKDT
JUNE 14 2021..........SUNRISE   5:09 AM AKDT  SUNSET  11:12 PM AKDT


-  INDICATES NEGATIVE NUMBERS.
R  INDICATES RECORD WAS SET OR TIED.
MM INDICATES DATA IS MISSING.
T  INDICATES TRACE AMOUNT.




$$
