548
CDUS44 KLCH 290819
CLIAEX


CLIMATE REPORT
NATIONAL WEATHER SERVICE LAKE CHARLES, LA
218 AM CST SUN NOV 29 2020


...................................

...THE ALEXANDRIA CLIMATE SUMMARY FOR NOVEMBER 28 2020...

CLIMATE NORMAL PERIOD 1981 TO 2010
CLIMATE RECORD PERIOD 1892 TO 2020


WEATHER ITEM   OBSERVED TIME   RECORD YEAR NORMAL DEPARTURE LAST
                VALUE   (LST)  VALUE       VALUE  FROM      YEAR
                                                  NORMAL
..................................................................
TEMPERATURE (F)
 YESTERDAY
  MAXIMUM         62   1209 AM  85    1989  64     -2       72
                                      1910
  MINIMUM         52   1159 PM  21    1903  42     10       52
  AVERAGE         57                        53      4       62

PRECIPITATION (IN)
  YESTERDAY        0.09          2.98 2001   0.25  -0.16     0.00
  MONTH TO DATE    4.18                      4.95  -0.77     2.40
  SINCE SEP 1     22.74                     13.03   9.71    10.42
  SINCE JAN 1     74.91                     49.26  25.65    61.52

SNOWFALL (IN)
  YESTERDAY        0.0           T    1912  MM     MM        0.0
  MONTH TO DATE    0.0                      MM     MM        0.0
  SINCE SEP 1      0.0                      MM     MM        0.0
  SINCE JUL 1      0.0                      MM     MM        0.0
  SNOW DEPTH       0

DEGREE DAYS
 HEATING
  YESTERDAY        8                        12     -4        3
  MONTH TO DATE  129                       227    -98      326
  SINCE SEP 1    180                       300   -120      405
  SINCE JUL 1    180                       300   -120      405
..................................................................


WIND (MPH)
  HIGHEST WIND SPEED    15   HIGHEST WIND DIRECTION    NE (50)
  HIGHEST GUST SPEED    20   HIGHEST GUST DIRECTION    NE (50)
  AVERAGE WIND SPEED     6.5


SKY COVER
  POSSIBLE SUNSHINE  MM
  AVERAGE SKY COVER 1.0


WEATHER CONDITIONS
 THE FOLLOWING WEATHER WAS RECORDED YESTERDAY.
  LIGHT RAIN


RELATIVE HUMIDITY (PERCENT)
 HIGHEST   100           100 AM
 LOWEST     86           900 AM
 AVERAGE    93

..........................................................


THE ALEXANDRIA CLIMATE NORMALS FOR TODAY
                         NORMAL    RECORD    YEAR
 MAXIMUM TEMPERATURE (F)   64        83      1960
 MINIMUM TEMPERATURE (F)   42        23      1976


SUNRISE AND SUNSET
NOVEMBER 29 2020......SUNRISE   650 AM CST   SUNSET   507 PM CST
NOVEMBER 30 2020......SUNRISE   651 AM CST   SUNSET   507 PM CST


-  INDICATES NEGATIVE NUMBERS.
R  INDICATES RECORD WAS SET OR TIED.
MM INDICATES DATA IS MISSING.
T  INDICATES TRACE AMOUNT.




$$
