000
CDUS42 KCAE 290620
CLIAGS


CLIMATE REPORT
NATIONAL WEATHER SERVICE COLUMBIA SC
119 AM EST SUN NOV 29 2020


...................................

...THE AUGUSTA REGIONAL BUSH FIELD GA CLIMATE SUMMARY FOR NOVEMBER 28 2020...

CLIMATE NORMAL PERIOD 1981 TO 2010
CLIMATE RECORD PERIOD 1873 TO 2020


WEATHER ITEM   OBSERVED TIME   RECORD YEAR NORMAL DEPARTURE LAST
                VALUE   (LST)  VALUE       VALUE  FROM      YEAR
                                                  NORMAL
..................................................................
TEMPERATURE (F)
 YESTERDAY
  MAXIMUM         60    350 PM  82    1990  65     -5       71
  MINIMUM         52   1041 PM  21    2013  38     14       37
  AVERAGE         56                        52      4       54

PRECIPITATION (IN)
  YESTERDAY        0.30          1.71 1918   0.11   0.19     0.00
  MONTH TO DATE    1.32                      2.62  -1.30     2.62
  SINCE SEP 1      8.05                      9.11  -1.06     7.51
  SINCE JAN 1     52.56                     39.98  12.58    42.75

SNOWFALL (IN)
  YESTERDAY        0.0          MM      MM   0.0             0.0
  MONTH TO DATE    0.0                       0.0             0.0
  SINCE SEP 1      0.0                       0.0             0.0
  SINCE JUL 1      0.0                       0.0             0.0

DEGREE DAYS
 HEATING
  YESTERDAY        9                        14     -5       11
  MONTH TO DATE  152                       281   -129      340
  SINCE SEP 1    173                       395   -222      366
  SINCE JUL 1    173                       395   -222      366

 COOLING
  YESTERDAY        0                         0      0        0
  MONTH TO DATE   76                        15     61        1
  SINCE SEP 1    605                       397    208      673
  SINCE JAN 1   2604                      2085    519     2780
..................................................................


WIND (MPH)
  HIGHEST WIND SPEED    14   HIGHEST WIND DIRECTION    NW (320)
  HIGHEST GUST SPEED    17   HIGHEST GUST DIRECTION    NW (330)
  AVERAGE WIND SPEED     3.1


SKY COVER
  AVERAGE SKY COVER 0.8


WEATHER CONDITIONS
 THE FOLLOWING WEATHER WAS RECORDED YESTERDAY.
  LIGHT RAIN
  FOG
  FOG W/VISIBILITY <= 1/4 MILE


RELATIVE HUMIDITY (PERCENT)
 HIGHEST    93           100 AM
 LOWEST     86           400 AM
 AVERAGE    90

..........................................................


THE AUGUSTA REGIONAL BUSH FIELD GA CLIMATE NORMALS FOR TODAY
                         NORMAL    RECORD    YEAR
 MAXIMUM TEMPERATURE (F)   65        81      2001
 MINIMUM TEMPERATURE (F)   38        19      1950


SUNRISE AND SUNSET
NOVEMBER 29 2020......SUNRISE   712 AM EST   SUNSET   520 PM EST
NOVEMBER 30 2020......SUNRISE   713 AM EST   SUNSET   520 PM EST


-  INDICATES NEGATIVE NUMBERS.
R  INDICATES RECORD WAS SET OR TIED.
MM INDICATES DATA IS MISSING.
T  INDICATES TRACE AMOUNT.




$$
