000
CDUS42 KFFC 260919
CLIAHN

CLIMATE REPORT
NATIONAL WEATHER SERVICE PEACHTREE CITY GA
419 AM EST THU NOV 26 2020

...................................

...THE ATHENS CLIMATE SUMMARY FOR NOVEMBER 25 2020...

CLIMATE NORMAL PERIOD: 1981 TO 2010
CLIMATE RECORD PERIOD: 1898 TO 2020


WEATHER ITEM   OBSERVED TIME   RECORD YEAR NORMAL DEPARTURE LAST
                VALUE   (LST)  VALUE       VALUE  FROM      YEAR
                                                  NORMAL
...................................................................
TEMPERATURE (F)
 YESTERDAY
  MAXIMUM         73   2:31 PM  78    1921  62     11       66
  MINIMUM         48   5:01 AM   7    1950  40      8       31
  AVERAGE         61                        51     10       49

PRECIPITATION (IN)
  YESTERDAY        0.32          2.38 1992   0.14   0.18     0.00
  MONTH TO DATE    1.67                      3.15  -1.48     2.07
  SINCE SEP 1     11.20                     10.64   0.56     7.28
  SINCE JAN 1     57.26                     41.93  15.33    40.50

SNOWFALL (IN)
  YESTERDAY       MM             0.0  2001   0.0   MM       MM
  MONTH TO DATE    0.0                       0.0    0.0      0.0
  SINCE SEP 1      0.0                       0.0    0.0      0.0
  SINCE JUL 1      0.0                       0.0    0.0      0.0
  SNOW DEPTH      MM

DEGREE DAYS
 HEATING
  YESTERDAY        4                        14    -10       16
  MONTH TO DATE  167                       268   -101      345
  SINCE SEP 1    219                       403   -184      403
  SINCE JUL 1    219                       403   -184      403
...................................................................


WIND (MPH)
  RESULTANT WIND SPEED   5   RESULTANT WIND DIRECTION   E (100)
  HIGHEST WIND SPEED    15   HIGHEST WIND DIRECTION    SE (130)
  HIGHEST GUST SPEED    24   HIGHEST GUST DIRECTION    SE (130)
  AVERAGE WIND SPEED     6.2


SKY COVER
  POSSIBLE SUNSHINE  MM
  AVERAGE SKY COVER 0.9


WEATHER CONDITIONS
THE FOLLOWING WEATHER WAS RECORDED YESTERDAY.
  RAIN
  LIGHT RAIN
  FOG


RELATIVE HUMIDITY (PERCENT)
 HIGHEST    90           9:00 PM
 LOWEST     59           1:00 PM
 AVERAGE    75

..........................................................


THE ATHENS CLIMATE NORMALS FOR TODAY
                         NORMAL    RECORD    YEAR
 MAXIMUM TEMPERATURE (F)   62        77      1910
 MINIMUM TEMPERATURE (F)   39        14      1950


SUNRISE AND SUNSET
NOVEMBER 26 2020......SUNRISE   7:16 AM EST   SUNSET   5:25 PM EST
NOVEMBER 27 2020......SUNRISE   7:17 AM EST   SUNSET   5:25 PM EST


-  INDICATES NEGATIVE NUMBERS.
R  INDICATES RECORD WAS SET OR TIED.
MM INDICATES DATA IS MISSING.
T  INDICATES TRACE AMOUNT.




$$
