000
CDAK48 PAFC 041343
CLIAKN


CLIMATE REPORT
NATIONAL WEATHER SERVICE ANCHORAGE, AK
441 AM AKST FRI DEC 4 2020


...................................

...THE KING SALMON CLIMATE SUMMARY FOR DECEMBER 3 2020...

CLIMATE NORMAL PERIOD 1981 TO 2010
CLIMATE RECORD PERIOD 1917 TO 2020


WEATHER ITEM   OBSERVED TIME   RECORD YEAR NORMAL DEPARTURE LAST
                VALUE   (LST)  VALUE       VALUE  FROM      YEAR
                                                  NORMAL
..................................................................
TEMPERATURE (F)
 YESTERDAY
  MAXIMUM         12    321 PM  51    2011  28    -16       13
  MINIMUM        -11   1000 AM -32    1987  12    -23       -7
  AVERAGE          1                        20    -19        3

PRECIPITATION (IN)
  YESTERDAY        0.00          0.75 1930   0.05  -0.05     0.00
  MONTH TO DATE    0.13                      0.14  -0.01     0.02
  SINCE SEP 1      7.44                      6.80   0.64    11.93
  SINCE JAN 1     22.14                     18.40   3.74    23.15

DEGREE DAYS
 HEATING
  YESTERDAY       64                        45     19       62
  MONTH TO DATE  158                       135     23      161
  SINCE DEC 1    158                       135     23      161
  SINCE JUL 1   3148                      3512   -364     2570

 COOLING
  YESTERDAY        0                         0      0        0
  MONTH TO DATE    0                         0      0        0
  SINCE DEC 1      0                         0      0        0
  SINCE JAN 1      1                         1      0       32
..................................................................


WIND (MPH)
  RESULTANT WIND SPEED   3   RESULTANT WIND DIRECTION  NE (30)
  HIGHEST WIND SPEED    10   HIGHEST WIND DIRECTION     N (360)
  HIGHEST GUST SPEED    13   HIGHEST GUST DIRECTION     N (360)
  AVERAGE WIND SPEED     4.3



WEATHER CONDITIONS
 THE FOLLOWING WEATHER WAS RECORDED YESTERDAY.
  FOG
  HAZE


RELATIVE HUMIDITY (PERCENT)
 HIGHEST    91
 LOWEST     71
 AVERAGE    81

..........................................................


THE KING SALMON CLIMATE NORMALS FOR TODAY
                         NORMAL    RECORD    YEAR
 MAXIMUM TEMPERATURE (F)   28        46      2011
 MINIMUM TEMPERATURE (F)   12       -33      1987


SUNRISE AND SUNSET
DECEMBER  4 2020......SUNRISE   958 AM AKST  SUNSET   436 PM AKST
DECEMBER  5 2020......SUNRISE  1000 AM AKST  SUNSET   435 PM AKST


-  INDICATES NEGATIVE NUMBERS.
R  INDICATES RECORD WAS SET OR TIED.
MM INDICATES DATA IS MISSING.
T  INDICATES TRACE AMOUNT.




$$
