000
CDUS45 KBOU 280746
CLIAKO

CLIMATE REPORT
NATIONAL WEATHER SERVICE
1246 AM MST SAT NOV 28 2020

...................................

...THE AKRON CO CLIMATE SUMMARY FOR NOVEMBER 27 2020...

CLIMATE NORMAL PERIOD 1981 TO 2010
CLIMATE RECORD PERIOD 9999 TO 9999


WEATHER ITEM   OBSERVED TIME   RECORD YEAR NORMAL DEPARTURE LAST
                VALUE   (LST)  VALUE       VALUE  FROM      YEAR
                                                  NORMAL
...................................................................
TEMPERATURE (F)
 YESTERDAY
  MAXIMUM         46    307 PM  82    2017  44      2
  MINIMUM         18    337 AM  -9    1976  21     -3
  AVERAGE         32                        32      0

PRECIPITATION (IN)
  YESTERDAY        0.00          0.97 1983   0.02  -0.02     0.00
  MONTH TO DATE    0.14                      0.53  -0.39     0.22
  SINCE OCT 1      0.15                      1.64  -1.49     0.40
  SINCE JAN 1      8.80                     16.29  -7.49    15.50

SNOWFALL (IN)
  YESTERDAY       MM
  SNOW DEPTH      MM

DEGREE DAYS
 HEATING
  YESTERDAY       33
  MONTH TO DATE  559

 COOLING
  YESTERDAY        0
  MONTH TO DATE    1
...................................................................


WIND (MPH)
  HIGHEST WIND SPEED    16   HIGHEST WIND DIRECTION    SW (230)
  HIGHEST GUST SPEED    22   HIGHEST GUST DIRECTION     S (200)


RELATIVE HUMIDITY (PERCENT)
 HIGHEST    81
 LOWEST     31
 AVERAGE    56

..........................................................


THE AKRON CO CLIMATE NORMALS FOR TODAY
                         NORMAL    RECORD    YEAR
 MAXIMUM TEMPERATURE (F)   43        68      1986
 MINIMUM TEMPERATURE (F)   20        -8      1976


SUNRISE AND SUNSET
NOVEMBER 28 2020......SUNRISE   653 AM MST   SUNSET   428 PM MST
NOVEMBER 29 2020......SUNRISE   654 AM MST   SUNSET   428 PM MST


-  INDICATES NEGATIVE NUMBERS.
R  INDICATES RECORD WAS SET OR TIED.
MM INDICATES DATA IS MISSING.
T  INDICATES TRACE AMOUNT.




$$
