000
CDUS45 KBOU 130733
CLIAKO

CLIMATE REPORT
NATIONAL WEATHER SERVICE
133 AM MDT SUN JUN 13 2021

...................................

...THE AKRON CO CLIMATE SUMMARY FOR JUNE 12 2021...

CLIMATE NORMAL PERIOD 1991 TO 2020
CLIMATE RECORD PERIOD 9999 TO 9999


WEATHER ITEM   OBSERVED TIME   RECORD YEAR NORMAL DEPARTURE LAST
                VALUE   (LST)  VALUE       VALUE  FROM      YEAR
                                                  NORMAL
...................................................................
TEMPERATURE (F)
 YESTERDAY
  MAXIMUM         84    319 PM 102    1952  82      2
  MINIMUM         56    453 AM  31    1947  53      3
  AVERAGE         70                        67      3

PRECIPITATION (IN)
  YESTERDAY        0.00          0.83 1949   0.08  -0.08     0.00
  MONTH TO DATE    0.25                      0.98  -0.73     0.14
  SINCE OCT 1     11.56                      7.75   3.81     4.37
  SINCE JAN 1     11.31                      6.14   5.17     3.93

SNOWFALL (IN)
  YESTERDAY       MM
  SNOW DEPTH      MM

DEGREE DAYS
 HEATING
  YESTERDAY        0
  MONTH TO DATE   13

 COOLING
  YESTERDAY        5
  MONTH TO DATE   63
...................................................................


WIND (MPH)
  HIGHEST WIND SPEED    23   HIGHEST WIND DIRECTION    SE (150)
  HIGHEST GUST SPEED    32   HIGHEST GUST DIRECTION     S (160)


RELATIVE HUMIDITY (PERCENT)
 HIGHEST    81
 LOWEST     38
 AVERAGE    60

..........................................................


THE AKRON CO CLIMATE NORMALS FOR TODAY
                         NORMAL    RECORD    YEAR
 MAXIMUM TEMPERATURE (F)   82        99      1959
 MINIMUM TEMPERATURE (F)   53        32      1947


SUNRISE AND SUNSET
JUNE 13 2021..........SUNRISE   523 AM MDT   SUNSET   823 PM MDT
JUNE 14 2021..........SUNRISE   523 AM MDT   SUNSET   824 PM MDT


-  INDICATES NEGATIVE NUMBERS.
R  INDICATES RECORD WAS SET OR TIED.
MM INDICATES DATA IS MISSING.
T  INDICATES TRACE AMOUNT.




$$
