000
CDUS41 KALY 260650
CLIALB

CLIMATE REPORT
NATIONAL WEATHER SERVICE ALBANY NY
150 AM EST THU NOV 26 2020

...................................

...THE ALBANY NY CLIMATE SUMMARY FOR NOVEMBER 25 2020...

CLIMATE NORMAL PERIOD: 1981 TO 2010
CLIMATE RECORD PERIOD: 1874 TO 2020


WEATHER ITEM   OBSERVED TIME   RECORD YEAR NORMAL DEPARTURE LAST
                VALUE   (LST)  VALUE       VALUE  FROM      YEAR
                                                  NORMAL
...................................................................
TEMPERATURE (F)
 YESTERDAY
  MAXIMUM         46   6:05 PM  64    2001  44      2       50
                                      2004
  MINIMUM         25   4:19 AM   2    1938  29     -4       36
  AVERAGE         36                        36      0       43

PRECIPITATION (IN)
  YESTERDAY        0.12          1.77 1886   0.11   0.01     0.00
  MONTH TO DATE    1.82                      2.76  -0.94     2.71
  SINCE SEP 1      7.58                      9.74  -2.16    12.42
  SINCE JAN 1     31.49                     35.89  -4.40    41.40

SNOWFALL (IN)
  YESTERDAY        T            21.8  1971   0.2   -0.2      0.0
  MONTH TO DATE    T                         1.9   -1.9      2.3
  SINCE SEP 1      1.2                       2.2   -1.0      2.3
  SINCE JUL 1      1.2                       2.2   -1.0      2.3
  SNOW DEPTH       T

DEGREE DAYS
 HEATING
  YESTERDAY       29                        29      0       22
  MONTH TO DATE  590                       611    -21      705
  SINCE SEP 1   1259                      1233     26     1135
  SINCE JUL 1   1284                      1256     28     1137

 COOLING
  YESTERDAY        0                         0      0        0
  MONTH TO DATE    0                         0      0        0
  SINCE SEP 1     25                        55    -30       51
  SINCE JAN 1    815                       598    217      774
...................................................................


WIND (MPH)
  HIGHEST WIND SPEED    23   HIGHEST WIND DIRECTION     S (170)
  HIGHEST GUST SPEED    31   HIGHEST GUST DIRECTION     S (160)
  AVERAGE WIND SPEED     6.9


SKY COVER
  AVERAGE SKY COVER 1.0


RELATIVE HUMIDITY (PERCENT)
 HIGHEST   100          11:00 PM
 LOWEST     60           2:00 PM
 AVERAGE    80

..........................................................


THE ALBANY NY CLIMATE NORMALS FOR TODAY
                         NORMAL    RECORD    YEAR
 MAXIMUM TEMPERATURE (F)   44        67      1895
                                             1979
 MINIMUM TEMPERATURE (F)   29       -11      1938


SUNRISE AND SUNSET
NOVEMBER 26 2020......SUNRISE   7:01 AM EST   SUNSET   4:24 PM EST
NOVEMBER 27 2020......SUNRISE   7:02 AM EST   SUNSET   4:24 PM EST


-  INDICATES NEGATIVE NUMBERS.
R  INDICATES RECORD WAS SET OR TIED.
MM INDICATES DATA IS MISSING.
T  INDICATES TRACE AMOUNT.




$$
