000
CDUS45 KPUB 280844
CLIALS

CLIMATE REPORT
NATIONAL WEATHER SERVICE
144 AM MST SAT NOV 28 2020

...................................

...THE ALAMOSA CO CLIMATE SUMMARY FOR NOVEMBER 27 2020...

CLIMATE NORMAL PERIOD 1981 TO 2010
CLIMATE RECORD PERIOD 1932 TO 2020


WEATHER ITEM   OBSERVED TIME   RECORD YEAR NORMAL DEPARTURE LAST
                VALUE   (LST)  VALUE       VALUE  FROM      YEAR
                                                  NORMAL
...................................................................
TEMPERATURE (F)
 YESTERDAY
  MAXIMUM         45    304 PM  64    2017  41      4       33
  MINIMUM          8    549 AM -30    1952   7      1       -3
  AVERAGE         27                        24      3       15

PRECIPITATION (IN)
  YESTERDAY        0.00          0.18 1976   0.02  -0.02     0.00
  MONTH TO DATE    0.33                      0.39  -0.06     0.02
  SINCE JAN 1      5.77                      6.93  -1.16     6.87

SNOWFALL (IN)
  YESTERDAY        0.0           3.4  1957   0.1   -0.1      0.0
  MONTH TO DATE    2.0                       3.3   -1.3      0.1
  SINCE JUL 1     26.6                       5.4   21.2      0.7
  SNOW DEPTH       1

DEGREE DAYS
 HEATING
  YESTERDAY       38                        41     -3       50
  MONTH TO DATE  811                       938   -127      923
  SINCE JUL 1   1760                      2048   -288     1991

 COOLING
  YESTERDAY        0                         0      0        0
  MONTH TO DATE    0                         0      0        0
  SINCE JAN 1     92                        51     41       72
...................................................................


WIND (MPH)
  HIGHEST WIND SPEED     9   HIGHEST WIND DIRECTION    SE (150)
  HIGHEST GUST SPEED    13   HIGHEST GUST DIRECTION    NW (330)
  AVERAGE WIND SPEED     3.9


SKY COVER
  POSSIBLE SUNSHINE  MM
  AVERAGE SKY COVER 0.1


WEATHER CONDITIONS
THE FOLLOWING WEATHER WAS RECORDED YESTERDAY.
  NO SIGNIFICANT WEATHER WAS OBSERVED.


RELATIVE HUMIDITY (PERCENT)
 HIGHEST    92           400 AM
 LOWEST     33           400 PM
 AVERAGE    63

..........................................................


THE ALAMOSA CO CLIMATE NORMALS FOR TODAY
                         NORMAL    RECORD    YEAR
 MAXIMUM TEMPERATURE (F)   40        65      1949
 MINIMUM TEMPERATURE (F)    6       -23      1976


SUNRISE AND SUNSET
NOVEMBER 28 2020......SUNRISE   657 AM MST   SUNSET   446 PM MST
NOVEMBER 29 2020......SUNRISE   658 AM MST   SUNSET   446 PM MST


-  INDICATES NEGATIVE NUMBERS.
R  INDICATES RECORD WAS SET OR TIED.
MM INDICATES DATA IS MISSING.
T  INDICATES TRACE AMOUNT.




$$
