000
CDUS45 KPUB 131011
CLIALS

CLIMATE REPORT
NATIONAL WEATHER SERVICE
411 AM MDT SUN JUN 13 2021

...................................

...THE ALAMOSA CO CLIMATE SUMMARY FOR JUNE 12 2021...

CLIMATE NORMAL PERIOD 1991 TO 2020
CLIMATE RECORD PERIOD 1932 TO 2021


WEATHER ITEM   OBSERVED TIME   RECORD YEAR NORMAL DEPARTURE LAST
                VALUE   (LST)  VALUE       VALUE  FROM      YEAR
                                                  NORMAL
...................................................................
TEMPERATURE (F)
 YESTERDAY
  MAXIMUM         89R   317 PM  88    1946  80      9       84
                                      2006
                                      2018
  MINIMUM         38    503 AM  25    2008  40     -2       40
  AVERAGE         64                        60      4       62

PRECIPITATION (IN)
  YESTERDAY        0.00          0.20 1972   0.01  -0.01     0.00
  MONTH TO DATE    0.29                      0.15   0.14     0.17
  SINCE JAN 1      3.06                      2.43   0.63     0.97

SNOWFALL (IN)
  YESTERDAY        0.0           0.0  2002  MM     MM        0.0
  MONTH TO DATE    0.0                       0.0    0.0       T
  SINCE JUL 1     48.5                      MM     MM       16.8
  SNOW DEPTH       0

DEGREE DAYS
 HEATING
  YESTERDAY        1                         5     -4        3
  MONTH TO DATE   52                        82    -30       54
  SINCE JUL 1   7929                      8259   -330     7899

 COOLING
  YESTERDAY        0                         0      0        0
  MONTH TO DATE    2                         0      2        2
  SINCE JAN 1      2                         0      2        2
...................................................................


WIND (MPH)
  HIGHEST WIND SPEED    22   HIGHEST WIND DIRECTION    SW (220)
  HIGHEST GUST SPEED    30   HIGHEST GUST DIRECTION    SW (220)
  AVERAGE WIND SPEED     6.4


SKY COVER
  POSSIBLE SUNSHINE  MM
  AVERAGE SKY COVER 0.0


WEATHER CONDITIONS
THE FOLLOWING WEATHER WAS RECORDED YESTERDAY.
  NO SIGNIFICANT WEATHER WAS OBSERVED.


RELATIVE HUMIDITY (PERCENT)
 HIGHEST    73           500 AM
 LOWEST      7           400 PM
 AVERAGE    40

..........................................................


THE ALAMOSA CO CLIMATE NORMALS FOR TODAY
                         NORMAL    RECORD    YEAR
 MAXIMUM TEMPERATURE (F)   80        88      1946
                                             2013
 MINIMUM TEMPERATURE (F)   40        26      2008


SUNRISE AND SUNSET
JUNE 13 2021..........SUNRISE   542 AM MDT   SUNSET   825 PM MDT
JUNE 14 2021..........SUNRISE   542 AM MDT   SUNSET   826 PM MDT


-  INDICATES NEGATIVE NUMBERS.
R  INDICATES RECORD WAS SET OR TIED.
MM INDICATES DATA IS MISSING.
T  INDICATES TRACE AMOUNT.




$$
