000
CDUS46 KPDT 260842
CLIALW

CLIMATE REPORT
NATIONAL WEATHER SERVICE PENDLETON OR
1242 AM PST THU NOV 26 2020

...................................

...THE WALLA WALLA WA CLIMATE SUMMARY FOR NOVEMBER 25 2020...

CLIMATE NORMAL PERIOD 1981 TO 2010
CLIMATE RECORD PERIOD 1949 TO 2020


WEATHER ITEM   OBSERVED TIME   RECORD YEAR NORMAL DEPARTURE LAST
                VALUE   (LST)  VALUE       VALUE  FROM      YEAR
                                                  NORMAL
...................................................................
TEMPERATURE (F)
 YESTERDAY
  MAXIMUM         44    236 AM  63    1963  44      0       43
  MINIMUM         36    739 AM   5    1993  33      3       34
  AVERAGE         40                        38      2       39

PRECIPITATION (IN)
  YESTERDAY        0.16          0.81 1991   0.09   0.07     0.10
  MONTH TO DATE    2.43                      2.40   0.03     0.57
  SINCE SEP 1      4.59                      4.83  -0.24     3.10
  SINCE JAN 1     15.52                     17.91  -2.39    14.38

DEGREE DAYS
 HEATING
  YESTERDAY       25                        27     -2       26
  MONTH TO DATE  542                       556    -14      613
  SINCE SEP 1    916                      1008    -92     1174
  SINCE JUL 1    918                      1021   -103     1174

 COOLING
  YESTERDAY        0                         0      0        0
  MONTH TO DATE    0                         0      0        0
  SINCE SEP 1    126                        98     28      112
  SINCE JAN 1    904                       850     54      956
...................................................................


WIND (MPH)
  HIGHEST WIND SPEED    23   HIGHEST WIND DIRECTION     S (200)
  HIGHEST GUST SPEED    28   HIGHEST GUST DIRECTION     S (200)
  AVERAGE WIND SPEED    12.0


SKY COVER
  POSSIBLE SUNSHINE  MM
  AVERAGE SKY COVER 0.8


WEATHER CONDITIONS
THE FOLLOWING WEATHER WAS RECORDED YESTERDAY.
  RAIN
  LIGHT RAIN
  FOG


RELATIVE HUMIDITY (PERCENT)
 HIGHEST    86          1200 AM
 LOWEST     67          1100 AM
 AVERAGE    77

..........................................................


THE WALLA WALLA WA CLIMATE NORMALS FOR TODAY
                         NORMAL    RECORD    YEAR
 MAXIMUM TEMPERATURE (F)   44        64      1963
 MINIMUM TEMPERATURE (F)   32         4      1985


SUNRISE AND SUNSET
NOVEMBER 26 2020......SUNRISE   709 AM PST   SUNSET   411 PM PST
NOVEMBER 27 2020......SUNRISE   711 AM PST   SUNSET   411 PM PST


-  INDICATES NEGATIVE NUMBERS.
R  INDICATES RECORD WAS SET OR TIED.
MM INDICATES DATA IS MISSING.
T  INDICATES TRACE AMOUNT.




$$
