212
CDUS44 KAMA 290735
CLIAMA

CLIMATE REPORT
NATIONAL WEATHER SERVICE AMARILLO
135 AM CST SUN NOV 29 2020

...................................

...THE AMARILLO CLIMATE SUMMARY FOR NOVEMBER 28 2020...

CLIMATE NORMAL PERIOD: 1981 TO 2010
CLIMATE RECORD PERIOD: 1892 TO 2020


WEATHER ITEM   OBSERVED TIME   RECORD YEAR NORMAL DEPARTURE LAST
                VALUE   (LST)  VALUE       VALUE  FROM      YEAR
                                                  NORMAL
...................................................................
TEMPERATURE (F)
 YESTERDAY
  MAXIMUM         38   6:07 AM  83    2014  54    -16       35
  MINIMUM         33  11:55 AM   0    1976  27      6       30
  AVERAGE         36                        41     -5       33

PRECIPITATION (IN)
  YESTERDAY        0.22          0.98 1909   0.01   0.21     0.32
  MONTH TO DATE    0.32                      0.76  -0.44     0.86
  SINCE SEP 1      2.38                      4.34  -1.96     7.88
  SINCE JAN 1     12.35                     19.61  -7.26    24.87

SNOWFALL (IN)
  YESTERDAY        0.5           5.4  1909   0.1    0.4       T
  MONTH TO DATE    0.5                       2.3   -1.8       T
  SINCE SEP 1      7.9                       2.5    5.4      5.5
  SINCE JUL 1      7.9                       2.5    5.4      5.5
  SNOW DEPTH       T

DEGREE DAYS
 HEATING
  YESTERDAY       29                        24      5       32
  MONTH TO DATE  348                       514   -166      558
  SINCE SEP 1    713                       793    -80      954
  SINCE JUL 1    713                       794    -81      954

 COOLING
  YESTERDAY        0                         0      0        0
  MONTH TO DATE    8                         0      8        0
  SINCE SEP 1    241                       206     35      379
  SINCE JAN 1   1857                      1398    459     1700
...................................................................


WIND (MPH)
  RESULTANT WIND SPEED   3   RESULTANT WIND DIRECTION  NE (50)
  HIGHEST WIND SPEED    15   HIGHEST WIND DIRECTION    NE (60)
  HIGHEST GUST SPEED    16   HIGHEST GUST DIRECTION    NE (60)
  AVERAGE WIND SPEED     4.3


SKY COVER
  AVERAGE SKY COVER 1.0


WEATHER CONDITIONS
THE FOLLOWING WEATHER WAS RECORDED YESTERDAY.
  LIGHT SNOW
  FOG


RELATIVE HUMIDITY (PERCENT)
 HIGHEST    96           2:00 PM
 LOWEST     62          12:00 AM
 AVERAGE    79

..........................................................


THE AMARILLO CLIMATE NORMALS FOR TODAY
                         NORMAL    RECORD    YEAR
 MAXIMUM TEMPERATURE (F)   54        83      2014
 MINIMUM TEMPERATURE (F)   27         3      1976


SUNRISE AND SUNSET
NOVEMBER 29 2020......SUNRISE   7:36 AM CST   SUNSET   5:35 PM CST
NOVEMBER 30 2020......SUNRISE   7:37 AM CST   SUNSET   5:35 PM CST


-  INDICATES NEGATIVE NUMBERS.
R  INDICATES RECORD WAS SET OR TIED.
MM INDICATES DATA IS MISSING.
T  INDICATES TRACE AMOUNT.




$$
