057
CDUS42 KJAX 282235
CLIAMG

CLIMATE REPORT
NATIONAL WEATHER SERVICE JACKSONVILLE FL
535 PM EST SAT NOV 28 2020

...................................

...THE ALMA CLIMATE SUMMARY FOR NOVEMBER 28 2020...
VALID TODAY AS OF 0500 PM LOCAL TIME.

CLIMATE NORMAL PERIOD: 1981 TO 2010
CLIMATE RECORD PERIOD: 1938 TO 2020


WEATHER ITEM   OBSERVED TIME   RECORD YEAR NORMAL DEPARTURE LAST
                VALUE   (LST)  VALUE       VALUE  FROM      YEAR
                                                  NORMAL
...................................................................
TEMPERATURE (F)
 TODAY
  MAXIMUM         65   3:44 AM  83    1990  68     -3       73
  MINIMUM         58   4:59 PM  18    1956  45     13       47
  AVERAGE         62                        56      6       60

PRECIPITATION (IN)
  TODAY            0.73          1.43 1948   0.09   0.64     0.00
  MONTH TO DATE    1.21                      2.29  -1.08     1.37
  SINCE SEP 1      5.88                      8.96  -3.08     5.05
  SINCE JAN 1     38.86                     43.21  -4.35    30.45

SNOWFALL (IN)
  TODAY            0.0           0.0    MM

DEGREE DAYS
 HEATING
  TODAY            3                         9     -6        5
  MONTH TO DATE   95                       175    -80      277
  SINCE SEP 1    103                       225   -122      287
  SINCE JUL 1    103                       225   -122      287

 COOLING
  TODAY            0                         1     -1        0
  MONTH TO DATE   94                        40     54       13
  SINCE SEP 1    729                       558    171      701
  SINCE JAN 1   2766                      2465    301     2970
...................................................................


WIND (MPH)
  HIGHEST WIND SPEED    15   HIGHEST WIND DIRECTION     N (360)
  HIGHEST GUST SPEED    20   HIGHEST GUST DIRECTION     N (350)
  AVERAGE WIND SPEED     2.9


SKY COVER
  AVERAGE SKY COVER 0.9


WEATHER CONDITIONS
THE FOLLOWING WEATHER WAS RECORDED TODAY.
  HEAVY RAIN
  RAIN
  LIGHT RAIN
  FOG


RELATIVE HUMIDITY (PERCENT)
 HIGHEST    97           6:00 AM
 LOWEST     86           2:00 PM
 AVERAGE    92

..........................................................


THE ALMA CLIMATE NORMALS FOR TOMORROW
                         NORMAL    RECORD    YEAR
 MAXIMUM TEMPERATURE (F)   68        82      2016
 MINIMUM TEMPERATURE (F)   45        22      1938


SUNRISE AND SUNSET
NOVEMBER 28 2020......SUNRISE   7:10 AM EST   SUNSET   5:27 PM EST
NOVEMBER 29 2020......SUNRISE   7:10 AM EST   SUNSET   5:27 PM EST


-  INDICATES NEGATIVE NUMBERS.
R  INDICATES RECORD WAS SET OR TIED.
MM INDICATES DATA IS MISSING.
T  INDICATES TRACE AMOUNT.




$$
