273
CDUS44 KBMX 282226
CLIANB

CLIMATE REPORT
NATIONAL WEATHER SERVICE BIRMINGHAM AL
426 PM CST SAT NOV 28 2020

...................................

...THE ANNISTON CLIMATE SUMMARY FOR NOVEMBER 28 2020...
VALID AS OF 0400 PM LOCAL TIME.

CLIMATE NORMAL PERIOD 1981 TO 2010
CLIMATE RECORD PERIOD 1903 TO 2020


WEATHER ITEM   OBSERVED TIME   RECORD YEAR NORMAL DEPARTURE LAST
                VALUE   (LST)  VALUE       VALUE  FROM      YEAR
                                                  NORMAL
...................................................................
TEMPERATURE (F)
 TODAY
  MAXIMUM         66    153 PM  78    2001  61      5       64
  MINIMUM         54    724 AM  19    2013  39     15       40
  AVERAGE         60

PRECIPITATION (IN)
  TODAY            0.00          3.21 1948   0.17  -0.17     0.00
  MONTH TO DATE    0.02                      4.25  -4.23     3.83
  SINCE SEP 1      2.41                     10.30  -7.89    10.42
  SINCE JAN 1     54.74                     45.22   9.52    49.59

SNOWFALL (IN)
  TODAY            0.0                       0.0    0.0      0.0
  MONTH TO DATE    0.0                       0.0    0.0      0.0
  SINCE SEP 1      0.0                       0.0    0.0      0.0
  SINCE JUL 1      0.0                       0.0    0.0      0.0
  SNOW DEPTH      MM

DEGREE DAYS
 HEATING
  TODAY            5                        16    -11       13
  MONTH TO DATE  195                       323   -128      419
  SINCE SEP 1    259                       465   -206      510
  SINCE JUL 1    259                       465   -206      510
...................................................................


WIND (MPH)
  HIGHEST WIND SPEED    13   HIGHEST WIND DIRECTION     N (360)
  HIGHEST GUST SPEED    16   HIGHEST GUST DIRECTION     N (360)
  AVERAGE WIND SPEED     4.2


SKY COVER
  AVERAGE SKY COVER 0.4


WEATHER CONDITIONS
THE FOLLOWING WEATHER WAS RECORDED TODAY.
  NO SIGNIFICANT WEATHER WAS OBSERVED.


RELATIVE HUMIDITY (PERCENT)
 HIGHEST    93
 LOWEST     50
 AVERAGE    72

..........................................................


THE ANNISTON CLIMATE NORMALS FOR TOMORROW
                         NORMAL    RECORD    YEAR
 MAXIMUM TEMPERATURE (F)   60        78      2001
 MINIMUM TEMPERATURE (F)   38        17      1959


SUNRISE AND SUNSET
NOVEMBER 28 2020......SUNRISE   627 AM CST   SUNSET   435 PM CST
NOVEMBER 29 2020......SUNRISE   628 AM CST   SUNSET   435 PM CST


-  INDICATES NEGATIVE NUMBERS.
R  INDICATES RECORD WAS SET OR TIED.
MM INDICATES DATA IS MISSING.
T  INDICATES TRACE AMOUNT.




$$
