000
CDAK48 PAFC 261357
CLIANC


CLIMATE REPORT
NATIONAL WEATHER SERVICE ANCHORAGE, AK
456 AM AKST THU NOV 26 2020


...................................

...THE ANCHORAGE AK CLIMATE SUMMARY FOR NOVEMBER 25 2020...

CLIMATE NORMAL PERIOD 1981 TO 2010
CLIMATE RECORD PERIOD 1952 TO 2020


WEATHER ITEM   OBSERVED TIME   RECORD YEAR NORMAL DEPARTURE LAST
                VALUE   (LST)  VALUE       VALUE  FROM      YEAR
                                                  NORMAL
..................................................................
TEMPERATURE (F)
 YESTERDAY
  MAXIMUM         36    900 PM  45    2015  26     10       27
                                      1956
  MINIMUM         19    157 AM -15    1994  15      4       12
  AVERAGE         28                        20      8       20

PRECIPITATION (IN)
  YESTERDAY        0.02          0.55 1965   0.04  -0.02
  MONTH TO DATE    1.42                      0.97   0.45
  SINCE SEP 1      4.73                      5.99  -1.26
  SINCE JAN 1     15.59                     15.28   0.31

SNOWFALL (IN)
  YESTERDAY        T             6.7  2010   0.5   -0.5      0.0
  MONTH TO DATE   11.2                      10.4    0.8     10.5
  SINCE SEP 1     12.1                      18.7   -6.6     10.7
  SINCE JUL 1     12.1                      18.7   -6.6     10.7
  SNOW DEPTH       9

DEGREE DAYS
 HEATING
  YESTERDAY       37                               -8
  MONTH TO DATE 1105                               47
  SINCE SEP 1   2383                             -105
  SINCE JUL 1   2685                             -253

 COOLING
  YESTERDAY        0                                0
  MONTH TO DATE    0                                0
  SINCE SEP 1      0                                0
  SINCE JAN 1      3                                1
..................................................................


WIND (MPH)
  HIGHEST WIND SPEED    20   HIGHEST WIND DIRECTION    NW (320)
  HIGHEST GUST SPEED    32   HIGHEST GUST DIRECTION     S (160)
  AVERAGE WIND SPEED     7.8




RELATIVE HUMIDITY (PERCENT)
 HIGHEST    81
 LOWEST     62
 AVERAGE    72

..........................................................


THE ANCHORAGE AK CLIMATE NORMALS FOR TODAY
                         NORMAL    RECORD    YEAR
 MAXIMUM TEMPERATURE (F)   26        54      2002
 MINIMUM TEMPERATURE (F)   15       -13      1961


SUNRISE AND SUNSET
NOVEMBER 26 2020......SUNRISE   936 AM AKST  SUNSET   359 PM AKST
NOVEMBER 27 2020......SUNRISE   938 AM AKST  SUNSET   357 PM AKST


-  INDICATES NEGATIVE NUMBERS.
R  INDICATES RECORD WAS SET OR TIED.
MM INDICATES DATA IS MISSING.
T  INDICATES TRACE AMOUNT.




$$
