462
CDUS43 KAPX 260528
CLIANJ

CLIMATE REPORT
NATIONAL WEATHER SERVICE
1228 AM EST THU NOV 26 2020

...................................

...THE SAULT STE MARIE MI CLIMATE SUMMARY FOR NOVEMBER 25 2020...

CLIMATE NORMAL PERIOD: 1981 TO 2010
CLIMATE RECORD PERIOD: 1888 TO 2020


WEATHER ITEM   OBSERVED TIME   RECORD YEAR NORMAL DEPARTURE LAST
                VALUE   (LST)  VALUE       VALUE  FROM      YEAR
                                                  NORMAL
...................................................................
TEMPERATURE (F)
 YESTERDAY
  MAXIMUM         40   3:55 PM  53          36      4       46
  MINIMUM         32   1:20 AM   0          25      7       29
  AVERAGE         36                        30      6       38

PRECIPITATION (IN)
  YESTERDAY        0.02          0.79        0.11  M0.09     0.11
  MONTH TO DATE    3.73                      2.82   0.91     2.25
  SINCE SEP 1     12.54                     10.44   2.10    14.95
  SINCE JAN 1     39.46                     29.61   9.85    42.05

DEGREE DAYS
 HEATING
  YESTERDAY       29                        35     M6       27
  MONTH TO DATE  588                       747   M159      894
  SINCE SEP 1   1543                      1605    M62     1657
  SINCE JUL 1   1579                      1752   M173     1710

 COOLING
  YESTERDAY        0                         0      0        0
  MONTH TO DATE    1                         0      1        0
  SINCE SEP 1      1                        18    M17       16
  SINCE JAN 1    370                       196    174      222
...................................................................


WIND (MPH)
  HIGHEST WIND SPEED     8   HIGHEST WIND DIRECTION    NE (60)
  HIGHEST GUST SPEED    12   HIGHEST GUST DIRECTION     E (100)
  AVERAGE WIND SPEED     3.7


RELATIVE HUMIDITY (PERCENT)
 HIGHEST    96
 LOWEST     83
 AVERAGE    90

..........................................................


THE SAULT STE MARIE MI CLIMATE NORMALS FOR TODAY
                         NORMAL    RECORD    YEAR
 MAXIMUM TEMPERATURE (F)   36        55      1960
 MINIMUM TEMPERATURE (F)   24        M5      1936


SUNRISE AND SUNSET
NOVEMBER 26 2020......SUNRISE   7:55 AM EST   SUNSET   4:55 PM EST
NOVEMBER 27 2020......SUNRISE   7:56 AM EST   SUNSET   4:54 PM EST


M  INDICATES NEGATIVE NUMBERS.
R  INDICATES RECORD WAS SET OR TIED.
MM INDICATES DATA IS MISSING.
T  INDICATES TRACE AMOUNT.




$$
