000
CDUS41 KCTP 260725
CLIAOO

CLIMATE REPORT
NATIONAL WEATHER SERVICE STATE COLLEGE PA
225 AM EST THU NOV 26 2020

...................................

...THE ALTOONA CLIMATE SUMMARY FOR NOVEMBER 25 2020...

CLIMATE NORMAL PERIOD 1981 TO 2010
CLIMATE RECORD PERIOD 1948 TO 2020


WEATHER ITEM   OBSERVED TIME   RECORD YEAR NORMAL DEPARTURE LAST
                VALUE   (LST)  VALUE       VALUE  FROM      YEAR
                                                  NORMAL
...................................................................
TEMPERATURE (F)
 YESTERDAY
  MAXIMUM         50   1159 PM  66    1973  45      5       54
  MINIMUM         36    708 AM   7    1950  31      5       37
  AVERAGE         43                        38      5       46

PRECIPITATION (IN)
  YESTERDAY        0.13          3.56 1950   0.10   0.03     0.00
  MONTH TO DATE    2.00                      2.69  -0.69     0.46
  SINCE SEP 1      8.94                      8.75   0.19     6.52
  SINCE JAN 1     32.19                     32.68  -0.49    36.21

DEGREE DAYS
 HEATING
  YESTERDAY       22                        27     -5       19
  MONTH TO DATE  440                       562   -122      679
  SINCE SEP 1    918                      1145   -227     1040
  SINCE JUL 1    920                      1177   -257     1049

 COOLING
  YESTERDAY        0                         0      0        0
  MONTH TO DATE    0                         0      0        0
  SINCE SEP 1     61                        52      9      118
  SINCE JAN 1    847                       531    316      763
...................................................................


WIND (MPH)
  HIGHEST WIND SPEED    16   HIGHEST WIND DIRECTION     S (180)
  HIGHEST GUST SPEED    20   HIGHEST GUST DIRECTION     S (190)
  AVERAGE WIND SPEED     6.4


SKY COVER
  POSSIBLE SUNSHINE  MM
  AVERAGE SKY COVER 0.5


WEATHER CONDITIONS
THE FOLLOWING WEATHER WAS RECORDED YESTERDAY.
  LIGHT RAIN
  FOG


RELATIVE HUMIDITY (PERCENT)
 HIGHEST    86          1100 PM
 LOWEST     52           300 PM
 AVERAGE    69

..........................................................


THE ALTOONA CLIMATE NORMALS FOR TODAY
                         NORMAL    RECORD    YEAR
 MAXIMUM TEMPERATURE (F)   45        64      1979
 MINIMUM TEMPERATURE (F)   30         7      1950


SUNRISE AND SUNSET
NOVEMBER 26 2020......SUNRISE   712 AM EST   SUNSET   449 PM EST
NOVEMBER 27 2020......SUNRISE   713 AM EST   SUNSET   449 PM EST


-  INDICATES NEGATIVE NUMBERS.
R  INDICATES RECORD WAS SET OR TIED.
MM INDICATES DATA IS MISSING.
T  INDICATES TRACE AMOUNT.




$$
