000
CDUS45 KBOU 260733
CLIAPA

CLIMATE REPORT
NATIONAL WEATHER SERVICE
1233 AM MST THU NOV 26 2020

...................................

...THE CENTENNIAL CO CLIMATE SUMMARY FOR NOVEMBER 25 2020...

CLIMATE NORMAL PERIOD 1981 TO 2010
CLIMATE RECORD PERIOD 9999 TO 9999


WEATHER ITEM   OBSERVED RECORD YEAR NORMAL DEPARTURE LAST
                VALUE   VALUE       VALUE  FROM      YEAR
                                           NORMAL
............................................................
TEMPERATURE (F)
 YESTERDAY
  MAXIMUM         50     MM      MM  47      3       44
  MINIMUM         21     MM      MM  21      0       28
  AVERAGE         36                 34      2       36

PRECIPITATION (IN)
  YESTERDAY        0.00  MM      MM   0.02  -0.02     0.10
  MONTH TO DATE    0.42               0.86  -0.44     0.35
  SINCE OCT 1      0.57               2.10  -1.53     0.99
  SINCE JAN 1      6.81              16.62  -9.81    11.86

SNOWFALL (IN)
  YESTERDAY       MM
  SNOW DEPTH      MM

DEGREE DAYS
 HEATING
  YESTERDAY       29
  MONTH TO DATE  455

 COOLING
  YESTERDAY        0
  MONTH TO DATE    0
............................................................


WIND (MPH)
  RESULTANT WIND SPEED   5   RESULTANT WIND DIRECTION   S (160)
  HIGHEST WIND SPEED    13   HIGHEST WIND DIRECTION     S (170)
  HIGHEST GUST SPEED    16   HIGHEST GUST DIRECTION     S (180)


SKY COVER
  POSSIBLE SUNSHINE  MM
  AVERAGE SKY COVER 0.0


WEATHER CONDITIONS
THE FOLLOWING WEATHER WAS RECORDED YESTERDAY.
  NO SIGNIFICANT WEATHER WAS OBSERVED.


RELATIVE HUMIDITY (PERCENT)
 HIGHEST    74
 LOWEST     35
 AVERAGE    55

..........................................................


THE CENTENNIAL CO CLIMATE NORMALS FOR TODAY
                         NORMAL    RECORD    YEAR
 MAXIMUM TEMPERATURE (F)   47        MM        MM
 MINIMUM TEMPERATURE (F)   20        MM        MM


SUNRISE AND SUNSET
NOVEMBER 26 2020......SUNRISE   656 AM MST   SUNSET   437 PM MST
NOVEMBER 27 2020......SUNRISE   657 AM MST   SUNSET   437 PM MST


-  INDICATES NEGATIVE NUMBERS.
R  INDICATES RECORD WAS SET OR TIED.
MM INDICATES DATA IS MISSING.
T  INDICATES TRACE AMOUNT.




$$
