000
CDUS42 KMFL 260921
CLIAPF


CLIMATE REPORT
NATIONAL WEATHER SERVICE MIAMI, FL
421 AM EST THU NOV 26 2020


...................................

...THE NAPLES CLIMATE SUMMARY FOR NOVEMBER 25 2020...

CLIMATE NORMAL PERIOD 1981 TO 2010
CLIMATE RECORD PERIOD 1942 TO 2020


WEATHER ITEM   OBSERVED TIME   RECORD YEAR NORMAL DEPARTURE LAST
                VALUE   (LST)  VALUE       VALUE  FROM      YEAR
                                                  NORMAL
..................................................................
TEMPERATURE (F)
 YESTERDAY
  MAXIMUM         79   1127 AM  89    1946  79      0       77
  MINIMUM         66   1243 AM  31    1970  61      5       57
  AVERAGE         73                        70      3       67

PRECIPITATION (IN)
  YESTERDAY        0.00          0.76 2009   0.04  -0.04     0.00
  MONTH TO DATE    2.66                      1.74   0.92     1.70
  SINCE NOV 1      2.66                      1.74   0.92     1.70
  SINCE JAN 1     40.81                     50.14  -9.33    47.74

SNOWFALL (IN)
  YESTERDAY        0.0
  MONTH TO DATE    0.0
  SINCE SEP 1      0.0
  SINCE JUL 1      0.0
  SNOW DEPTH       0

DEGREE DAYS
 HEATING
  YESTERDAY        0                         1     -1        0
  MONTH TO DATE    0                         6     -6        6
  SINCE SEP 1      0                         7     -7        6
  SINCE JUL 1      0                         7     -7        6

 COOLING
  YESTERDAY        8                         6      2        2
  MONTH TO DATE  305                       196    109      240
  SINCE SEP 1   1361                      1134    227     1433
  SINCE JAN 1   4757                      3791    966     4556
..................................................................


WIND (MPH)
  HIGHEST WIND SPEED    20   HIGHEST WIND DIRECTION     E (90)
  HIGHEST GUST SPEED    23   HIGHEST GUST DIRECTION     E (100)
  AVERAGE WIND SPEED     8.3


SKY COVER
  AVERAGE SKY COVER 0.5


WEATHER CONDITIONS
 THE FOLLOWING WEATHER WAS RECORDED YESTERDAY.
  NO SIGNIFICANT WEATHER WAS OBSERVED.


RELATIVE HUMIDITY (PERCENT)
 HIGHEST    93
 LOWEST     71
 AVERAGE    82

..........................................................


THE NAPLES CLIMATE NORMALS FOR TODAY
                         NORMAL    RECORD    YEAR
 MAXIMUM TEMPERATURE (F)   79        90      1948
 MINIMUM TEMPERATURE (F)   61        45      1975
                                             1966


SUNRISE AND SUNSET
NOVEMBER 26 2020......SUNRISE   654 AM EST   SUNSET   535 PM EST
NOVEMBER 27 2020......SUNRISE   655 AM EST   SUNSET   535 PM EST


-  INDICATES NEGATIVE NUMBERS.
R  INDICATES RECORD WAS SET OR TIED.
MM INDICATES DATA IS MISSING.
T  INDICATES TRACE AMOUNT.




$$
