780
CDUS43 KAPX 290636
CLIAPN

CLIMATE REPORT
NATIONAL WEATHER SERVICE
136 AM EST SUN NOV 29 2020

...................................

...THE ALPENA MI CLIMATE SUMMARY FOR NOVEMBER 28 2020...

CLIMATE NORMAL PERIOD: 1981 TO 2010
CLIMATE RECORD PERIOD: 1916 TO 2020


WEATHER ITEM   OBSERVED TIME   RECORD YEAR NORMAL DEPARTURE LAST
                VALUE   (LST)  VALUE       VALUE  FROM      YEAR
                                                  NORMAL
...................................................................
TEMPERATURE (F)
 YESTERDAY
  MAXIMUM         50   4:25 PM  60          38     12       34
  MINIMUM         25   7:48 AM  M2          25      0       29
  AVERAGE         38                        31      7       32

PRECIPITATION (IN)
  YESTERDAY        0.00          1.00        0.07  M0.07      T
  MONTH TO DATE    1.34                      1.97  M0.63     2.65
  SINCE SEP 1      7.21                      7.50  M0.29    11.56
  SINCE JAN 1     32.71                     26.28   6.43    33.38

DEGREE DAYS
 HEATING
  YESTERDAY       27                        34     M7       33
  MONTH TO DATE  606                       810   M204      928
  SINCE SEP 1   1505                      1639   M134     1668
  SINCE JUL 1   1532                      1754   M222     1728

 COOLING
  YESTERDAY        0                         0      0        0
  MONTH TO DATE    1                         0      1        0
  SINCE SEP 1      9                        25    M16       26
  SINCE JAN 1    470                       291    179      305
...................................................................


WIND (MPH)
  HIGHEST WIND SPEED    18   HIGHEST WIND DIRECTION    SW (230)
  HIGHEST GUST SPEED    29   HIGHEST GUST DIRECTION    SW (240)
  AVERAGE WIND SPEED     8.1


RELATIVE HUMIDITY (PERCENT)
 HIGHEST    85
 LOWEST     39
 AVERAGE    62

..........................................................


THE ALPENA MI CLIMATE NORMALS FOR TODAY
                         NORMAL    RECORD    YEAR
 MAXIMUM TEMPERATURE (F)   37        61      1998
                                             2006
 MINIMUM TEMPERATURE (F)   24        M6      1995


SUNRISE AND SUNSET
NOVEMBER 29 2020......SUNRISE   7:51 AM EST   SUNSET   4:55 PM EST
NOVEMBER 30 2020......SUNRISE   7:52 AM EST   SUNSET   4:54 PM EST


M  INDICATES NEGATIVE NUMBERS.
R  INDICATES RECORD WAS SET OR TIED.
MM INDICATES DATA IS MISSING.
T  INDICATES TRACE AMOUNT.




$$
