000
CDUS44 KLCH 280825
CLIARA


CLIMATE REPORT
NATIONAL WEATHER SERVICE LAKE CHARLES, LA
224 AM CST SAT NOV 28 2020


...................................

...THE NEW IBERIA CLIMATE SUMMARY FOR NOVEMBER 27 2020...

CLIMATE NORMAL PERIOD 1981 TO 2010
CLIMATE RECORD PERIOD 1948 TO 2020


WEATHER ITEM   OBSERVED TIME   RECORD YEAR NORMAL DEPARTURE LAST
                VALUE   (LST)  VALUE       VALUE  FROM      YEAR
                                                  NORMAL
..................................................................
TEMPERATURE (F)
 YESTERDAY
  MAXIMUM         77    205 PM  84    1973  69      8       74
  MINIMUM         66   1159 PM  26    1956  47     19       60
  AVERAGE         72                        58     14       67

PRECIPITATION (IN)
  YESTERDAY        1.37          4.37 2003   0.19   1.18     0.12
  MONTH TO DATE    3.68                      3.65   0.03     0.77
  SINCE SEP 1     14.90                     13.24   1.66     8.49
  SINCE JAN 1     55.91                     54.09   1.82    50.81

SNOWFALL (IN)
  YESTERDAY        0.0           0.0    MM  MM               0.0
  MONTH TO DATE    0.0                      MM               0.0
  SINCE SEP 1      0.0                      MM               0.0
  SINCE JUL 1      0.0                      MM               0.0

DEGREE DAYS
 HEATING
  YESTERDAY        0                         8     -8        0
  MONTH TO DATE   45                       135    -90      242
  SINCE SEP 1     64                       169   -105      276
  SINCE JUL 1     64                       169   -105      276

 COOLING
  YESTERDAY        7                         1      6        2
  MONTH TO DATE   80                        40     40       28
  SINCE SEP 1    751                       642    109      821
  SINCE JAN 1   3168                      2785    383     3069
..................................................................


WIND (MPH)
  RESULTANT WIND SPEED   5   RESULTANT WIND DIRECTION   S (160)
  HIGHEST WIND SPEED    17   HIGHEST WIND DIRECTION    NW (330)
  HIGHEST GUST SPEED    25   HIGHEST GUST DIRECTION     N (350)
  AVERAGE WIND SPEED     7.2


SKY COVER
  POSSIBLE SUNSHINE  MM
  AVERAGE SKY COVER 0.9


WEATHER CONDITIONS
 THE FOLLOWING WEATHER WAS RECORDED YESTERDAY.
  THUNDERSTORM
  HEAVY RAIN
  RAIN
  LIGHT RAIN
  FOG
  FOG W/VISIBILITY <= 1/4 MILE


RELATIVE HUMIDITY (PERCENT)
 HIGHEST   100           300 AM
 LOWEST     82           200 PM
 AVERAGE    91

..........................................................


THE NEW IBERIA CLIMATE NORMALS FOR TODAY
                         NORMAL    RECORD    YEAR
 MAXIMUM TEMPERATURE (F)   68        83      1960
 MINIMUM TEMPERATURE (F)   47        30      2013
                                             1993
                                             1956


SUNRISE AND SUNSET
NOVEMBER 28 2020......SUNRISE   644 AM CST   SUNSET   507 PM CST
NOVEMBER 29 2020......SUNRISE   645 AM CST   SUNSET   507 PM CST


-  INDICATES NEGATIVE NUMBERS.
R  INDICATES RECORD WAS SET OR TIED.
MM INDICATES DATA IS MISSING.
T  INDICATES TRACE AMOUNT.




$$
