000
CDUS41 KBUF 260811
CLIART


CLIMATE REPORT
NATIONAL WEATHER SERVICE BUFFALO NY
310 AM EST THU NOV 26 2020


...................................

...THE WATERTOWN NY CLIMATE SUMMARY FOR NOVEMBER 25 2020...

CLIMATE NORMAL PERIOD 1981 TO 2010
CLIMATE RECORD PERIOD 1949 TO 2020


WEATHER ITEM   OBSERVED TIME   RECORD YEAR NORMAL DEPARTURE LAST
                VALUE   (LST)  VALUE       VALUE  FROM      YEAR
                                                  NORMAL
..................................................................
TEMPERATURE (F)
 YESTERDAY
  MAXIMUM         48    723 PM  64    2001  43      5       48
  MINIMUM         27   1206 AM   7    2013  27      0       32
  AVERAGE         38                        35      3       40

PRECIPITATION (IN)
  YESTERDAY        0.23          1.02 1987   0.12   0.11      T
  MONTH TO DATE    1.75                      3.14  -1.39     1.92
  SINCE SEP 1      8.24                     10.51  -2.27    13.10
  SINCE JAN 1     27.35                     32.31  -4.96    41.19

DEGREE DAYS
 HEATING
  YESTERDAY       27                        30     -3       25
  MONTH TO DATE  529                       644   -115      815
  SINCE SEP 1   1239                      1368   -129     1427
  SINCE JUL 1   1271                      1440   -169     1456

 COOLING
  YESTERDAY        0                         0      0        0
  MONTH TO DATE    2                         0      2        0
  SINCE SEP 1     46                        38      8       27
  SINCE JAN 1    647                       362    285      348
..................................................................


WIND (MPH)
  HIGHEST WIND SPEED    16   HIGHEST WIND DIRECTION     S (190)
  HIGHEST GUST SPEED    25   HIGHEST GUST DIRECTION     S (160)
  AVERAGE WIND SPEED     7.1


SKY COVER
  AVERAGE SKY COVER 0.9


WEATHER CONDITIONS
 THE FOLLOWING WEATHER WAS RECORDED YESTERDAY.
  RAIN
  LIGHT RAIN
  LIGHT SNOW
  FOG


RELATIVE HUMIDITY (PERCENT)
 HIGHEST    92           900 PM
 LOWEST     50           200 PM
 AVERAGE    71

..........................................................


THE WATERTOWN NY CLIMATE NORMALS FOR TODAY
                         NORMAL    RECORD    YEAR
 MAXIMUM TEMPERATURE (F)   43        65      1979
 MINIMUM TEMPERATURE (F)   26         2      1949


SUNRISE AND SUNSET
NOVEMBER 26 2020......SUNRISE   714 AM EST   SUNSET   429 PM EST
NOVEMBER 27 2020......SUNRISE   715 AM EST   SUNSET   429 PM EST


-  INDICATES NEGATIVE NUMBERS.
R  INDICATES RECORD WAS SET OR TIED.
MM INDICATES DATA IS MISSING.
T  INDICATES TRACE AMOUNT.




$$
