241
CDUS45 KGJT 260743
CLIASE

CLIMATE REPORT
NATIONAL WEATHER SERVICE GRAND JUNCTION CO
1243 AM MST THU NOV 26 2020

...................................

...THE ASPEN CO CLIMATE SUMMARY FOR NOVEMBER 25 2020...

CLIMATE NORMAL PERIOD 1981 TO 2010
CLIMATE RECORD PERIOD 9999 TO 9999


WEATHER ITEM   OBSERVED TIME   RECORD YEAR NORMAL DEPARTURE LAST
                VALUE   (LST)  VALUE       VALUE  FROM      YEAR
                                                  NORMAL
...................................................................
TEMPERATURE (F)
 YESTERDAY
  MAXIMUM         37    210 PM  MM      MM  37      0       41
  MINIMUM          8    738 AM  MM      MM  13     -5       13
  AVERAGE         23                        25     -2       27

PRECIPITATION (IN)
  YESTERDAY        0.00         MM      MM   0.04  -0.04     0.01
  MONTH TO DATE    0.74                      1.20  -0.46     0.90
  SINCE SEP 1      1.44                      4.49  -3.05     2.60
  SINCE JAN 1      8.48                     15.95  -7.47    14.55

SNOWFALL (IN)
  YESTERDAY       MM            MM      MM  MM     MM       MM
  MONTH TO DATE   MM                        MM     MM       MM
  SINCE SEP 1     MM                        MM     MM       MM
  SINCE JUL 1     MM                        MM     MM       MM
  SNOW DEPTH      MM

DEGREE DAYS
 HEATING
  YESTERDAY       42                        40      2       38
  MONTH TO DATE  717                       864   -147      756
  SINCE SEP 1   1585                      1923   -338     1774
  SINCE JUL 1   1619                      2119   -500     1815

 COOLING
  YESTERDAY        0                         0      0        0
  MONTH TO DATE    0                         0      0        0
  SINCE SEP 1      6                         0      6       20
  SINCE JAN 1    135                        39     96      111
...................................................................


WIND (MPH)
  HIGHEST WIND SPEED    12   HIGHEST WIND DIRECTION    SW (220)
  HIGHEST GUST SPEED    14   HIGHEST GUST DIRECTION    SW (220)
  AVERAGE WIND SPEED     4.6


SKY COVER
  POSSIBLE SUNSHINE  MM
  AVERAGE SKY COVER 0.0


WEATHER CONDITIONS
THE FOLLOWING WEATHER WAS RECORDED YESTERDAY.
  NO SIGNIFICANT WEATHER WAS OBSERVED.


RELATIVE HUMIDITY (PERCENT)
 HIGHEST    78           700 PM
 LOWEST     37           200 PM
 AVERAGE    58

..........................................................


THE ASPEN CO CLIMATE NORMALS FOR TODAY
                         NORMAL    RECORD    YEAR
 MAXIMUM TEMPERATURE (F)   36        MM        MM
 MINIMUM TEMPERATURE (F)   13        MM        MM


SUNRISE AND SUNSET
NOVEMBER 26 2020......SUNRISE   703 AM MST   SUNSET   446 PM MST
NOVEMBER 27 2020......SUNRISE   704 AM MST   SUNSET   446 PM MST


-  INDICATES NEGATIVE NUMBERS.
R  INDICATES RECORD WAS SET OR TIED.
MM INDICATES DATA IS MISSING.
T  INDICATES TRACE AMOUNT.




$$
