000
CDAK47 PAJK 041350
CLIASI
NATIONAL WEATHER SERVICE JUNEAU AK
235 AM AKST FRI DEC 04 2020

...................................

...THE SITKA CLIMATE SUMMARY FOR DECEMBER 3 2020...

CLIMATE NORMAL PERIOD: 1981 TO 2010
CLIMATE RECORD PERIOD: 1944 TO 2020


WEATHER ITEM   OBSERVED RECORD YEAR NORMAL DEPARTURE LAST
                VALUE   VALUE       VALUE  FROM      YEAR
                                           NORMAL
............................................................
TEMPERATURE (F)
 YESTERDAY
  MAXIMUM         48     52    1989  42      6       44
  MINIMUM         43      1    1970  33     10       34
  AVERAGE         46                 38      8       39

PRECIPITATION (IN)
  YESTERDAY        0.36   1.73 1955   0.30   0.06     0.42
  MONTH TO DATE    2.99               0.91   2.08     1.81
  SINCE JAN 1     87.11              78.87   8.24    69.40

DEGREE DAYS
 HEATING
  YESTERDAY       19                 28     -9       26
  MONTH TO DATE   49                 82    -33       68
  SINCE DEC 1     49                 82    -33       68
............................................................


WIND (MPH)
  HIGHEST WIND SPEED    18   HIGHEST WIND DIRECTION     S (180)
  HIGHEST GUST SPEED    24   HIGHEST GUST DIRECTION     S (200)
  AVERAGE WIND SPEED     4.8


SKY COVER
  AVERAGE SKY COVER 1.0


WEATHER CONDITIONS
THE FOLLOWING WEATHER WAS RECORDED YESTERDAY.
  RAIN
  LIGHT RAIN
  FOG
  HAZE

..........................................................


THE SITKA CLIMATE NORMALS FOR TODAY
                         NORMAL    RECORD    YEAR
 MAXIMUM TEMPERATURE (F)   42        52      1989
 MINIMUM TEMPERATURE (F)   33         5      1970


SUNRISE AND SUNSET
DECEMBER  4 2020......SUNRISE   8:21 AM AKST  SUNSET   3:22 PM AKST
DECEMBER  5 2020......SUNRISE   8:23 AM AKST  SUNSET   3:22 PM AKST


-  INDICATES NEGATIVE NUMBERS.
R  INDICATES RECORD WAS SET OR TIED.
MM INDICATES DATA IS MISSING.
T  INDICATES TRACE AMOUNT.




$$

--------------------------------------------------------------

AMOUNT OF DAYLIGHT TODAY (HOUR:MIN)......... 7 HOURS 01 MINUTES
GAIN/LOSS SINCE YESTERDAY (HOUR:MIN:SEC).... -0:02:20

$$
