000
CDUS46 KPQR 261142
CLIAST


CLIMATE REPORT
NATIONAL WEATHER SERVICE PORTLAND OREGON
341 AM PST THU NOV 26 2020


...................................

...THE ASTORIA OR CLIMATE SUMMARY FOR NOVEMBER 25 2020...

CLIMATE NORMAL PERIOD 1981 TO 2010
CLIMATE RECORD PERIOD 1892 TO 2020


WEATHER ITEM   OBSERVED TIME   RECORD YEAR NORMAL DEPARTURE LAST
                VALUE   (LST)  VALUE       VALUE  FROM      YEAR
                                                  NORMAL
..................................................................
TEMPERATURE (F)
 YESTERDAY
  MAXIMUM         51   1133 AM  63    2017  51      0       50
  MINIMUM         39    730 AM  25    1985  39      0       39
  AVERAGE         45                        45      0       45

PRECIPITATION (IN)
  YESTERDAY        0.16          5.56 1998   0.40  -0.24     0.13
  MONTH TO DATE    9.53                      9.16   0.37     2.17
  SINCE OCT 1     14.05                     15.14  -1.09     9.13
  SINCE JAN 1     55.92                     55.38   0.54    40.93

DEGREE DAYS
 HEATING
  YESTERDAY       20                        20      0       20
  MONTH TO DATE  462                       442     20      421
  SINCE SEP 1    940                      1028    -88     1038
  SINCE JUL 1   1193                      1309   -116     1176

 COOLING
  YESTERDAY        0                         0      0        0
  MONTH TO DATE    0                         0      0        0
  SINCE SEP 1     31                         5     26        1
  SINCE JAN 1     41                        12     29       23
..................................................................


WIND (MPH)
  HIGHEST WIND SPEED    24   HIGHEST WIND DIRECTION     W (290)
  HIGHEST GUST SPEED    29   HIGHEST GUST DIRECTION    NW (300)
  AVERAGE WIND SPEED     6.7


SKY COVER
  POSSIBLE SUNSHINE  MM
  AVERAGE SKY COVER 0.8


WEATHER CONDITIONS
 THE FOLLOWING WEATHER WAS RECORDED YESTERDAY.
  RAIN
  LIGHT RAIN
  FOG
  HAZE


RELATIVE HUMIDITY (PERCENT)
 HIGHEST   100           100 AM
 LOWEST     74          1200 PM
 AVERAGE    87

..........................................................


THE ASTORIA OR CLIMATE NORMALS FOR TODAY
                         NORMAL    RECORD    YEAR
 MAXIMUM TEMPERATURE (F)   51        62      2017
 MINIMUM TEMPERATURE (F)   38        24      1896


SUNRISE AND SUNSET
NOVEMBER 26 2020......SUNRISE   732 AM PST   SUNSET   434 PM PST
NOVEMBER 27 2020......SUNRISE   733 AM PST   SUNSET   433 PM PST


-  INDICATES NEGATIVE NUMBERS.
R  INDICATES RECORD WAS SET OR TIED.
MM INDICATES DATA IS MISSING.
T  INDICATES TRACE AMOUNT.




$$
